{"id":566,"date":"2016-07-20T18:39:33","date_gmt":"2016-07-20T16:39:33","guid":{"rendered":"http:\/\/agora.xtec.cat\/ieslabisbal\/?page_id=566"},"modified":"2024-07-08T12:22:10","modified_gmt":"2024-07-08T10:22:10","slug":"batxillerat","status":"publish","type":"page","link":"https:\/\/agora.xtec.cat\/ieslabisbal\/estudis\/batxillerat\/","title":{"rendered":"Batxillerat"},"content":{"rendered":"<p style=\"text-align: justify;\"><strong>Qu\u00e8 \u00e9s<\/strong><br \/>\nEl Batxillerat forma part de l&#8217;educaci\u00f3 secund\u00e0ria postobligat\u00f2ria i est\u00e0 constitu\u00eft per uns estudis polivalents, integradors, flexibles i amb una dimensi\u00f3 orientadora.<br \/>\nEl Batxillerat prepara l&#8217;alumnat per a la seva incorporaci\u00f3 a estudis posteriors, tant professionals com universitaris, i per a l&#8217;acc\u00e9s al m\u00f3n laboral.<br \/>\nAquesta etapa de formaci\u00f3 acad\u00e8mica es distribueix en dos cursos, amb una c\u00e0rrega lectiva de 30 hores setmanals.<br \/>\n<strong>Organitzaci\u00f3<\/strong><br \/>\nEl batxillerat s&#8217;organitza en tres modalitats: Arts, Ci\u00e8ncies i tecnologia i Humanitats i Ci\u00e8ncies Socials.<br \/>\nEn el nostre centre, cada una d&#8217;elles s&#8217;organitza en dues vies. O sigui, oferim 6 tipus de batxillerat en total:<\/p>\n<ol>\n<li style=\"list-style-type: none;\">\n<ol>\n<li style=\"text-align: justify;\">Arts pl\u00e0stiques 4 Cient\u00edfic tecnol\u00f2gic<\/li>\n<li style=\"text-align: justify;\">Cient\u00edfic biosanitari<\/li>\n<li style=\"text-align: justify;\">Social<\/li>\n<li style=\"text-align: justify;\">Cient\u00edfic tecnol\u00f2gic<\/li>\n<li style=\"text-align: justify;\">Human\u00edstic<\/li>\n<li>Musical i arts esc\u00e8niques<\/li>\n<\/ol>\n<\/li>\n<\/ol>\n","protected":false},"excerpt":{"rendered":"<p>Qu\u00e8 \u00e9s<br \/>\nEl Batxillerat forma part de l&#8217;educaci\u00f3 secund\u00e0ria postobligat\u00f2ria i est\u00e0 constitu\u00eft per uns estudis polivalents, integradors, flexibles i amb una dimensi\u00f3 orientadora.<br \/>\nEl Batxillerat prepara l&#8217;alumnat per a la seva incorporaci\u00f3 a estudis posteriors, tant professionals com universitaris, i per a l&#8217;acc\u00e9s al m\u00f3n laboral.<br \/>\nAquesta&hellip;  <a href=\"https:\/\/agora.xtec.cat\/ieslabisbal\/estudis\/batxillerat\/\" title=\"Read Batxillerat\">Llegeix m\u00e9s\u00bb<\/a><\/p>\n","protected":false},"author":1,"featured_media":0,"parent":195,"menu_order":0,"comment_status":"closed","ping_status":"closed","template":"page-templates\/side-menu.php","meta":{"_bbp_topic_count":0,"_bbp_reply_count":0,"_bbp_total_topic_count":0,"_bbp_total_reply_count":0,"_bbp_voice_count":0,"_bbp_anonymous_reply_count":0,"_bbp_topic_count_hidden":0,"_bbp_reply_count_hidden":0,"_bbp_forum_subforum_count":0,"footnotes":""},"class_list":["post-566","page","type-page","status-publish","hentry"],"post_mailing_queue_ids":[],"_links":{"self":[{"href":"https:\/\/agora.xtec.cat\/ieslabisbal\/wp-json\/wp\/v2\/pages\/566","targetHints":{"allow":["GET"]}}],"collection":[{"href":"https:\/\/agora.xtec.cat\/ieslabisbal\/wp-json\/wp\/v2\/pages"}],"about":[{"href":"https:\/\/agora.xtec.cat\/ieslabisbal\/wp-json\/wp\/v2\/types\/page"}],"author":[{"embeddable":true,"href":"https:\/\/agora.xtec.cat\/ieslabisbal\/wp-json\/wp\/v2\/users\/1"}],"replies":[{"embeddable":true,"href":"https:\/\/agora.xtec.cat\/ieslabisbal\/wp-json\/wp\/v2\/comments?post=566"}],"version-history":[{"count":2,"href":"https:\/\/agora.xtec.cat\/ieslabisbal\/wp-json\/wp\/v2\/pages\/566\/revisions"}],"predecessor-version":[{"id":9179,"href":"https:\/\/agora.xtec.cat\/ieslabisbal\/wp-json\/wp\/v2\/pages\/566\/revisions\/9179"}],"up":[{"embeddable":true,"href":"https:\/\/agora.xtec.cat\/ieslabisbal\/wp-json\/wp\/v2\/pages\/195"}],"wp:attachment":[{"href":"https:\/\/agora.xtec.cat\/ieslabisbal\/wp-json\/wp\/v2\/media?parent=566"}],"curies":[{"name":"wp","href":"https:\/\/api.w.org\/{rel}","templated":true}]}}