{"id":10655,"date":"2025-07-10T13:05:46","date_gmt":"2025-07-10T11:05:46","guid":{"rendered":"https:\/\/agora.xtec.cat\/ieslabisbal\/?page_id=10655"},"modified":"2025-07-29T09:14:35","modified_gmt":"2025-07-29T07:14:35","slug":"publicacions-llistes-2","status":"publish","type":"page","link":"https:\/\/agora.xtec.cat\/ieslabisbal\/publicacions-llistes-2\/","title":{"rendered":"PUBLICACIONS LLISTES"},"content":{"rendered":"<p>Integraci\u00f3 Social<\/p>\n<p><a href=\"https:\/\/agora.xtec.cat\/ieslabisbal\/wp-content\/uploads\/usu1415\/2025\/07\/Tanda-3_GS_Assignats.pdf\"><strong>29\/07\/2025: Alumnes assignats al centre en tercera<\/strong><\/a><\/p>\n<p><a href=\"https:\/\/agora.xtec.cat\/ieslabisbal\/wp-content\/uploads\/usu1415\/2025\/07\/Tanda-3_preinscrits_GS.pdf\"><strong>29\/07\/2025: Alumnes preinscrits al centre<\/strong><\/a><\/p>\n<p><a href=\"https:\/\/agora.xtec.cat\/ieslabisbal\/wp-content\/uploads\/usu1415\/2025\/07\/INFORME_ASSIGNADES_INFORME_ASSIGNADES-2.pdf\">18\/07\/2025: Alumnes assignats al centre en segona tanda a 17\/07\/2025<\/a><\/p>\n<p><a href=\"https:\/\/agora.xtec.cat\/ieslabisbal\/wp-content\/uploads\/usu1415\/2025\/07\/INFORME_PREINSCRITES_OME_INFORME_PREINSCRITES_OME-2.pdf\">18\/07\/2025: Alumnes preinscrits al centre amb indicaci\u00f3 de l&#8217;assignaci\u00f3 i l&#8217;ordre de petici\u00f3 de la segona tanda<\/a><\/p>\n<p><a href=\"https:\/\/agora.xtec.cat\/ieslabisbal\/wp-content\/uploads\/usu1415\/2025\/07\/INFORME_ASSIGNADES_INFORME_ASSIGNADES-superior.pdf\">10\/07\/2025: Alumnes assignats al centre en primera tanda<\/a><\/p>\n<p><a href=\"https:\/\/agora.xtec.cat\/ieslabisbal\/wp-content\/uploads\/usu1415\/2025\/07\/INFORME_PREINSCRITES_OME_INFORME_PREINSCRITES_OME-superior.pdf\">10\/07\/2025: Alumnes preinscrits al centre amb indicaci\u00f3 de l&#8217;assignaci\u00f3 i l&#8217;ordre de petici\u00f3 de la primera tanda<\/a><\/p>\n<p><a href=\"https:\/\/agora.xtec.cat\/ieslabisbal\/wp-content\/uploads\/usu1415\/2025\/07\/INFORME_BAREM_RESOLTES_BAREM_-grau-superior.pdf\">07\/07\/2025: Publicaci\u00f3 de la llista de sol\u00b7licituds que han demanat el centre i l&#8217;ensenyament en primera petici\u00f3 amb la puntuaci\u00f3 resoltes les reclamacions<\/a><\/p>\n<p><a href=\"https:\/\/agora.xtec.cat\/ieslabisbal\/wp-content\/uploads\/usu1415\/2025\/07\/INFORME_BAREM_RESOLTES_BAREM_-grau-superior.pdf\">27\/06\/2025: Publicaci\u00f3 de la llista de sol\u00b7licituds que han demanat el centre i l&#8217;ensenyament en primera petici\u00f3 amb la puntuaci\u00f3 provisional<\/a><\/p>\n<p>Art Floral<\/p>\n<p><a href=\"https:\/\/agora.xtec.cat\/ieslabisbal\/wp-content\/uploads\/usu1415\/2025\/07\/INFORME_ASSIGNADES_INFORME_ASSIGNADES-1-art-floral.pdf\"><strong>17\/07\/2025: Alumnes assignats al centre amb indicaci\u00f3 de la primera petici\u00f3<\/strong><\/a><\/p>\n<p><a href=\"https:\/\/agora.xtec.cat\/ieslabisbal\/wp-content\/uploads\/usu1415\/2025\/07\/INFORME_PREINSCRITES_OME_INFORME_PREINSCRITES_OME-1-art-floral.pdf\"><strong>17\/07\/2025: Alumnes preinscrits al centre<\/strong><\/a><\/p>\n","protected":false},"excerpt":{"rendered":"<p>Integraci\u00f3 Social<br \/>\n<a href=\"https:\/\/agora.xtec.cat\/ieslabisbal\/wp-content\/uploads\/usu1415\/2025\/07\/Tanda-3_GS_Assignats.pdf\">29\/07\/2025: Alumnes assignats al centre en tercera<\/a><br \/>\n<a href=\"https:\/\/agora.xtec.cat\/ieslabisbal\/wp-content\/uploads\/usu1415\/2025\/07\/Tanda-3_preinscrits_GS.pdf\">29\/07\/2025: Alumnes preinscrits al centre<\/a><br \/>\n<a href=\"https:\/\/agora.xtec.cat\/ieslabisbal\/wp-content\/uploads\/usu1415\/2025\/07\/INFORME_ASSIGNADES_INFORME_ASSIGNADES-2.pdf\">18\/07\/2025: Alumnes assignats al centre en segona tanda a 17\/07\/2025<\/a><br \/>\n<a href=\"https:\/\/agora.xtec.cat\/ieslabisbal\/wp-content\/uploads\/usu1415\/2025\/07\/INFORME_PREINSCRITES_OME_INFORME_PREINSCRITES_OME-2.pdf\">18\/07\/2025: Alumnes preinscrits al centre amb indicaci\u00f3 de l&#8217;assignaci\u00f3 i l&#8217;ordre de petici\u00f3 de la segona tanda<\/a><br \/>\n<a href=\"https:\/\/agora.xtec.cat\/ieslabisbal\/wp-content\/uploads\/usu1415\/2025\/07\/INFORME_ASSIGNADES_INFORME_ASSIGNADES-superior.pdf\">10\/07\/2025: Alumnes assignats al&hellip;  <a href=\"https:\/\/agora.xtec.cat\/ieslabisbal\/publicacions-llistes-2\/\" title=\"Read PUBLICACIONS LLISTES\">Llegeix m\u00e9s\u00bb<\/a><\/p>\n","protected":false},"author":1,"featured_media":0,"parent":0,"menu_order":0,"comment_status":"closed","ping_status":"closed","template":"","meta":{"_bbp_topic_count":0,"_bbp_reply_count":0,"_bbp_total_topic_count":0,"_bbp_total_reply_count":0,"_bbp_voice_count":0,"_bbp_anonymous_reply_count":0,"_bbp_topic_count_hidden":0,"_bbp_reply_count_hidden":0,"_bbp_forum_subforum_count":0,"footnotes":""},"class_list":["post-10655","page","type-page","status-publish","hentry"],"post_mailing_queue_ids":[],"_links":{"self":[{"href":"https:\/\/agora.xtec.cat\/ieslabisbal\/wp-json\/wp\/v2\/pages\/10655","targetHints":{"allow":["GET"]}}],"collection":[{"href":"https:\/\/agora.xtec.cat\/ieslabisbal\/wp-json\/wp\/v2\/pages"}],"about":[{"href":"https:\/\/agora.xtec.cat\/ieslabisbal\/wp-json\/wp\/v2\/types\/page"}],"author":[{"embeddable":true,"href":"https:\/\/agora.xtec.cat\/ieslabisbal\/wp-json\/wp\/v2\/users\/1"}],"replies":[{"embeddable":true,"href":"https:\/\/agora.xtec.cat\/ieslabisbal\/wp-json\/wp\/v2\/comments?post=10655"}],"version-history":[{"count":6,"href":"https:\/\/agora.xtec.cat\/ieslabisbal\/wp-json\/wp\/v2\/pages\/10655\/revisions"}],"predecessor-version":[{"id":10732,"href":"https:\/\/agora.xtec.cat\/ieslabisbal\/wp-json\/wp\/v2\/pages\/10655\/revisions\/10732"}],"wp:attachment":[{"href":"https:\/\/agora.xtec.cat\/ieslabisbal\/wp-json\/wp\/v2\/media?parent=10655"}],"curies":[{"name":"wp","href":"https:\/\/api.w.org\/{rel}","templated":true}]}}