{"id":8488,"date":"2025-03-19T15:52:32","date_gmt":"2025-03-19T14:52:32","guid":{"rendered":"https:\/\/agora.xtec.cat\/ieslabastida\/?page_id=8488"},"modified":"2026-04-17T13:39:20","modified_gmt":"2026-04-17T11:39:20","slug":"batxillerat-esportiu","status":"publish","type":"page","link":"https:\/\/agora.xtec.cat\/ieslabastida\/batxillerat-esportiu\/","title":{"rendered":"Batxillerat Esportiu"},"content":{"rendered":"\n<p>El curs 2025-2026, l\u2019Institut La Bastida i l\u2019Institut Les Vinyes de Santa Coloma de Gramenet iniciem de manera conjunta el Batxillerat Esportiu. Es presenta com a una nova oferta educativa al Barcelon\u00e8s Nord.<\/p>\n\n\n\n<div class=\"wp-block-columns is-layout-flex wp-container-core-columns-is-layout-1 wp-block-columns-is-layout-flex\">\n<div class=\"wp-block-column is-layout-flow wp-block-column-is-layout-flow\">\n<p><strong>Qu\u00e8 \u00e9s el Batxillerat Esportiu?<\/strong><\/p>\n\n\n\n<p><br>\u00c9s una nova modalitat que permet obtenir una doble titulaci\u00f3 en tres anys:<\/p>\n\n\n\n<p>\u25cf el t\u00edtol de Batxillerat (cient\u00edfic, tecnol\u00f2gic, social o human\u00edstic).<br>\u25cf el t\u00edtol de T\u00e8cnic\/a en handbol o b\u00e0squet.&nbsp;<\/p>\n\n\n\n<p><strong>A qui s\u2019adre\u00e7a el Batxillerat Esportiu?<\/strong><\/p>\n\n\n\n<p><br>El Batxillerat Esportiu est\u00e0 pensat per a alumnes que hagin superat el 4t d\u2019ESO, que practiquin l\u2019especialitat esportiva ofertada i vulguin combinar el Batxillerat amb l\u2019obtenci\u00f3 del t\u00edtol de t\u00e8cnic esportiu en la modalitat triada. D\u2019aquesta manera, es pot treballar com a t\u00e8cnic esportiu i tenir, a la vegada, continu\u00eftat acad\u00e8mica posterior.<\/p>\n<\/div>\n\n\n\n<div class=\"wp-block-column is-layout-flow wp-block-column-is-layout-flow\">\n<figure class=\"wp-block-image aligncenter size-large is-resized\"><a href=\"https:\/\/diarifp.cat\/la-doble-titulacio-de-tecnic-esportiu-i-batxillerat-una-proposta-motivadora-per-a-lexit-educatiu\/\"><img loading=\"lazy\" decoding=\"async\" width=\"819\" height=\"1024\" src=\"https:\/\/agora.xtec.cat\/ieslabastida\/wp-content\/uploads\/usu1265\/2026\/02\/diarifp2-819x1024.png\" alt=\"\" class=\"wp-image-10147\" style=\"width:344px;height:auto\" srcset=\"https:\/\/agora.xtec.cat\/ieslabastida\/wp-content\/uploads\/usu1265\/2026\/02\/diarifp2-819x1024.png 819w, https:\/\/agora.xtec.cat\/ieslabastida\/wp-content\/uploads\/usu1265\/2026\/02\/diarifp2-240x300.png 240w, https:\/\/agora.xtec.cat\/ieslabastida\/wp-content\/uploads\/usu1265\/2026\/02\/diarifp2-768x960.png 768w, https:\/\/agora.xtec.cat\/ieslabastida\/wp-content\/uploads\/usu1265\/2026\/02\/diarifp2-1229x1536.png 1229w, https:\/\/agora.xtec.cat\/ieslabastida\/wp-content\/uploads\/usu1265\/2026\/02\/diarifp2-1638x2048.png 1638w, https:\/\/agora.xtec.cat\/ieslabastida\/wp-content\/uploads\/usu1265\/2026\/02\/diarifp2.png 1890w\" sizes=\"auto, (max-width: 819px) 100vw, 819px\" \/><\/a><\/figure>\n\n\n\n<p class=\"has-text-align-center\"><\/p>\n<\/div>\n<\/div>\n\n\n\n<p><\/p>\n\n\n\n<p><strong>Com s\u2019hi accedeix?<\/strong><br>\u25cf Requisit acad\u00e8mic: t\u00edtol d\u2019ESO.<br>\u25cf Requisit esportiu: tenir superada la <a href=\"https:\/\/triaeducativa.gencat.cat\/ca\/proves\/proves-acces\/esportius\/esportius-prova-especifica\/\">prova espec\u00edfica de l\u2019especialitat<\/a> que es vol<br>cursar. Aquesta prova \u00e9s organitzada pel Departament d\u2019Ensenyament de la<br>Generalitat de Catalunya:<\/p>\n\n\n\n<p>* En el cas de l\u2019especialitat d\u2019handbol, no hi ha prova espec\u00edfica d\u2019acc\u00e9s. Tampoc en el cas<br>de jugadors de basquetbol.<\/p>\n\n\n\n<p><strong>Quina durada t\u00e9 i com s\u2019organitza?<\/strong><br>Tres cursos acad\u00e8mics:<\/p>\n\n\n\n<figure class=\"wp-block-image size-large\"><a href=\"https:\/\/agora.xtec.cat\/ieslabastida\/wp-content\/uploads\/usu1265\/2025\/03\/image.png\"><img decoding=\"async\" src=\"https:\/\/agora.xtec.cat\/ieslabastida\/wp-content\/uploads\/usu1265\/2025\/03\/image-1024x244.png\" alt=\"\" class=\"wp-image-8489\"\/><\/a><\/figure>\n\n\n\n<p><strong>Quins s\u00f3n els avantatges d\u2019aquests estudis esportius?<\/strong> \u25cf Doble titulaci\u00f3 en tres cursos acad\u00e8mics.<br>\u25cf Convalidaci\u00f3 d\u2019algunes mat\u00e8ries del Batxillerat.<br>\u25cf Pr\u00e0ctiques en empreses<br>\u25cf Inserci\u00f3 laboral<br>\u25cf Continu\u00eftat acad\u00e8mica<br>\u2714 Acc\u00e9s a un grau universitari (realitzaci\u00f3 de les PAU)<br>\u2714 Acc\u00e9s a Cicles Formatius de Grau Superior (CFGS)<br>\u2714 Opci\u00f3 de preparaci\u00f3 per a les proves d\u2019acc\u00e9s d\u2019INEFC<\/p>\n\n\n\n<p>Si nom\u00e9s s&#8217;ha superat el cicle d&#8217;ensenyaments esportius, per\u00f2 no el Batxillerat, es pot fer el curs de preparaci\u00f3 a la prova d&#8217;acc\u00e9s al grau superior dels ensenyaments esportius. Quan s&#8217;hagi superat aquest curs, i a partir de l&#8217;any en qu\u00e8 es compleixin els 19 anys, es podr\u00e0 fer la prova d&#8217;acc\u00e9s que, un cop aprovada, dona acc\u00e9s al cicle de grau superior de la modalitat esportiva escollida.<\/p>\n\n\n\n<p><strong>Per tenir m\u00e9s informaci\u00f3:<\/strong><br><a href=\"http:\/\/Batxillerat Esportiu El curs 2025-2026, l\u2019Institut La Bastida i l\u2019Institut Les Vinyes de Santa Coloma de Gramenet iniciem de manera conjunta el Batxillerat Esportiu. Es presenta com a una nova oferta educativa al Barcelon\u00e8s Nord.  Qu\u00e8 \u00e9s el Batxillerat Esportiu? \u00c9s una nova modalitat que permet obtenir una doble titulaci\u00f3 en tres anys: \u25cf el t\u00edtol de Batxillerat (cient\u00edfic, tecnol\u00f2gic, social o human\u00edstic). \u25cf el t\u00edtol de T\u00e8cnic\/a en handbol o b\u00e0squet.   A qui s\u2019adre\u00e7a el Batxillerat Esportiu? El Batxillerat Esportiu est\u00e0 pensat per a alumnes que hagin superat el 4t d\u2019ESO, que practiquin l\u2019especialitat esportiva ofertada i vulguin combinar el Batxillerat amb l\u2019obtenci\u00f3 del t\u00edtol de t\u00e8cnic esportiu en la modalitat triada. D\u2019aquesta manera, es pot treballar com a t\u00e8cnic esportiu i tenir, a la vegada, continu\u00eftat acad\u00e8mica posterior.  Com s\u2019hi accedeix? \u25cf Requisit acad\u00e8mic: t\u00edtol d\u2019ESO. \u25cf Requisit esportiu: tenir superada la prova espec\u00edfica de l\u2019especialitat que es vol cursar. Aquesta prova \u00e9s organitzada pel Departament d\u2019Ensenyament de la Generalitat de Catalunya:  https:\/\/triaeducativa.gencat.cat\/ca\/proves\/proves-acces\/esportius\/esportius-prova-especifica\/  * En el cas de l\u2019especialitat d\u2019handbol, no hi ha prova espec\u00edfica d\u2019acc\u00e9s. Tampoc en el cas de jugadors de basquetbol.  Quina durada t\u00e9 i com s\u2019organitza? Tres cursos acad\u00e8mics:   Quins s\u00f3n els avantatges d\u2019aquests estudis esportius?  \u25cf Doble titulaci\u00f3 en tres cursos acad\u00e8mics. \u25cf Convalidaci\u00f3 d\u2019algunes mat\u00e8ries del Batxillerat. \u25cf Pr\u00e0ctiques en empreses \u25cf Inserci\u00f3 laboral \u25cf Continu\u00eftat acad\u00e8mica \u2714 Acc\u00e9s a un grau universitari (realitzaci\u00f3 de les PAU) \u2714 Acc\u00e9s a Cicles Formatius de Grau Superior (CFGS) \u2714 Opci\u00f3 de preparaci\u00f3 per a les proves d\u2019acc\u00e9s d\u2019INEFC  Si nom\u00e9s s\u2019ha superat el cicle d\u2019ensenyaments esportius, per\u00f2 no el Batxillerat, es pot fer el curs de preparaci\u00f3 a la prova d\u2019acc\u00e9s al grau superior dels ensenyaments esportius. Quan s\u2019hagi superat aquest curs, i a partir de l\u2019any en qu\u00e8 es compleixin els 19 anys, es podr\u00e0 fer la prova d\u2019acc\u00e9s que, un cop aprovada, dona acc\u00e9s al cicle de grau superior de la modalitat esportiva escollida.  Per tenir m\u00e9s informaci\u00f3: Departament d\u2019Educaci\u00f3 i Formaci\u00f3 Professional https:\/\/triaeducativa.gencat.cat\/ca\/batxillerat\/doble-titulacio\/batxillerat-esportius\/ Institut La Bastida (per a la part espec\u00edfica esportiva) https:\/\/agora.xtec.cat\/ieslabastida\/ Institut Les Vinyes (per al Batxillerat) https:\/\/www.ieslesvinyes.org\/\">Departament d\u2019Educaci\u00f3 i Formaci\u00f3 Professional<br><\/a><a href=\"https:\/\/agora.xtec.cat\/ieslabastida\/\">Institut La Bastida (per a la part espec\u00edfica esportiva)<br><\/a><a href=\"https:\/\/www.ieslesvinyes.org\/\">Institut Les Vinyes (per al Batxillerat)<\/a><\/p>\n\n\n\n<figure class=\"wp-block-image aligncenter size-large\"><a href=\"https:\/\/agora.xtec.cat\/ieslabastida\/wp-content\/uploads\/usu1265\/2025\/03\/doble-titulacio-scaled.jpg\"><img loading=\"lazy\" decoding=\"async\" width=\"1024\" height=\"724\" src=\"https:\/\/agora.xtec.cat\/ieslabastida\/wp-content\/uploads\/usu1265\/2025\/03\/doble-titulacio-1024x724.jpg\" alt=\"\" class=\"wp-image-8490\" srcset=\"https:\/\/agora.xtec.cat\/ieslabastida\/wp-content\/uploads\/usu1265\/2025\/03\/doble-titulacio-1024x724.jpg 1024w, https:\/\/agora.xtec.cat\/ieslabastida\/wp-content\/uploads\/usu1265\/2025\/03\/doble-titulacio-300x212.jpg 300w, https:\/\/agora.xtec.cat\/ieslabastida\/wp-content\/uploads\/usu1265\/2025\/03\/doble-titulacio-768x543.jpg 768w, https:\/\/agora.xtec.cat\/ieslabastida\/wp-content\/uploads\/usu1265\/2025\/03\/doble-titulacio-1536x1086.jpg 1536w, https:\/\/agora.xtec.cat\/ieslabastida\/wp-content\/uploads\/usu1265\/2025\/03\/doble-titulacio-2048x1448.jpg 2048w\" sizes=\"auto, (max-width: 1024px) 100vw, 1024px\" \/><\/a><\/figure>\n","protected":false},"excerpt":{"rendered":"<p>El curs 2025-2026, l\u2019Institut La Bastida i l\u2019Institut Les Vinyes de Santa Coloma de Gramenet iniciem de manera conjunta el [&hellip;]<\/p>\n","protected":false},"author":80,"featured_media":0,"parent":0,"menu_order":0,"comment_status":"closed","ping_status":"close","template":"","meta":{"_bbp_topic_count":0,"_bbp_reply_count":0,"_bbp_total_topic_count":0,"_bbp_total_reply_count":0,"_bbp_voice_count":0,"_bbp_anonymous_reply_count":0,"_bbp_topic_count_hidden":0,"_bbp_reply_count_hidden":0,"_bbp_forum_subforum_count":0,"site-sidebar-layout":"no-sidebar","site-content-layout":"","ast-site-content-layout":"normal-width-container","site-content-style":"default","site-sidebar-style":"default","ast-global-header-display":"","ast-banner-title-visibility":"","ast-main-header-display":"","ast-hfb-above-header-display":"","ast-hfb-below-header-display":"","ast-hfb-mobile-header-display":"","site-post-title":"","ast-breadcrumbs-content":"","ast-featured-img":"","footer-sml-layout":"","theme-transparent-header-meta":"","adv-header-id-meta":"","stick-header-meta":"","header-above-stick-meta":"","header-main-stick-meta":"","header-below-stick-meta":"","astra-migrate-meta-layouts":"set","ast-page-background-enabled":"default","ast-page-background-meta":{"desktop":{"background-color":"var(--ast-global-color-4)","background-image":"","background-repeat":"repeat","background-position":"center center","background-size":"auto","background-attachment":"scroll","background-type":"","background-media":"","overlay-type":"","overlay-color":"","overlay-opacity":"","overlay-gradient":""},"tablet":{"background-color":"","background-image":"","background-repeat":"repeat","background-position":"center center","background-size":"auto","background-attachment":"scroll","background-type":"","background-media":"","overlay-type":"","overlay-color":"","overlay-opacity":"","overlay-gradient":""},"mobile":{"background-color":"","background-image":"","background-repeat":"repeat","background-position":"center center","background-size":"auto","background-attachment":"scroll","background-type":"","background-media":"","overlay-type":"","overlay-color":"","overlay-opacity":"","overlay-gradient":""}},"ast-content-background-meta":{"desktop":{"background-color":"var(--ast-global-color-5)","background-image":"","background-repeat":"repeat","background-position":"center center","background-size":"auto","background-attachment":"scroll","background-type":"","background-media":"","overlay-type":"","overlay-color":"","overlay-opacity":"","overlay-gradient":""},"tablet":{"background-color":"var(--ast-global-color-5)","background-image":"","background-repeat":"repeat","background-position":"center center","background-size":"auto","background-attachment":"scroll","background-type":"","background-media":"","overlay-type":"","overlay-color":"","overlay-opacity":"","overlay-gradient":""},"mobile":{"background-color":"var(--ast-global-color-5)","background-image":"","background-repeat":"repeat","background-position":"center center","background-size":"auto","background-attachment":"scroll","background-type":"","background-media":"","overlay-type":"","overlay-color":"","overlay-opacity":"","overlay-gradient":""}},"footnotes":""},"class_list":["post-8488","page","type-page","status-publish","hentry"],"post_mailing_queue_ids":[],"_links":{"self":[{"href":"https:\/\/agora.xtec.cat\/ieslabastida\/wp-json\/wp\/v2\/pages\/8488","targetHints":{"allow":["GET"]}}],"collection":[{"href":"https:\/\/agora.xtec.cat\/ieslabastida\/wp-json\/wp\/v2\/pages"}],"about":[{"href":"https:\/\/agora.xtec.cat\/ieslabastida\/wp-json\/wp\/v2\/types\/page"}],"author":[{"embeddable":true,"href":"https:\/\/agora.xtec.cat\/ieslabastida\/wp-json\/wp\/v2\/users\/80"}],"replies":[{"embeddable":true,"href":"https:\/\/agora.xtec.cat\/ieslabastida\/wp-json\/wp\/v2\/comments?post=8488"}],"version-history":[{"count":6,"href":"https:\/\/agora.xtec.cat\/ieslabastida\/wp-json\/wp\/v2\/pages\/8488\/revisions"}],"predecessor-version":[{"id":10718,"href":"https:\/\/agora.xtec.cat\/ieslabastida\/wp-json\/wp\/v2\/pages\/8488\/revisions\/10718"}],"wp:attachment":[{"href":"https:\/\/agora.xtec.cat\/ieslabastida\/wp-json\/wp\/v2\/media?parent=8488"}],"curies":[{"name":"wp","href":"https:\/\/api.w.org\/{rel}","templated":true}]}}