{"id":726,"date":"2017-09-04T20:10:34","date_gmt":"2017-09-04T18:10:34","guid":{"rendered":"http:\/\/agora.xtec.cat\/ieslabastida\/?page_id=726"},"modified":"2026-01-27T19:04:31","modified_gmt":"2026-01-27T18:04:31","slug":"qualitat","status":"publish","type":"page","link":"https:\/\/agora.xtec.cat\/ieslabastida\/qualitat\/","title":{"rendered":"Qualitat"},"content":{"rendered":"<p style=\"text-align: justify;\">L\u2019Institut d\u2019Ensenyament Secundari <em>La Bastida<\/em>\u00a0\u00e9s un centre de titularitat p\u00fablica depenent del Departament d\u2019Educaci\u00f3 de la Generalitat de Catalunya. El nostre centre t\u00e9 com a principi i ra\u00f3 d\u2019esser servir a la societat en general i, en particular, a qui considera els seus usuaris: els alumnes, les fam\u00edlies dels alumnes, els centres d\u2019ensenyaments superior receptors dels nostres alumnes i les empreses que contractaran els professionals que formem.<\/p>\n<p style=\"text-align: justify;\">La nostra pol\u00edtica de Qualitat t\u00e9 com a finalitat permanent la millora continua del servei prestat i la satisfacci\u00f3 de totes aquelles demandes que els nostres usuaris tinguin, sempre atenen a la seva diversitat i complint els requisits legals, reglamentaris i normatius que siguin d\u2019aplicaci\u00f3 vigent. La implementaci\u00f3 d\u2019un sistema de gesti\u00f3 de la qualitat en el proc\u00e9s d\u2019ensenyament-aprenentatge \u00e9s i ser\u00e0 un eix vertebrador de la nostra activitat per a aconseguir oferir un servei de qualitat que, a trav\u00e9s de la millora cont\u00ednua, arribi a la meta de l\u2019excel\u00b7l\u00e8ncia.<\/p>\n<p style=\"text-align: justify;\">Aquest comprom\u00eds \u00e9s compartit i conegut per tota la organitzaci\u00f3 i tota la comunitat educativa de l\u2019Institut i tot el personal es troba implicat en el seu assoliment.<\/p>\n<p style=\"text-align: justify;\">L\u2019equip directiu facilitar\u00e0 tots els mitjans necessaris al seu abast (d\u2019organitzaci\u00f3, de gesti\u00f3, de formaci\u00f3&#8230;) per tal d\u2019assolir l\u2019excel\u00b7l\u00e8ncia de l\u2019organitzaci\u00f3.<\/p>\n<p><a href=\"https:\/\/agora.xtec.cat\/ieslabastida\/wp-content\/uploads\/usu1265\/2024\/05\/20000784-BUP-INSTITUT-LA-BASTIDA-CATALAN-1_page-0001.jpg\"><img loading=\"lazy\" decoding=\"async\" class=\"wp-image-7273 size-large aligncenter\" src=\"https:\/\/agora.xtec.cat\/ieslabastida\/wp-content\/uploads\/usu1265\/2024\/05\/20000784-BUP-INSTITUT-LA-BASTIDA-CATALAN-1_page-0001-724x1024.jpg\" alt=\"\" width=\"724\" height=\"1024\" srcset=\"https:\/\/agora.xtec.cat\/ieslabastida\/wp-content\/uploads\/usu1265\/2024\/05\/20000784-BUP-INSTITUT-LA-BASTIDA-CATALAN-1_page-0001-724x1024.jpg 724w, https:\/\/agora.xtec.cat\/ieslabastida\/wp-content\/uploads\/usu1265\/2024\/05\/20000784-BUP-INSTITUT-LA-BASTIDA-CATALAN-1_page-0001-212x300.jpg 212w, https:\/\/agora.xtec.cat\/ieslabastida\/wp-content\/uploads\/usu1265\/2024\/05\/20000784-BUP-INSTITUT-LA-BASTIDA-CATALAN-1_page-0001-768x1086.jpg 768w, https:\/\/agora.xtec.cat\/ieslabastida\/wp-content\/uploads\/usu1265\/2024\/05\/20000784-BUP-INSTITUT-LA-BASTIDA-CATALAN-1_page-0001-1086x1536.jpg 1086w, https:\/\/agora.xtec.cat\/ieslabastida\/wp-content\/uploads\/usu1265\/2024\/05\/20000784-BUP-INSTITUT-LA-BASTIDA-CATALAN-1_page-0001.jpg 1241w\" sizes=\"auto, (max-width: 724px) 100vw, 724px\" \/><\/a><\/p>\n","protected":false},"excerpt":{"rendered":"<p>L\u2019Institut d\u2019Ensenyament Secundari La Bastida\u00a0\u00e9s un centre de titularitat p\u00fablica depenent del Departament d\u2019Educaci\u00f3 de la Generalitat de Catalunya. El [&hellip;]<\/p>\n","protected":false},"author":1,"featured_media":0,"parent":0,"menu_order":85,"comment_status":"closed","ping_status":"closed","template":"","meta":{"_bbp_topic_count":0,"_bbp_reply_count":0,"_bbp_total_topic_count":0,"_bbp_total_reply_count":0,"_bbp_voice_count":0,"_bbp_anonymous_reply_count":0,"_bbp_topic_count_hidden":0,"_bbp_reply_count_hidden":0,"_bbp_forum_subforum_count":0,"site-sidebar-layout":"no-sidebar","site-content-layout":"","ast-site-content-layout":"normal-width-container","site-content-style":"default","site-sidebar-style":"default","ast-global-header-display":"","ast-banner-title-visibility":"","ast-main-header-display":"","ast-hfb-above-header-display":"","ast-hfb-below-header-display":"","ast-hfb-mobile-header-display":"","site-post-title":"","ast-breadcrumbs-content":"","ast-featured-img":"","footer-sml-layout":"","theme-transparent-header-meta":"","adv-header-id-meta":"","stick-header-meta":"","header-above-stick-meta":"","header-main-stick-meta":"","header-below-stick-meta":"","astra-migrate-meta-layouts":"set","ast-page-background-enabled":"default","ast-page-background-meta":{"desktop":{"background-color":"var(--ast-global-color-4)","background-image":"","background-repeat":"repeat","background-position":"center center","background-size":"auto","background-attachment":"scroll","background-type":"","background-media":"","overlay-type":"","overlay-color":"","overlay-opacity":"","overlay-gradient":""},"tablet":{"background-color":"","background-image":"","background-repeat":"repeat","background-position":"center center","background-size":"auto","background-attachment":"scroll","background-type":"","background-media":"","overlay-type":"","overlay-color":"","overlay-opacity":"","overlay-gradient":""},"mobile":{"background-color":"","background-image":"","background-repeat":"repeat","background-position":"center center","background-size":"auto","background-attachment":"scroll","background-type":"","background-media":"","overlay-type":"","overlay-color":"","overlay-opacity":"","overlay-gradient":""}},"ast-content-background-meta":{"desktop":{"background-color":"var(--ast-global-color-5)","background-image":"","background-repeat":"repeat","background-position":"center center","background-size":"auto","background-attachment":"scroll","background-type":"","background-media":"","overlay-type":"","overlay-color":"","overlay-opacity":"","overlay-gradient":""},"tablet":{"background-color":"var(--ast-global-color-5)","background-image":"","background-repeat":"repeat","background-position":"center center","background-size":"auto","background-attachment":"scroll","background-type":"","background-media":"","overlay-type":"","overlay-color":"","overlay-opacity":"","overlay-gradient":""},"mobile":{"background-color":"var(--ast-global-color-5)","background-image":"","background-repeat":"repeat","background-position":"center center","background-size":"auto","background-attachment":"scroll","background-type":"","background-media":"","overlay-type":"","overlay-color":"","overlay-opacity":"","overlay-gradient":""}},"footnotes":""},"class_list":["post-726","page","type-page","status-publish","hentry"],"post_mailing_queue_ids":[],"_links":{"self":[{"href":"https:\/\/agora.xtec.cat\/ieslabastida\/wp-json\/wp\/v2\/pages\/726","targetHints":{"allow":["GET"]}}],"collection":[{"href":"https:\/\/agora.xtec.cat\/ieslabastida\/wp-json\/wp\/v2\/pages"}],"about":[{"href":"https:\/\/agora.xtec.cat\/ieslabastida\/wp-json\/wp\/v2\/types\/page"}],"author":[{"embeddable":true,"href":"https:\/\/agora.xtec.cat\/ieslabastida\/wp-json\/wp\/v2\/users\/1"}],"replies":[{"embeddable":true,"href":"https:\/\/agora.xtec.cat\/ieslabastida\/wp-json\/wp\/v2\/comments?post=726"}],"version-history":[{"count":6,"href":"https:\/\/agora.xtec.cat\/ieslabastida\/wp-json\/wp\/v2\/pages\/726\/revisions"}],"predecessor-version":[{"id":10058,"href":"https:\/\/agora.xtec.cat\/ieslabastida\/wp-json\/wp\/v2\/pages\/726\/revisions\/10058"}],"wp:attachment":[{"href":"https:\/\/agora.xtec.cat\/ieslabastida\/wp-json\/wp\/v2\/media?parent=726"}],"curies":[{"name":"wp","href":"https:\/\/api.w.org\/{rel}","templated":true}]}}