{"id":27,"date":"2014-09-17T16:24:03","date_gmt":"2014-09-17T16:24:03","guid":{"rendered":"http:\/\/agora.xtec.cat\/ieslabastida\/?page_id=27"},"modified":"2026-01-27T15:19:40","modified_gmt":"2026-01-27T14:19:40","slug":"historia","status":"publish","type":"page","link":"https:\/\/agora.xtec.cat\/ieslabastida\/linstitut\/historia\/","title":{"rendered":"Hist\u00f2ria"},"content":{"rendered":"<p>L&#8217;Institut La Bastida va ser fundat el 1981, tot i que les actuals instal\u00b7lacions daten del 1983 i s\u00f3n obra dels arquitectes Josep Lu\u00eds Mateo i Eduard Bru i \u00e9s catalogat com a B\u00e9 d&#8217;Inter\u00e8s Local. El centre rep el seu nom del Tur\u00f3 de La Bastida, un dels cims de la Serralada de La Marina, justament en el l\u00edmit entre Santa Coloma de Gramenet -municipi al qual pertany l&#8217;institut- i Badalona.<\/p>\n<p><a href=\"https:\/\/agora.xtec.cat\/ieslabastida\/wp-content\/uploads\/usu1265\/2023\/11\/foto-aeria-3-xemeneies.png\"><img loading=\"lazy\" decoding=\"async\" class=\"aligncenter wp-image-5656\" src=\"https:\/\/agora.xtec.cat\/ieslabastida\/wp-content\/uploads\/usu1265\/2023\/11\/foto-aeria-3-xemeneies.png\" alt=\"\" width=\"927\" height=\"546\" srcset=\"https:\/\/agora.xtec.cat\/ieslabastida\/wp-content\/uploads\/usu1265\/2023\/11\/foto-aeria-3-xemeneies.png 757w, https:\/\/agora.xtec.cat\/ieslabastida\/wp-content\/uploads\/usu1265\/2023\/11\/foto-aeria-3-xemeneies-300x177.png 300w\" sizes=\"auto, (max-width: 927px) 100vw, 927px\" \/><\/a><\/p>\n<p><strong>Missi\u00f3 i valors<\/strong><\/p>\n<p>L\u2019Institut La Bastida \u00e9s un centre educatiu p\u00fablic situat a Santa Coloma de Gramenet que imparteix les etapes d\u2019Ensenyament Secundari Obligatori, PFI, Batxillerat i Cicles Formatius de Grau Mitj\u00e0 i Superior.<\/p>\n<p>Som un centre obert al nostre entorn amb una realitat multicultural i pluriling\u00fce que viu aquesta diversitat com una riquesa. Ens definim com un centre inclusiu que vol donar una resposta educativa innovadora als nostres alumnes, tot col\u00b7laborant amb les fam\u00edlies en el projecte com\u00fa d\u2019una educaci\u00f3 integral que afavoreixi valors com la toler\u00e0ncia, la solidaritat i el respecte a les difer\u00e8ncies personals, socials i culturals.<\/p>\n<p>Creiem que la nostra missi\u00f3 \u00e9s formar, instruir i orientar el nostre alumnat en un marc educatiu ampli basat en l\u2019assoliment de compet\u00e8ncies acad\u00e8miques, professionals i socials, que els permetin i facilitin un rendiment \u00f2ptim, i un acc\u00e9s al m\u00f3n laboral amb una formaci\u00f3 adequada, adient i de qualitat, juntament amb el desenvolupament d\u2019habilitats interpersonals que facin possible una integraci\u00f3 madura i cr\u00edtica en la societat actual.<\/p>\n","protected":false},"excerpt":{"rendered":"<p>L&#8217;Institut La Bastida va ser fundat el 1981, tot i que les actuals instal\u00b7lacions daten del 1983 i s\u00f3n obra [&hellip;]<\/p>\n","protected":false},"author":1,"featured_media":0,"parent":19,"menu_order":20,"comment_status":"closed","ping_status":"closed","template":"","meta":{"_bbp_topic_count":0,"_bbp_reply_count":0,"_bbp_total_topic_count":0,"_bbp_total_reply_count":0,"_bbp_voice_count":0,"_bbp_anonymous_reply_count":0,"_bbp_topic_count_hidden":0,"_bbp_reply_count_hidden":0,"_bbp_forum_subforum_count":0,"site-sidebar-layout":"no-sidebar","site-content-layout":"","ast-site-content-layout":"normal-width-container","site-content-style":"default","site-sidebar-style":"default","ast-global-header-display":"","ast-banner-title-visibility":"","ast-main-header-display":"","ast-hfb-above-header-display":"","ast-hfb-below-header-display":"","ast-hfb-mobile-header-display":"","site-post-title":"","ast-breadcrumbs-content":"","ast-featured-img":"","footer-sml-layout":"","theme-transparent-header-meta":"","adv-header-id-meta":"","stick-header-meta":"","header-above-stick-meta":"","header-main-stick-meta":"","header-below-stick-meta":"","astra-migrate-meta-layouts":"set","ast-page-background-enabled":"default","ast-page-background-meta":{"desktop":{"background-color":"var(--ast-global-color-4)","background-image":"","background-repeat":"repeat","background-position":"center center","background-size":"auto","background-attachment":"scroll","background-type":"","background-media":"","overlay-type":"","overlay-color":"","overlay-opacity":"","overlay-gradient":""},"tablet":{"background-color":"","background-image":"","background-repeat":"repeat","background-position":"center center","background-size":"auto","background-attachment":"scroll","background-type":"","background-media":"","overlay-type":"","overlay-color":"","overlay-opacity":"","overlay-gradient":""},"mobile":{"background-color":"","background-image":"","background-repeat":"repeat","background-position":"center center","background-size":"auto","background-attachment":"scroll","background-type":"","background-media":"","overlay-type":"","overlay-color":"","overlay-opacity":"","overlay-gradient":""}},"ast-content-background-meta":{"desktop":{"background-color":"var(--ast-global-color-5)","background-image":"","background-repeat":"repeat","background-position":"center center","background-size":"auto","background-attachment":"scroll","background-type":"","background-media":"","overlay-type":"","overlay-color":"","overlay-opacity":"","overlay-gradient":""},"tablet":{"background-color":"var(--ast-global-color-5)","background-image":"","background-repeat":"repeat","background-position":"center center","background-size":"auto","background-attachment":"scroll","background-type":"","background-media":"","overlay-type":"","overlay-color":"","overlay-opacity":"","overlay-gradient":""},"mobile":{"background-color":"var(--ast-global-color-5)","background-image":"","background-repeat":"repeat","background-position":"center center","background-size":"auto","background-attachment":"scroll","background-type":"","background-media":"","overlay-type":"","overlay-color":"","overlay-opacity":"","overlay-gradient":""}},"footnotes":""},"class_list":["post-27","page","type-page","status-publish","hentry"],"post_mailing_queue_ids":[],"_links":{"self":[{"href":"https:\/\/agora.xtec.cat\/ieslabastida\/wp-json\/wp\/v2\/pages\/27","targetHints":{"allow":["GET"]}}],"collection":[{"href":"https:\/\/agora.xtec.cat\/ieslabastida\/wp-json\/wp\/v2\/pages"}],"about":[{"href":"https:\/\/agora.xtec.cat\/ieslabastida\/wp-json\/wp\/v2\/types\/page"}],"author":[{"embeddable":true,"href":"https:\/\/agora.xtec.cat\/ieslabastida\/wp-json\/wp\/v2\/users\/1"}],"replies":[{"embeddable":true,"href":"https:\/\/agora.xtec.cat\/ieslabastida\/wp-json\/wp\/v2\/comments?post=27"}],"version-history":[{"count":6,"href":"https:\/\/agora.xtec.cat\/ieslabastida\/wp-json\/wp\/v2\/pages\/27\/revisions"}],"predecessor-version":[{"id":10017,"href":"https:\/\/agora.xtec.cat\/ieslabastida\/wp-json\/wp\/v2\/pages\/27\/revisions\/10017"}],"up":[{"embeddable":true,"href":"https:\/\/agora.xtec.cat\/ieslabastida\/wp-json\/wp\/v2\/pages\/19"}],"wp:attachment":[{"href":"https:\/\/agora.xtec.cat\/ieslabastida\/wp-json\/wp\/v2\/media?parent=27"}],"curies":[{"name":"wp","href":"https:\/\/api.w.org\/{rel}","templated":true}]}}