{"id":10440,"date":"2026-03-11T19:47:03","date_gmt":"2026-03-11T18:47:03","guid":{"rendered":"https:\/\/agora.xtec.cat\/ieslabastida\/?page_id=10440"},"modified":"2026-04-16T17:10:44","modified_gmt":"2026-04-16T15:10:44","slug":"preinscripcio-2026-2027","status":"publish","type":"page","link":"https:\/\/agora.xtec.cat\/ieslabastida\/preinscripcio-2026-2027\/","title":{"rendered":"Preinscripci\u00f3 i matr\u00edcula 26-27"},"content":{"rendered":"\n<h4 class=\"wp-block-heading\">En aquesta p\u00e0gina hi trobar\u00e0s tota la informaci\u00f3 sobre la preinscripci\u00f3 del curs escolar 2026-2027.<\/h4>\n\n\n\n<div style=\"height:31px\" aria-hidden=\"true\" class=\"wp-block-spacer\"><\/div>\n\n\n\n<h5 class=\"wp-block-heading\">Dates de preinscipci\u00f3:<\/h5>\n\n\n\n<ul class=\"wp-block-list\">\n<li><a href=\"https:\/\/agora.xtec.cat\/ieslabastida\/general\/preinscripcio-eso-2\/\"><strong>ESO<\/strong><\/a><\/li>\n\n\n\n<li><a href=\"https:\/\/agora.xtec.cat\/ieslabastida\/preinscripcio-i-matricula-ensenyaments-esportius\/\"><strong>Batxillerat esportiu:<\/strong><\/a> del 27 d&#8217;abril al 6 de maig de 2026<\/li>\n<\/ul>\n\n\n\n<ul class=\"wp-block-list\">\n<li><a href=\"https:\/\/agora.xtec.cat\/ieslabastida\/preinscripcio-i-matricula-ensenyaments-esportius\/\"><strong>Ensenyaments esportius<\/strong>:<\/a> del 27 d&#8217;abril al 6 de maig i del 26 de maig a l&#8217;1 de juny&nbsp; de 2026<\/li>\n<\/ul>\n\n\n\n<ul class=\"wp-block-list\">\n<li><strong><a href=\"https:\/\/agora.xtec.cat\/ieslabastida\/programes-de-formacio-i-insercio-pfi\/\">Programes de formaci\u00f3 i inserci\u00f3 (PFI)<\/a><\/strong>: del 4 al 13 de maig de 2026<\/li>\n<\/ul>\n\n\n\n<ul class=\"wp-block-list\">\n<li><a href=\"https:\/\/agora.xtec.cat\/ieslabastida\/grau-basic-de-formacio-professional-gbfp\/\"><strong>Grau b\u00e0sic de formaci\u00f3 professional<\/strong>:<\/a> del 4 al 13 de maig de 2026<\/li>\n<\/ul>\n\n\n\n<ul class=\"wp-block-list\">\n<li><strong><a href=\"https:\/\/agora.xtec.cat\/ieslabastida\/itineraris-formatius-especifics-ife\/\">ltineraris formatius espec\u00edfics (IFE)<\/a><\/strong>: de l&#8217;11 al 22 de maig de 2026<\/li>\n<\/ul>\n\n\n\n<ul class=\"wp-block-list\">\n<li><strong><a href=\"https:\/\/agora.xtec.cat\/ieslabastida\/fp-grau-mitja\/\">Cicles de formaci\u00f3 professional de grau mitja<\/a><\/strong>; del 26 de maig a l&#8217;1 de juny de 2026<\/li>\n\n\n\n<li><strong><a href=\"https:\/\/agora.xtec.cat\/ieslabastida\/fp-grau-superior\/\">Cicles de formaci\u00f3 professional de grau de grau superior<\/a><\/strong>: del 26 de maig a l&#8217;1 de juny de 2026<\/li>\n<\/ul>\n\n\n\n<div style=\"height:31px\" aria-hidden=\"true\" class=\"wp-block-spacer\"><\/div>\n\n\n\n<h5 class=\"wp-block-heading\">Consulta les notes de tall del curs passat:<\/h5>\n\n\n\n<ul class=\"wp-block-list\">\n<li><a href=\"https:\/\/preinscripcio.gencat.cat\/ca\/estudis\/fp-grau-mitja\/informat\/consulta-notes-tall\/\">Cicles de Grau Mitj\u00e0<\/a><\/li>\n<\/ul>\n\n\n\n<ul class=\"wp-block-list\">\n<li><a href=\"https:\/\/preinscripcio.gencat.cat\/ca\/estudis\/fp-grau-superior\/informat\/consulta-notes-tall\/\">Cicles de Grau Superior<\/a><\/li>\n<\/ul>\n\n\n\n<p><a href=\"https:\/\/indd.adobe.com\/view\/169be9c0-11fc-415f-9c09-b854ad846a10\">Consulta la guia d&#8217;acompanyament en el sistema FPCAT que ha publicat el Departament d&#8217;Educaci\u00f3 i Formaci\u00f3 Professional<\/a><\/p>\n\n\n\n<p><\/p>\n","protected":false},"excerpt":{"rendered":"<p>En aquesta p\u00e0gina hi trobar\u00e0s tota la informaci\u00f3 sobre la preinscripci\u00f3 del curs escolar 2026-2027. Dates de preinscipci\u00f3: Consulta les [&hellip;]<\/p>\n","protected":false},"author":80,"featured_media":0,"parent":0,"menu_order":0,"comment_status":"closed","ping_status":"close","template":"","meta":{"_bbp_topic_count":0,"_bbp_reply_count":0,"_bbp_total_topic_count":0,"_bbp_total_reply_count":0,"_bbp_voice_count":0,"_bbp_anonymous_reply_count":0,"_bbp_topic_count_hidden":0,"_bbp_reply_count_hidden":0,"_bbp_forum_subforum_count":0,"site-sidebar-layout":"no-sidebar","site-content-layout":"","ast-site-content-layout":"normal-width-container","site-content-style":"default","site-sidebar-style":"default","ast-global-header-display":"","ast-banner-title-visibility":"","ast-main-header-display":"","ast-hfb-above-header-display":"","ast-hfb-below-header-display":"","ast-hfb-mobile-header-display":"","site-post-title":"","ast-breadcrumbs-content":"","ast-featured-img":"","footer-sml-layout":"","theme-transparent-header-meta":"","adv-header-id-meta":"","stick-header-meta":"","header-above-stick-meta":"","header-main-stick-meta":"","header-below-stick-meta":"","astra-migrate-meta-layouts":"set","ast-page-background-enabled":"default","ast-page-background-meta":{"desktop":{"background-color":"var(--ast-global-color-4)","background-image":"","background-repeat":"repeat","background-position":"center center","background-size":"auto","background-attachment":"scroll","background-type":"","background-media":"","overlay-type":"","overlay-color":"","overlay-opacity":"","overlay-gradient":""},"tablet":{"background-color":"","background-image":"","background-repeat":"repeat","background-position":"center center","background-size":"auto","background-attachment":"scroll","background-type":"","background-media":"","overlay-type":"","overlay-color":"","overlay-opacity":"","overlay-gradient":""},"mobile":{"background-color":"","background-image":"","background-repeat":"repeat","background-position":"center center","background-size":"auto","background-attachment":"scroll","background-type":"","background-media":"","overlay-type":"","overlay-color":"","overlay-opacity":"","overlay-gradient":""}},"ast-content-background-meta":{"desktop":{"background-color":"var(--ast-global-color-5)","background-image":"","background-repeat":"repeat","background-position":"center center","background-size":"auto","background-attachment":"scroll","background-type":"","background-media":"","overlay-type":"","overlay-color":"","overlay-opacity":"","overlay-gradient":""},"tablet":{"background-color":"var(--ast-global-color-5)","background-image":"","background-repeat":"repeat","background-position":"center center","background-size":"auto","background-attachment":"scroll","background-type":"","background-media":"","overlay-type":"","overlay-color":"","overlay-opacity":"","overlay-gradient":""},"mobile":{"background-color":"var(--ast-global-color-5)","background-image":"","background-repeat":"repeat","background-position":"center center","background-size":"auto","background-attachment":"scroll","background-type":"","background-media":"","overlay-type":"","overlay-color":"","overlay-opacity":"","overlay-gradient":""}},"footnotes":""},"class_list":["post-10440","page","type-page","status-publish","hentry"],"post_mailing_queue_ids":[],"_links":{"self":[{"href":"https:\/\/agora.xtec.cat\/ieslabastida\/wp-json\/wp\/v2\/pages\/10440","targetHints":{"allow":["GET"]}}],"collection":[{"href":"https:\/\/agora.xtec.cat\/ieslabastida\/wp-json\/wp\/v2\/pages"}],"about":[{"href":"https:\/\/agora.xtec.cat\/ieslabastida\/wp-json\/wp\/v2\/types\/page"}],"author":[{"embeddable":true,"href":"https:\/\/agora.xtec.cat\/ieslabastida\/wp-json\/wp\/v2\/users\/80"}],"replies":[{"embeddable":true,"href":"https:\/\/agora.xtec.cat\/ieslabastida\/wp-json\/wp\/v2\/comments?post=10440"}],"version-history":[{"count":6,"href":"https:\/\/agora.xtec.cat\/ieslabastida\/wp-json\/wp\/v2\/pages\/10440\/revisions"}],"predecessor-version":[{"id":10691,"href":"https:\/\/agora.xtec.cat\/ieslabastida\/wp-json\/wp\/v2\/pages\/10440\/revisions\/10691"}],"wp:attachment":[{"href":"https:\/\/agora.xtec.cat\/ieslabastida\/wp-json\/wp\/v2\/media?parent=10440"}],"curies":[{"name":"wp","href":"https:\/\/api.w.org\/{rel}","templated":true}]}}