{"id":6539,"date":"2023-02-24T17:57:08","date_gmt":"2023-02-24T16:57:08","guid":{"rendered":"https:\/\/agora.xtec.cat\/iesjulioantonio\/?page_id=6539"},"modified":"2023-05-04T18:24:52","modified_gmt":"2023-05-04T16:24:52","slug":"politica-de-qualitat","status":"publish","type":"page","link":"https:\/\/agora.xtec.cat\/iesjulioantonio\/linstitut\/politica-de-qualitat\/","title":{"rendered":"Pol\u00edtica de qualitat"},"content":{"rendered":"<p>L\u2019<strong>Institut Julio Antonio<\/strong> entra a formar part del <strong>Projecte de Qualitat i Millora Cont\u00ednua (PQiMC)<\/strong> del Departament d\u2019Educaci\u00f3 el setembre del 2022 amb l\u2019objectiu de dissenyar i implementar un sistema de gesti\u00f3 per processos basat en la norma<strong> ISO 9001<\/strong>, i adquirint els seg\u00fcents compromisos:<\/p>\n<ul>\n<li>La millora cont\u00ednua en tots els aspectes del centre.<\/li>\n<li>Satisfer les expectatives i necessitats de l\u2019alumnat oferint els ensenyaments i serveis de qualitat.<\/li>\n<li>Contribuir a assolir els objectius que la societat li assigna com a instituci\u00f3 educativa.<\/li>\n<li>Implicar al conjunt de l\u2019equip hum\u00e0 de l\u2019institut per obtenir un alt nivell de satisfacci\u00f3 de la comunitat educativa.<\/li>\n<\/ul>\n<p>La Direcci\u00f3 fa aquesta pol\u00edtica accessible i la posa a disposici\u00f3 dels seus grups d\u2019inter\u00e8s.<\/p>\n<p>La Pol\u00edtica es mant\u00e9 al dia mitjan\u00e7ant revisions peri\u00f2diques, coincidint amb les revisions del sistema per part de la direcci\u00f3, amb la finalitat que tingui en compte els canvis en les condicions de l\u2019entorn i la informaci\u00f3 rebuda. En aquest sentit la direcci\u00f3 proporciona tots els mitjans necessaris per arribar als objectius i metes programats.<\/p>\n<p>S\u2019exclou el punt 8.3 de la norma ISO 9001, de disseny o desenvolupament dels productes i serveis, perqu\u00e8 el departament d\u2019educaci\u00f3 \u00e9s el responsable del curr\u00edculum educatiu.<\/p>\n<p><strong>Abast<br \/>\n<\/strong><br \/>\nL\u2019Institut Julio Antonio es compromet a implantar el Sistema de Gesti\u00f3 de Qualitat en tots els seus estudis, \u00e9s a dir:<\/p>\n<ul>\n<li>Educaci\u00f3 Secundaria Obligat\u00f2ria<\/li>\n<li>Batxillerat (en totes les modalitats que s\u2019imparteixen al centre)<\/li>\n<li>Formaci\u00f3 Professional de grau mitj\u00e0 i superior de les fam\u00edlies que s\u2019imparteixen<\/li>\n<li>FP B\u00e0sica<\/li>\n<li>Programes de Formaci\u00f3 i Inserci\u00f3 (PFI)<\/li>\n<\/ul>\n","protected":false},"excerpt":{"rendered":"<p>L\u2019Institut Julio Antonio entra a formar part del Projecte de Qualitat i Millora Cont\u00ednua (PQiMC) del Departament d\u2019Educaci\u00f3 el setembre del 2022 amb l\u2019objectiu de dissenyar i implementar un sistema de gesti\u00f3 per processos basat en la norma ISO 9001, i adquirint els seg\u00fcents compromisos: La millora cont\u00ednua en tots els aspectes del centre. Satisfer [&hellip;]<\/p>\n","protected":false},"author":14,"featured_media":0,"parent":19,"menu_order":9,"comment_status":"closed","ping_status":"closed","template":"page-templates\/side-menu.php","meta":{"_bbp_topic_count":0,"_bbp_reply_count":0,"_bbp_total_topic_count":0,"_bbp_total_reply_count":0,"_bbp_voice_count":0,"_bbp_anonymous_reply_count":0,"_bbp_topic_count_hidden":0,"_bbp_reply_count_hidden":0,"_bbp_forum_subforum_count":0,"site-sidebar-layout":"default","site-content-layout":"","ast-site-content-layout":"","site-content-style":"default","site-sidebar-style":"default","ast-global-header-display":"","ast-banner-title-visibility":"","ast-main-header-display":"","ast-hfb-above-header-display":"","ast-hfb-below-header-display":"","ast-hfb-mobile-header-display":"","site-post-title":"","ast-breadcrumbs-content":"","ast-featured-img":"","footer-sml-layout":"","theme-transparent-header-meta":"","adv-header-id-meta":"","stick-header-meta":"","header-above-stick-meta":"","header-main-stick-meta":"","header-below-stick-meta":"","astra-migrate-meta-layouts":"default","ast-page-background-enabled":"default","ast-page-background-meta":{"desktop":{"background-color":"var(--ast-global-color-4)","background-image":"","background-repeat":"repeat","background-position":"center center","background-size":"auto","background-attachment":"scroll","background-type":"","background-media":"","overlay-type":"","overlay-color":"","overlay-opacity":"","overlay-gradient":""},"tablet":{"background-color":"","background-image":"","background-repeat":"repeat","background-position":"center center","background-size":"auto","background-attachment":"scroll","background-type":"","background-media":"","overlay-type":"","overlay-color":"","overlay-opacity":"","overlay-gradient":""},"mobile":{"background-color":"","background-image":"","background-repeat":"repeat","background-position":"center center","background-size":"auto","background-attachment":"scroll","background-type":"","background-media":"","overlay-type":"","overlay-color":"","overlay-opacity":"","overlay-gradient":""}},"ast-content-background-meta":{"desktop":{"background-color":"var(--ast-global-color-5)","background-image":"","background-repeat":"repeat","background-position":"center center","background-size":"auto","background-attachment":"scroll","background-type":"","background-media":"","overlay-type":"","overlay-color":"","overlay-opacity":"","overlay-gradient":""},"tablet":{"background-color":"var(--ast-global-color-5)","background-image":"","background-repeat":"repeat","background-position":"center center","background-size":"auto","background-attachment":"scroll","background-type":"","background-media":"","overlay-type":"","overlay-color":"","overlay-opacity":"","overlay-gradient":""},"mobile":{"background-color":"var(--ast-global-color-5)","background-image":"","background-repeat":"repeat","background-position":"center center","background-size":"auto","background-attachment":"scroll","background-type":"","background-media":"","overlay-type":"","overlay-color":"","overlay-opacity":"","overlay-gradient":""}},"footnotes":""},"class_list":["post-6539","page","type-page","status-publish","hentry"],"post_mailing_queue_ids":[],"_links":{"self":[{"href":"https:\/\/agora.xtec.cat\/iesjulioantonio\/wp-json\/wp\/v2\/pages\/6539","targetHints":{"allow":["GET"]}}],"collection":[{"href":"https:\/\/agora.xtec.cat\/iesjulioantonio\/wp-json\/wp\/v2\/pages"}],"about":[{"href":"https:\/\/agora.xtec.cat\/iesjulioantonio\/wp-json\/wp\/v2\/types\/page"}],"author":[{"embeddable":true,"href":"https:\/\/agora.xtec.cat\/iesjulioantonio\/wp-json\/wp\/v2\/users\/14"}],"replies":[{"embeddable":true,"href":"https:\/\/agora.xtec.cat\/iesjulioantonio\/wp-json\/wp\/v2\/comments?post=6539"}],"version-history":[{"count":2,"href":"https:\/\/agora.xtec.cat\/iesjulioantonio\/wp-json\/wp\/v2\/pages\/6539\/revisions"}],"predecessor-version":[{"id":6756,"href":"https:\/\/agora.xtec.cat\/iesjulioantonio\/wp-json\/wp\/v2\/pages\/6539\/revisions\/6756"}],"up":[{"embeddable":true,"href":"https:\/\/agora.xtec.cat\/iesjulioantonio\/wp-json\/wp\/v2\/pages\/19"}],"wp:attachment":[{"href":"https:\/\/agora.xtec.cat\/iesjulioantonio\/wp-json\/wp\/v2\/media?parent=6539"}],"curies":[{"name":"wp","href":"https:\/\/api.w.org\/{rel}","templated":true}]}}