{"id":5461,"date":"2022-02-08T09:52:14","date_gmt":"2022-02-08T08:52:14","guid":{"rendered":"https:\/\/agora.xtec.cat\/iesjulioantonio\/?page_id=5461"},"modified":"2025-10-28T14:00:24","modified_gmt":"2025-10-28T13:00:24","slug":"normalitzacio-linguistica","status":"publish","type":"page","link":"https:\/\/agora.xtec.cat\/iesjulioantonio\/projectes\/normalitzacio-linguistica\/","title":{"rendered":"Recursos did\u00e0ctics audiovisuals"},"content":{"rendered":"<p>A comen\u00e7aments del mes de novembre de 2021, el conseller d\u2019Educaci\u00f3 va fer p\u00fablica la voluntat del Departament de revertir tend\u00e8ncia a la regressi\u00f3 que experimenta actualment el catal\u00e0 com a llengua de l\u2019ensenyament a Catalunya, i que ha arribat fins al punt que, ja ara, la majoria de classes a quart d\u2019ESO no es facin en llengua catalana (de fet, s\u2019estaria per dessota del 47% de classes en catal\u00e0 en aquest nivell educatiu, al Principat, i moltes menys al Pa\u00eds Valenci\u00e0 i a les Illes Balears, per no parlar del que passa a la Franja de Ponent i a la Catalunya Nord, on el catal\u00e0 es mou entre la proscripci\u00f3 i la toler\u00e0ncia condicional).<\/p>\n<p><a href=\"https:\/\/agora.xtec.cat\/iesjulioantonio\/wp-content\/uploads\/usu942\/2022\/02\/cosadetots.png\"><img loading=\"lazy\" decoding=\"async\" class=\"wp-image-5469 aligncenter\" src=\"https:\/\/agora.xtec.cat\/iesjulioantonio\/wp-content\/uploads\/usu942\/2022\/02\/cosadetots.png\" alt=\"\" width=\"233\" height=\"195\" srcset=\"https:\/\/agora.xtec.cat\/iesjulioantonio\/wp-content\/uploads\/usu942\/2022\/02\/cosadetots.png 350w, https:\/\/agora.xtec.cat\/iesjulioantonio\/wp-content\/uploads\/usu942\/2022\/02\/cosadetots-300x250.png 300w\" sizes=\"auto, (max-width: 233px) 100vw, 233px\" \/><\/a><\/p>\n<p>\u00c9s voluntat del Departament que, a tots els centres educatius del pa\u00eds, es cre\u00efn grups impulsors de la normalitzaci\u00f3 ling\u00fc\u00edstica, \u00e9s a dir, grups que promoguin la restituci\u00f3 al catal\u00e0 del car\u00e0cter llengua normal de l\u2019ensenyament a Catalunya, perqu\u00e8 el nostre pa\u00eds tingui una escola en la seua llengua, de la mateixa manera que les escoles del domini ling\u00fc\u00edstic castell\u00e0 tenen escoles en la que els hi \u00e9s pr\u00f2pia. Es tractaria, per tant, de promoure la igualtat, tamb\u00e9 en l\u2019\u00e0mbit ling\u00fc\u00edstic, de la mateixa manera que la promovem en la resta d\u2019\u00e0mbits.<\/p>\n<p>La idea \u00e9s que, en quatre anys, aquests grups impulsors arribin a tots els centres del Principat i, mentrestant, dotar-los de recursos i eines d\u2019an\u00e0lisi de la situaci\u00f3 socioling\u00fc\u00edstica que els permetin, per un costat, fer un diagn\u00f2stic del punt de partida i, per un altre costat, avan\u00e7ar cap all\u00f2 que seria la situaci\u00f3 ideal, \u00e9s a dir, aquella que es donaria de no haver estat la hist\u00f2ria de la nostra llengua i, per tant el nostre poble, la que ha estat.<\/p>\n<h3>GUIA DE CONFIGURACI\u00d3 DE DISPOSITIUS ELECTR\u00d2NICS EN CATAL\u00c0<\/h3>\n<ul>\n<li><a href=\"https:\/\/configura.cat\/\">CONFIGURA.CAT<\/a><\/li>\n<\/ul>\n<h3>P\u00c0GINES AMB MATERIALS AUDIOVISUALS EN CATAL\u00c0:<\/h3>\n<ul>\n<li><a href=\"http:\/\/mecanoscrit.cat\/et-donem-la-benvinguda-a-mecanoscrit\">Mecanoscrit<\/a><\/li>\n<li><a href=\"http:\/\/www.totsrucs.cat\/\">Totsrucs<\/a><\/li>\n<li><a href=\"https:\/\/www.filmin.cat\/\">FilminCat<\/a><\/li>\n<li><a href=\"https:\/\/www.audio.cat\/\">Audiocat. El m\u00f3n del p\u00f2dcast en catal\u00e0<\/a>.<\/li>\n<li><a href=\"https:\/\/www.gaming.cat\/\">Gaming.cat<\/a><\/li>\n<li><a href=\"https:\/\/www.youtubers.cat\/\">Youtubers.cat<\/a><\/li>\n<li><a href=\"https:\/\/xn--valenubers-s6a.com\/\">Valenubers<\/a><\/li>\n<li><a href=\"https:\/\/www.facebook.com\/cinema.cat\/\">Cinema.cat (Facebook)<\/a><\/li>\n<li><a href=\"https:\/\/www.desdelsofa.cat\/\">Des del sof\u00e0<\/a><\/li>\n<li><a href=\"https:\/\/twitter.com\/DoblatgeCatala?ref_src=twsrc%5Egoogle%7Ctwcamp%5Eserp%7Ctwgr%5Eauthor\">Doblatge en Catal\u00e0<\/a><\/li>\n<li><a href=\"https:\/\/goitaquefanara.cat\/\">Goita qu\u00e8 fan, ara!<\/a><\/li>\n<li><a href=\"https:\/\/www.clapclap.cat\/\">CLAPCLAP, la nova plataforma de contingut 100% en catal\u00e0<\/a><\/li>\n<li><a href=\"https:\/\/t.me\/joinchat\/V1xRWUOPwonnEiLp\">Cinema en catal\u00e0<\/a><\/li>\n<li><a href=\"https:\/\/llengua.gencat.cat\/ca\/serveis\/06_catala_llengua_digital\/cercapps\/\">Cercaapps<\/a><\/li>\n<li><a href=\"https:\/\/chrome.google.com\/webstore\/detail\/netflix-en-catal%C3%A0\/pildnmphneflliojmajoldmclijolfel\">Netflix en catal\u00e0<\/a><\/li>\n<li><a href=\"https:\/\/www.elmood.info\/\">El MOOD. Revista digital juvenil: la teua revista de confi<\/a><\/li>\n<\/ul>\n<h3>P\u00c0GINES AMB RECURSOS DID\u00c0CTICS AUDIOVISUALS EN CATAL\u00c0:<\/h3>\n<ul>\n<li><a style=\"color: #2795b6; font-size: 16px;\" href=\"https:\/\/www.ccma.cat\/tv3\/sx3\/supercampus\/\"><span style=\"color: #ff0000;\"><b>Plataforma SuperCampus-Sx3<\/b><\/span><\/a> \u00a0<img loading=\"lazy\" decoding=\"async\" class=\"alignnone wp-image-7646\" src=\"https:\/\/agora.xtec.cat\/iesjulioantonio\/wp-content\/uploads\/usu942\/2024\/05\/nou.png\" alt=\"\" width=\"36\" height=\"32\" srcset=\"https:\/\/agora.xtec.cat\/iesjulioantonio\/wp-content\/uploads\/usu942\/2024\/05\/nou.png 460w, https:\/\/agora.xtec.cat\/iesjulioantonio\/wp-content\/uploads\/usu942\/2024\/05\/nou-300x263.png 300w\" sizes=\"auto, (max-width: 36px) 100vw, 36px\" \/><\/li>\n<li><a href=\"http:\/\/www.edu3.cat\/Edu3tv\/Inici\">Edu3.cat<\/a><\/li>\n<li><a href=\"https:\/\/www.ccma.cat\/tv3\/super3\/infok\/\">InfoK (CCMA)<\/a><\/li>\n<li><a href=\"https:\/\/www.facebook.com\/cinema.cat\/\">Cinema.CAT &#8211; Inici | Facebook<\/a><\/li>\n<li><a href=\"http:\/\/www.xtec.cat\/~aguiu1\/socials\/03.htm\">El Web de les Ci\u00e8ncies Socials a l&#8217;ESO i al Batxillerat (xtec.cat)<\/a><\/li>\n<li><a href=\"https:\/\/www.youtube.com\/c\/NeuronesFregides\">Neurones Fregides &#8211; YouTube<\/a><\/li>\n<li><a href=\"https:\/\/www.lapissarra.cat\/materies\/\">Mat\u00e8ries \u2013 La Pissarra<\/a><\/li>\n<li><a href=\"https:\/\/historiata.wordpress.com\/que-es-historiata\/\">HISTORIATA. Recursos educatius per a l\u2019\u00e0rea de Ci\u00e8ncies Socials, Geografia i Hist\u00f2ria de l\u2019ESO i del Batxillerat.<\/a><\/li>\n<li><a href=\"https:\/\/www.youtube.com\/channel\/UCddqaHGYN3dAA5Wa7mJTI8A\">EL RACONET D&#8217;APRENENTATGE. Recursos per a matem\u00e0tiques.<\/a><\/li>\n<li><a href=\"https:\/\/habilis.cat\/categoria\/recursos\/\">Habilis, aprendre amb les mans<\/a>.<\/li>\n<li><a href=\"https:\/\/www.youtube.com\/@veritasiumcatala\">Veritasium<\/a>:<\/li>\n<li><a href=\"https:\/\/educacio.intersindical-csc.cat\/2021\/01\/25\/recursos-en-linia-per-a-lensenyament-del-catala-a-nouvinguts\/\">Recursos per a l&#8217;ensenyament del catal\u00e0 als nouvinguts<\/a><\/li>\n<li><a style=\"font-family: inherit; font-size: 1em;\" href=\"https:\/\/www.filoselectivitat.cat\/\">Filoselectivitat <\/a><\/li>\n<li><a style=\"font-family: inherit; font-size: 1em;\" href=\"https:\/\/commons.wikimedia.org\/wiki\/Category:Videos_in_Catalan_by_Ikusgela\">V\u00eddeos sobre fil\u00f2sofs<\/a><span style=\"font-family: inherit; font-size: 1em;\">\u00a0<\/span><\/li>\n<li><a href=\"https:\/\/arqueopodcast.mac.cat\/\">Arqueopodcast junior<\/a><\/li>\n<li><a href=\"https:\/\/www.ccma.cat\/catradio\/alacarta\/el-suplement\/la-terra-es-plana\/fitxa-programa\/seccio\/1358\/6289\/\">La terra \u00e9s plana. Podcast de ci\u00e8ncies naturals<\/a><\/li>\n<li><a href=\"https:\/\/youtube.com\/@viarapidavideo?feature=shared\">Via r\u00e0pida. V\u00eddeos per a totes les mat\u00e8ries<\/a>.<\/li>\n<\/ul>\n<p><a href=\"https:\/\/www.campaign-index.com\/view.php?J=P8ptptvHXuWIW6d892DsAM7gMZw3qC4I1KHXlWtfZtEV0&amp;C=qIxke1ZNhLkHHTFomLv4vQ\"><img loading=\"lazy\" decoding=\"async\" class=\"alignnone size-large wp-image-5655\" src=\"https:\/\/agora.xtec.cat\/iesjulioantonio\/wp-content\/uploads\/usu942\/2022\/04\/triptic-No-texcusis-professorat-web-v4-page-001-525x1024.jpg\" alt=\"\" width=\"525\" height=\"1024\" srcset=\"https:\/\/agora.xtec.cat\/iesjulioantonio\/wp-content\/uploads\/usu942\/2022\/04\/triptic-No-texcusis-professorat-web-v4-page-001-525x1024.jpg 525w, https:\/\/agora.xtec.cat\/iesjulioantonio\/wp-content\/uploads\/usu942\/2022\/04\/triptic-No-texcusis-professorat-web-v4-page-001-154x300.jpg 154w, https:\/\/agora.xtec.cat\/iesjulioantonio\/wp-content\/uploads\/usu942\/2022\/04\/triptic-No-texcusis-professorat-web-v4-page-001-768x1498.jpg 768w, https:\/\/agora.xtec.cat\/iesjulioantonio\/wp-content\/uploads\/usu942\/2022\/04\/triptic-No-texcusis-professorat-web-v4-page-001-787x1536.jpg 787w, https:\/\/agora.xtec.cat\/iesjulioantonio\/wp-content\/uploads\/usu942\/2022\/04\/triptic-No-texcusis-professorat-web-v4-page-001.jpg 877w\" sizes=\"auto, (max-width: 525px) 100vw, 525px\" \/><\/a><\/p>\n","protected":false},"excerpt":{"rendered":"<p>A comen\u00e7aments del mes de novembre de 2021, el conseller d\u2019Educaci\u00f3 va fer p\u00fablica la voluntat del Departament de revertir tend\u00e8ncia a la regressi\u00f3 que experimenta actualment el catal\u00e0 com a llengua de l\u2019ensenyament a Catalunya, i que ha arribat fins al punt que, ja ara, la majoria de classes a quart d\u2019ESO no es [&hellip;]<\/p>\n","protected":false},"author":14,"featured_media":0,"parent":3799,"menu_order":0,"comment_status":"closed","ping_status":"closed","template":"","meta":{"_bbp_topic_count":0,"_bbp_reply_count":0,"_bbp_total_topic_count":0,"_bbp_total_reply_count":0,"_bbp_voice_count":0,"_bbp_anonymous_reply_count":0,"_bbp_topic_count_hidden":0,"_bbp_reply_count_hidden":0,"_bbp_forum_subforum_count":0,"site-sidebar-layout":"default","site-content-layout":"","ast-site-content-layout":"default","site-content-style":"default","site-sidebar-style":"default","ast-global-header-display":"","ast-banner-title-visibility":"","ast-main-header-display":"","ast-hfb-above-header-display":"","ast-hfb-below-header-display":"","ast-hfb-mobile-header-display":"","site-post-title":"","ast-breadcrumbs-content":"","ast-featured-img":"","footer-sml-layout":"","theme-transparent-header-meta":"","adv-header-id-meta":"","stick-header-meta":"","header-above-stick-meta":"","header-main-stick-meta":"","header-below-stick-meta":"","astra-migrate-meta-layouts":"set","ast-page-background-enabled":"default","ast-page-background-meta":{"desktop":{"background-color":"var(--ast-global-color-4)","background-image":"","background-repeat":"repeat","background-position":"center center","background-size":"auto","background-attachment":"scroll","background-type":"","background-media":"","overlay-type":"","overlay-color":"","overlay-opacity":"","overlay-gradient":""},"tablet":{"background-color":"","background-image":"","background-repeat":"repeat","background-position":"center center","background-size":"auto","background-attachment":"scroll","background-type":"","background-media":"","overlay-type":"","overlay-color":"","overlay-opacity":"","overlay-gradient":""},"mobile":{"background-color":"","background-image":"","background-repeat":"repeat","background-position":"center center","background-size":"auto","background-attachment":"scroll","background-type":"","background-media":"","overlay-type":"","overlay-color":"","overlay-opacity":"","overlay-gradient":""}},"ast-content-background-meta":{"desktop":{"background-color":"var(--ast-global-color-5)","background-image":"","background-repeat":"repeat","background-position":"center center","background-size":"auto","background-attachment":"scroll","background-type":"","background-media":"","overlay-type":"","overlay-color":"","overlay-opacity":"","overlay-gradient":""},"tablet":{"background-color":"var(--ast-global-color-5)","background-image":"","background-repeat":"repeat","background-position":"center center","background-size":"auto","background-attachment":"scroll","background-type":"","background-media":"","overlay-type":"","overlay-color":"","overlay-opacity":"","overlay-gradient":""},"mobile":{"background-color":"var(--ast-global-color-5)","background-image":"","background-repeat":"repeat","background-position":"center center","background-size":"auto","background-attachment":"scroll","background-type":"","background-media":"","overlay-type":"","overlay-color":"","overlay-opacity":"","overlay-gradient":""}},"footnotes":""},"class_list":["post-5461","page","type-page","status-publish","hentry"],"post_mailing_queue_ids":[],"_links":{"self":[{"href":"https:\/\/agora.xtec.cat\/iesjulioantonio\/wp-json\/wp\/v2\/pages\/5461","targetHints":{"allow":["GET"]}}],"collection":[{"href":"https:\/\/agora.xtec.cat\/iesjulioantonio\/wp-json\/wp\/v2\/pages"}],"about":[{"href":"https:\/\/agora.xtec.cat\/iesjulioantonio\/wp-json\/wp\/v2\/types\/page"}],"author":[{"embeddable":true,"href":"https:\/\/agora.xtec.cat\/iesjulioantonio\/wp-json\/wp\/v2\/users\/14"}],"replies":[{"embeddable":true,"href":"https:\/\/agora.xtec.cat\/iesjulioantonio\/wp-json\/wp\/v2\/comments?post=5461"}],"version-history":[{"count":6,"href":"https:\/\/agora.xtec.cat\/iesjulioantonio\/wp-json\/wp\/v2\/pages\/5461\/revisions"}],"predecessor-version":[{"id":8813,"href":"https:\/\/agora.xtec.cat\/iesjulioantonio\/wp-json\/wp\/v2\/pages\/5461\/revisions\/8813"}],"up":[{"embeddable":true,"href":"https:\/\/agora.xtec.cat\/iesjulioantonio\/wp-json\/wp\/v2\/pages\/3799"}],"wp:attachment":[{"href":"https:\/\/agora.xtec.cat\/iesjulioantonio\/wp-json\/wp\/v2\/media?parent=5461"}],"curies":[{"name":"wp","href":"https:\/\/api.w.org\/{rel}","templated":true}]}}