{"id":522,"date":"2016-03-08T22:27:43","date_gmt":"2016-03-08T21:27:43","guid":{"rendered":"http:\/\/agora.xtec.cat\/iesjulioantonio\/?page_id=522"},"modified":"2025-09-07T06:57:38","modified_gmt":"2025-09-07T04:57:38","slug":"horaris-2","status":"publish","type":"page","link":"https:\/\/agora.xtec.cat\/iesjulioantonio\/linstitut\/horaris-2\/","title":{"rendered":"Horari Centre"},"content":{"rendered":"<table style=\"width: 787px;\" border=\"1\" width=\"739\" cellspacing=\"0\" cellpadding=\"0\">\n<tbody>\n<tr style=\"height: 55px;\">\n<td style=\"width: 216px; height: 55px;\">\n<p align=\"center\"><b>CENTRE<\/b><\/p>\n<\/td>\n<td style=\"width: 569px; height: 55px;\">De dilluns a divendres, de 8h a 21:30h<\/td>\n<\/tr>\n<tr style=\"height: 55px;\">\n<td style=\"width: 216px; height: 55px;\">\n<p align=\"center\"><b>SECRETARIA<\/b><\/p>\n<\/td>\n<td style=\"width: 569px; height: 55px;\">De dilluns a divendres, de 10 a 13:30 h<\/td>\n<\/tr>\n<tr style=\"height: 55px;\">\n<td style=\"width: 216px; height: 55px;\">\n<p align=\"center\"><b>DIRECCI\u00d3<\/b><\/p>\n<\/td>\n<td style=\"width: 569px; height: 55px;\">De dilluns a divendres, de 8:30h a 15h<\/td>\n<\/tr>\n<\/tbody>\n<\/table>\n<p>Ensenyaments:<\/p>\n<table style=\"height: 603px; width: 91.4155%;\" border=\"1\" width=\"739\" cellspacing=\"0\" cellpadding=\"0\">\n<tbody>\n<tr style=\"height: 55px;\">\n<td style=\"width: 27.5229%; height: 55px;\">\n<p align=\"center\"><b>ESO<\/b><\/p>\n<\/td>\n<td style=\"width: 72.133%; height: 55px;\">De dilluns a divendres, de 8:30h a 15h (tots els cursos)<\/td>\n<\/tr>\n<tr style=\"height: 56px;\">\n<td style=\"width: 27.5229%; height: 56px;\">\n<p align=\"center\"><b>BATXILLERAT<\/b><\/p>\n<\/td>\n<td style=\"width: 72.133%; height: 56px;\">De dilluns a divendres, de 8:30h a 15h (tots els cursos)<\/td>\n<\/tr>\n<tr style=\"height: 133px;\">\n<td style=\"width: 27.5229%; height: 133px;\">\n<p align=\"center\"><b>CFGB Inform\u00e0tica d&#8217;Oficina<\/b><\/p>\n<\/td>\n<td style=\"width: 72.133%; height: 133px;\">\n<ul>\n<li>1r: Dilluns: 8:30 a 15h. De dimarts a divendres, 8:30 a 14h.<\/li>\n<li>2n: Dilluns: 8:30-13h. De dimarts a dijous: 8:30 a 14h. Divendres de 8:30 a 11:30h.<\/li>\n<\/ul>\n<\/td>\n<\/tr>\n<tr style=\"height: 46px;\">\n<td style=\"width: 27.5229%; height: 33px;\">\n<p align=\"center\"><b>CFGM Gesti\u00f3 Administrativa<\/b><\/p>\n<\/td>\n<td style=\"width: 72.133%; height: 33px;\">\n<ul>\n<li>1r: Dilluns: 8:30 a 13h. De dimarts a divendres, 8:30 a 14h.<\/li>\n<li>2n: Dilluns i dimarts: 8:30-13h. De dimecres a divendres de 8:30 a 14h.<\/li>\n<\/ul>\n<\/td>\n<\/tr>\n<tr style=\"height: 61px;\">\n<td style=\"width: 27.5229%; height: 61px;\">\n<p align=\"center\"><b>CFGM Electromec\u00e0nica<\/b><\/p>\n<\/td>\n<td style=\"width: 72.133%; height: 61px;\" valign=\"top\">\n<ul>\n<li>1r: De dilluns a divendres 8:30 a 14h.<\/li>\n<li>2n: Dilluns i divendres 8:30 a 14h. De dimarts a dijous 8:30 a 13h.<\/li>\n<\/ul>\n<\/td>\n<\/tr>\n<tr style=\"height: 49px;\">\n<td style=\"width: 27.5229%; height: 49px;\">\n<p align=\"center\"><b>CFGM Inform\u00e0tica<\/b><\/p>\n<\/td>\n<td style=\"width: 72.133%; height: 49px;\" valign=\"top\">\n<ul>\n<li>1r: Dilluns a divendres 8:30 a 14h.<\/li>\n<li>2n: Dilluns, dimarts i dijous de 15 a 20:30h. Dimecres de 17 a 20:30h. Divendres de 15 a 19:30h.<\/li>\n<\/ul>\n<\/td>\n<\/tr>\n<tr style=\"height: 12px;\">\n<td style=\"width: 27.5229%; height: 12px;\"><strong>CFGM Atenci\u00f3 a persones en situaci\u00f3 de depend\u00e8ncia<\/strong><\/td>\n<td style=\"width: 72.133%; height: 12px;\" valign=\"top\">\n<ul>\n<li>1r: Dilluns, dimarts i dijous de 8:30-14h. Dimecres de 8:30-15h. Divendres de 8:30-13h<\/li>\n<li>2n: de dilluns a dijous 8:30-15h.<\/li>\n<\/ul>\n<\/td>\n<\/tr>\n<tr style=\"height: 79px;\">\n<td style=\"width: 27.5229%; text-align: center; height: 79px;\"><strong>CFGS Educaci\u00f3 Infantil<\/strong><\/td>\n<td style=\"width: 72.133%; height: 79px;\">\n<ul>\n<li>1r: Dilluns a divendres 8:30 a 14h.<\/li>\n<li>2n: De dimarts a divendres de 8:30-15h.<\/li>\n<\/ul>\n<\/td>\n<\/tr>\n<tr style=\"height: 10px;\">\n<td style=\"width: 27.5229%; height: 10px;\">\n<p align=\"center\"><b>PFI Serralleria<\/b><b><\/b><\/p>\n<\/td>\n<td style=\"width: 72.133%; height: 10px;\" valign=\"top\">De dilluns a divendres de 8:30h a 15h.<\/td>\n<\/tr>\n<tr style=\"height: 57px;\">\n<td style=\"width: 27.5229%; height: 57px;\">\n<p align=\"center\"><b>PFI Vendes<\/b><\/p>\n<\/td>\n<td style=\"width: 72.133%; height: 57px;\">De dilluns a divendres de 8:30h a 15h.<\/td>\n<\/tr>\n<\/tbody>\n<\/table>\n<p>L&#8217;horari d&#8217;esbarjo per ESO-BATXILLERAT i CF\/PFI VENDES \u00e9s de 11:30h &#8211; 12h.<br \/>\nL&#8217;horari d&#8217;esbarjo per PFI Serralleria \u00e9s de 18h &#8211; 18:30h.<\/p>\n","protected":false},"excerpt":{"rendered":"<p>CENTRE De dilluns a divendres, de 8h a 21:30h SECRETARIA De dilluns a divendres, de 10 a 13:30 h DIRECCI\u00d3 De dilluns a divendres, de 8:30h a 15h Ensenyaments: ESO De dilluns a divendres, de 8:30h a 15h (tots els cursos) BATXILLERAT De dilluns a divendres, de 8:30h a 15h (tots els cursos) CFGB Inform\u00e0tica [&hellip;]<\/p>\n","protected":false},"author":1,"featured_media":0,"parent":19,"menu_order":4,"comment_status":"closed","ping_status":"closed","template":"","meta":{"_bbp_topic_count":0,"_bbp_reply_count":0,"_bbp_total_topic_count":0,"_bbp_total_reply_count":0,"_bbp_voice_count":0,"_bbp_anonymous_reply_count":0,"_bbp_topic_count_hidden":0,"_bbp_reply_count_hidden":0,"_bbp_forum_subforum_count":0,"site-sidebar-layout":"default","site-content-layout":"","ast-site-content-layout":"default","site-content-style":"default","site-sidebar-style":"default","ast-global-header-display":"","ast-banner-title-visibility":"","ast-main-header-display":"","ast-hfb-above-header-display":"","ast-hfb-below-header-display":"","ast-hfb-mobile-header-display":"","site-post-title":"","ast-breadcrumbs-content":"","ast-featured-img":"","footer-sml-layout":"","theme-transparent-header-meta":"","adv-header-id-meta":"","stick-header-meta":"","header-above-stick-meta":"","header-main-stick-meta":"","header-below-stick-meta":"","astra-migrate-meta-layouts":"set","ast-page-background-enabled":"default","ast-page-background-meta":{"desktop":{"background-color":"var(--ast-global-color-4)","background-image":"","background-repeat":"repeat","background-position":"center center","background-size":"auto","background-attachment":"scroll","background-type":"","background-media":"","overlay-type":"","overlay-color":"","overlay-opacity":"","overlay-gradient":""},"tablet":{"background-color":"","background-image":"","background-repeat":"repeat","background-position":"center center","background-size":"auto","background-attachment":"scroll","background-type":"","background-media":"","overlay-type":"","overlay-color":"","overlay-opacity":"","overlay-gradient":""},"mobile":{"background-color":"","background-image":"","background-repeat":"repeat","background-position":"center center","background-size":"auto","background-attachment":"scroll","background-type":"","background-media":"","overlay-type":"","overlay-color":"","overlay-opacity":"","overlay-gradient":""}},"ast-content-background-meta":{"desktop":{"background-color":"var(--ast-global-color-5)","background-image":"","background-repeat":"repeat","background-position":"center center","background-size":"auto","background-attachment":"scroll","background-type":"","background-media":"","overlay-type":"","overlay-color":"","overlay-opacity":"","overlay-gradient":""},"tablet":{"background-color":"var(--ast-global-color-5)","background-image":"","background-repeat":"repeat","background-position":"center center","background-size":"auto","background-attachment":"scroll","background-type":"","background-media":"","overlay-type":"","overlay-color":"","overlay-opacity":"","overlay-gradient":""},"mobile":{"background-color":"var(--ast-global-color-5)","background-image":"","background-repeat":"repeat","background-position":"center center","background-size":"auto","background-attachment":"scroll","background-type":"","background-media":"","overlay-type":"","overlay-color":"","overlay-opacity":"","overlay-gradient":""}},"footnotes":""},"class_list":["post-522","page","type-page","status-publish","hentry"],"post_mailing_queue_ids":[],"_links":{"self":[{"href":"https:\/\/agora.xtec.cat\/iesjulioantonio\/wp-json\/wp\/v2\/pages\/522","targetHints":{"allow":["GET"]}}],"collection":[{"href":"https:\/\/agora.xtec.cat\/iesjulioantonio\/wp-json\/wp\/v2\/pages"}],"about":[{"href":"https:\/\/agora.xtec.cat\/iesjulioantonio\/wp-json\/wp\/v2\/types\/page"}],"author":[{"embeddable":true,"href":"https:\/\/agora.xtec.cat\/iesjulioantonio\/wp-json\/wp\/v2\/users\/1"}],"replies":[{"embeddable":true,"href":"https:\/\/agora.xtec.cat\/iesjulioantonio\/wp-json\/wp\/v2\/comments?post=522"}],"version-history":[{"count":3,"href":"https:\/\/agora.xtec.cat\/iesjulioantonio\/wp-json\/wp\/v2\/pages\/522\/revisions"}],"predecessor-version":[{"id":8728,"href":"https:\/\/agora.xtec.cat\/iesjulioantonio\/wp-json\/wp\/v2\/pages\/522\/revisions\/8728"}],"up":[{"embeddable":true,"href":"https:\/\/agora.xtec.cat\/iesjulioantonio\/wp-json\/wp\/v2\/pages\/19"}],"wp:attachment":[{"href":"https:\/\/agora.xtec.cat\/iesjulioantonio\/wp-json\/wp\/v2\/media?parent=522"}],"curies":[{"name":"wp","href":"https:\/\/api.w.org\/{rel}","templated":true}]}}