{"id":514,"date":"2016-03-08T22:17:24","date_gmt":"2016-03-08T21:17:24","guid":{"rendered":"http:\/\/agora.xtec.cat\/iesjulioantonio\/?page_id=514"},"modified":"2023-02-24T18:03:02","modified_gmt":"2023-02-24T17:03:02","slug":"dades-dinteres","status":"publish","type":"page","link":"https:\/\/agora.xtec.cat\/iesjulioantonio\/linstitut\/dades-dinteres\/","title":{"rendered":"Dades d&#8217;inter\u00e8s"},"content":{"rendered":"<table class=\"alignleft\" style=\"height: 523px;\" border=\"1\" width=\"432\" cellpadding=\"0\">\n<tbody>\n<tr>\n<td colspan=\"2\">\n<p align=\"center\"><b>1. DADES D\u2019INTER\u00c8S DEL CENTRE<\/b><\/p>\n<\/td>\n<\/tr>\n<tr>\n<td width=\"150\">TEL\u00c8FON:<\/td>\n<td>\n<p align=\"right\">977 40 01 21 i 977 40 35 40<\/p>\n<\/td>\n<\/tr>\n<tr>\n<td>FAX:<\/td>\n<td>\n<p align=\"right\">977-402547<\/p>\n<\/td>\n<\/tr>\n<tr>\n<td>E-MAIL:<\/td>\n<td>\n<p align=\"right\"><a href=\"mailto:e3007129@xtec.cat\">e3007129@xtec.cat <\/a><\/p>\n<\/td>\n<\/tr>\n<tr>\n<td>P\u00c0GINA WEB:<\/td>\n<td>\n<p style=\"text-align: right;\"><a href=\"https:\/\/agora.xtec.cat\/iesjulioantonio\/\">https:\/\/agora.xtec.cat\/iesjulioantonio\/<\/a><\/p>\n<\/td>\n<\/tr>\n<tr>\n<td>ADRE\u00c7A:<\/td>\n<td>\n<p align=\"right\">Avinguda Comarques Catalanes 103. 43740 M\u00f3ra d\u2019Ebre<\/p>\n<\/td>\n<\/tr>\n<tr>\n<td>CODI CENTRE:<\/td>\n<td>\n<p align=\"right\">43007129<\/p>\n<\/td>\n<\/tr>\n<tr>\n<td>NIF:<\/td>\n<td>\n<p align=\"right\">Q9355003F<\/p>\n<\/td>\n<\/tr>\n<\/tbody>\n<\/table>\n<table style=\"height: 1459px;\" border=\"1\" width=\"430\" cellpadding=\"0\">\n<tbody>\n<tr>\n<td colspan=\"2\">\n<p align=\"center\"><b>ALTRES:<\/b><\/p>\n<\/td>\n<\/tr>\n<tr>\n<td><a href=\"http:\/\/www10.gencat.net\/pls\/ense_noti\/p03.chos_tema?v_deleg=09\">SS.TT. Terres de l\u2019Ebre<\/a><\/td>\n<td>977-448711<br \/>\n977-445511<br \/>\n977-511371 (FAX)<\/td>\n<\/tr>\n<tr>\n<td><a href=\"http:\/\/www.xtec.cat\/centres\/e3010980\">EOI Ribera d\u2019Ebre<\/a><\/td>\n<td>977-414357<br \/>\n675783938<\/td>\n<\/tr>\n<tr>\n<td><a href=\"https:\/\/agora.xtec.cat\/cfa-riberadebre\/\">CFA Ribera d&#8217;Ebre<\/a><\/td>\n<td>977-402779<\/td>\n<\/tr>\n<tr>\n<td><a href=\"http:\/\/www.xtec.es\/sgfp\/crp\/xarxa08.htm\">CRP Ribera d\u2019Ebre<\/a><\/td>\n<td>977-402860<\/td>\n<\/tr>\n<tr>\n<td>EAP Ribera d\u2019Ebre<\/td>\n<td>977-402369<\/td>\n<\/tr>\n<tr>\n<td><a href=\"http:\/\/www.xtec.es\/centres\/e3007233\">IES Flix<\/a><\/td>\n<td>977-410459<\/td>\n<\/tr>\n<tr>\n<td><a href=\"http:\/\/www.xtec.es\/iesterraalta\">IES Terra Alta<\/a><\/td>\n<td>977-420195<\/td>\n<\/tr>\n<tr>\n<td><a href=\"http:\/\/www.xtec.es\/centres\/e3001681\">CEIP Llu\u00eds Vi\u00f1as:<\/a><\/td>\n<td>977-400314<\/td>\n<\/tr>\n<tr>\n<td><a href=\"http:\/\/www.xtec.es\/col-santateresa\">Col\u00b7legi Santa Teresa:<\/a><\/td>\n<td>977-400123<\/td>\n<\/tr>\n<tr>\n<td>Llar d\u2019infants Xicalla:<\/td>\n<td>977-403054<\/td>\n<\/tr>\n<tr>\n<td>Llar d\u2019infants La Morera:<\/td>\n<td>977-401360<\/td>\n<\/tr>\n<tr>\n<td><a href=\"http:\/\/www.xtec.es\/cee-jeronimoragas-cerdanyola\">Jeroni de Moragas<\/a><\/td>\n<td>977-400782<\/td>\n<\/tr>\n<tr>\n<td><a href=\"http:\/\/www.moradebre.cat\/serveis.asp?servei=15\">Escola de M\u00fasica i Dansa<\/a><\/td>\n<td>977-401600<\/td>\n<\/tr>\n<tr>\n<td>Resid\u00e8ncia Natzaret<\/td>\n<td>977-200924<\/td>\n<\/tr>\n<tr>\n<td><a href=\"http:\/\/www.moradebre.cat\/\">Ajuntament de M\u00f3ra d\u2019Ebre:<\/a><\/td>\n<td>977-400012<\/td>\n<\/tr>\n<tr>\n<td><a href=\"http:\/\/www.riberaebre.org\/\">Consell Comarcal:<\/a><\/td>\n<td>977-401851<\/td>\n<\/tr>\n<tr>\n<td>Policia Local:<\/td>\n<td>608-389838<\/td>\n<\/tr>\n<tr>\n<td><a href=\"http:\/\/www.grupsagessa.com\/\">Hospital Comarcal:<\/a><\/td>\n<td>977-401863<br \/>\n977-401702<\/td>\n<\/tr>\n<tr>\n<td><a href=\"http:\/\/www.gencat.net\/ics\/usuaris\/visites.htm\">CAP M\u00f3ra d\u2019Ebre<\/a><\/td>\n<td>977-401302<\/td>\n<\/tr>\n<tr>\n<td>Ambul\u00e0ncies<\/td>\n<td>977-252525<\/td>\n<\/tr>\n<tr>\n<td>Bombers:<\/td>\n<td>085<br \/>\n977-403086<\/td>\n<\/tr>\n<tr>\n<td>Gu\u00e0rdia Civil:<\/td>\n<td>977-403097<\/td>\n<\/tr>\n<tr>\n<td>Protecci\u00f3 Civil<\/td>\n<td>1006<\/td>\n<\/tr>\n<tr>\n<td>Correus i Tel\u00e8graf:<\/td>\n<td>977-400236<\/td>\n<\/tr>\n<tr>\n<td>Estaci\u00f3 d\u2019Autobusos:<\/td>\n<td>977-401291<\/td>\n<\/tr>\n<tr>\n<td><a href=\"http:\/\/www.mtas.es\/\">Institut Nacional de la Seguretat Social:<\/a><\/td>\n<td>977-400040<\/td>\n<\/tr>\n<tr>\n<td><a href=\"http:\/\/www.map.es\/muface\">MUFACE. Tarragona<\/a><\/td>\n<td>977-999001<\/td>\n<\/tr>\n<tr>\n<td>A.P.A<\/td>\n<td>677-096004<\/td>\n<\/tr>\n<\/tbody>\n<\/table>\n","protected":false},"excerpt":{"rendered":"<p>1. DADES D\u2019INTER\u00c8S DEL CENTRE TEL\u00c8FON: 977 40 01 21 i 977 40 35 40 FAX: 977-402547 E-MAIL: e3007129@xtec.cat P\u00c0GINA WEB: https:\/\/agora.xtec.cat\/iesjulioantonio\/ ADRE\u00c7A: Avinguda Comarques Catalanes 103. 43740 M\u00f3ra d\u2019Ebre CODI CENTRE: 43007129 NIF: Q9355003F ALTRES: SS.TT. Terres de l\u2019Ebre 977-448711 977-445511 977-511371 (FAX) EOI Ribera d\u2019Ebre 977-414357 675783938 CFA Ribera d&#8217;Ebre 977-402779 CRP Ribera [&hellip;]<\/p>\n","protected":false},"author":1,"featured_media":0,"parent":19,"menu_order":1,"comment_status":"closed","ping_status":"closed","template":"page-templates\/side-menu.php","meta":{"_bbp_topic_count":0,"_bbp_reply_count":0,"_bbp_total_topic_count":0,"_bbp_total_reply_count":0,"_bbp_voice_count":0,"_bbp_anonymous_reply_count":0,"_bbp_topic_count_hidden":0,"_bbp_reply_count_hidden":0,"_bbp_forum_subforum_count":0,"site-sidebar-layout":"default","site-content-layout":"","ast-site-content-layout":"","site-content-style":"default","site-sidebar-style":"default","ast-global-header-display":"","ast-banner-title-visibility":"","ast-main-header-display":"","ast-hfb-above-header-display":"","ast-hfb-below-header-display":"","ast-hfb-mobile-header-display":"","site-post-title":"","ast-breadcrumbs-content":"","ast-featured-img":"","footer-sml-layout":"","theme-transparent-header-meta":"","adv-header-id-meta":"","stick-header-meta":"","header-above-stick-meta":"","header-main-stick-meta":"","header-below-stick-meta":"","astra-migrate-meta-layouts":"default","ast-page-background-enabled":"default","ast-page-background-meta":{"desktop":{"background-color":"var(--ast-global-color-4)","background-image":"","background-repeat":"repeat","background-position":"center center","background-size":"auto","background-attachment":"scroll","background-type":"","background-media":"","overlay-type":"","overlay-color":"","overlay-opacity":"","overlay-gradient":""},"tablet":{"background-color":"","background-image":"","background-repeat":"repeat","background-position":"center center","background-size":"auto","background-attachment":"scroll","background-type":"","background-media":"","overlay-type":"","overlay-color":"","overlay-opacity":"","overlay-gradient":""},"mobile":{"background-color":"","background-image":"","background-repeat":"repeat","background-position":"center center","background-size":"auto","background-attachment":"scroll","background-type":"","background-media":"","overlay-type":"","overlay-color":"","overlay-opacity":"","overlay-gradient":""}},"ast-content-background-meta":{"desktop":{"background-color":"var(--ast-global-color-5)","background-image":"","background-repeat":"repeat","background-position":"center center","background-size":"auto","background-attachment":"scroll","background-type":"","background-media":"","overlay-type":"","overlay-color":"","overlay-opacity":"","overlay-gradient":""},"tablet":{"background-color":"var(--ast-global-color-5)","background-image":"","background-repeat":"repeat","background-position":"center center","background-size":"auto","background-attachment":"scroll","background-type":"","background-media":"","overlay-type":"","overlay-color":"","overlay-opacity":"","overlay-gradient":""},"mobile":{"background-color":"var(--ast-global-color-5)","background-image":"","background-repeat":"repeat","background-position":"center center","background-size":"auto","background-attachment":"scroll","background-type":"","background-media":"","overlay-type":"","overlay-color":"","overlay-opacity":"","overlay-gradient":""}},"footnotes":""},"class_list":["post-514","page","type-page","status-publish","hentry"],"post_mailing_queue_ids":[],"_links":{"self":[{"href":"https:\/\/agora.xtec.cat\/iesjulioantonio\/wp-json\/wp\/v2\/pages\/514","targetHints":{"allow":["GET"]}}],"collection":[{"href":"https:\/\/agora.xtec.cat\/iesjulioantonio\/wp-json\/wp\/v2\/pages"}],"about":[{"href":"https:\/\/agora.xtec.cat\/iesjulioantonio\/wp-json\/wp\/v2\/types\/page"}],"author":[{"embeddable":true,"href":"https:\/\/agora.xtec.cat\/iesjulioantonio\/wp-json\/wp\/v2\/users\/1"}],"replies":[{"embeddable":true,"href":"https:\/\/agora.xtec.cat\/iesjulioantonio\/wp-json\/wp\/v2\/comments?post=514"}],"version-history":[{"count":3,"href":"https:\/\/agora.xtec.cat\/iesjulioantonio\/wp-json\/wp\/v2\/pages\/514\/revisions"}],"predecessor-version":[{"id":5346,"href":"https:\/\/agora.xtec.cat\/iesjulioantonio\/wp-json\/wp\/v2\/pages\/514\/revisions\/5346"}],"up":[{"embeddable":true,"href":"https:\/\/agora.xtec.cat\/iesjulioantonio\/wp-json\/wp\/v2\/pages\/19"}],"wp:attachment":[{"href":"https:\/\/agora.xtec.cat\/iesjulioantonio\/wp-json\/wp\/v2\/media?parent=514"}],"curies":[{"name":"wp","href":"https:\/\/api.w.org\/{rel}","templated":true}]}}