{"id":4705,"date":"2021-04-16T11:28:34","date_gmt":"2021-04-16T09:28:34","guid":{"rendered":"http:\/\/agora.xtec.cat\/iesjulioantonio\/?page_id=4705"},"modified":"2023-10-16T18:21:29","modified_gmt":"2023-10-16T16:21:29","slug":"laboratori-dinformatica","status":"publish","type":"page","link":"https:\/\/agora.xtec.cat\/iesjulioantonio\/cultura-digital\/serveis-digitals-al-julio-antonio\/laboratori-dinformatica\/","title":{"rendered":"Espais d&#8217;Inform\u00e0tica de l&#8217;alumnat"},"content":{"rendered":"<p>L&#8217;institut Julio Antonio disposa d&#8217;un laboratori d&#8217;inform\u00e0tica amb una vintena d&#8217;ordinadors port\u00e0tils a disposici\u00f3 del professorat i l&#8217;alumnat.<\/p>\n<p><a href=\"https:\/\/agora.xtec.cat\/iesjulioantonio\/wp-content\/uploads\/usu942\/2021\/04\/labinf.jpg\"><img loading=\"lazy\" decoding=\"async\" class=\"alignnone wp-image-4710\" src=\"https:\/\/agora.xtec.cat\/iesjulioantonio\/wp-content\/uploads\/usu942\/2021\/04\/labinf-1024x279.jpg\" alt=\"\" width=\"726\" height=\"198\" srcset=\"https:\/\/agora.xtec.cat\/iesjulioantonio\/wp-content\/uploads\/usu942\/2021\/04\/labinf-1024x279.jpg 1024w, https:\/\/agora.xtec.cat\/iesjulioantonio\/wp-content\/uploads\/usu942\/2021\/04\/labinf-300x82.jpg 300w, https:\/\/agora.xtec.cat\/iesjulioantonio\/wp-content\/uploads\/usu942\/2021\/04\/labinf-768x209.jpg 768w, https:\/\/agora.xtec.cat\/iesjulioantonio\/wp-content\/uploads\/usu942\/2021\/04\/labinf.jpg 1651w\" sizes=\"auto, (max-width: 726px) 100vw, 726px\" \/><\/a><\/p>\n<p>Per fer \u00fas del laboratori cal reservar data\/hora pr\u00e8viament i omplir el formulari d&#8217;\u00fas. Tot plegat es realitza a trav\u00e9s d&#8217;una aplicaci\u00f3 web. Aquesta gesti\u00f3 inform\u00e0tica garanteix el bon manteniment de les m\u00e0quines i la detecci\u00f3 d&#8217;incid\u00e8ncies. \u00c9s obligatori que tothom que usi el laboratori faci la reserva pr\u00e8via, demani la clau d&#8217;acc\u00e9s a Consergeria alhora d&#8217;accedir-hi, completi el formulari d&#8217;\u00fas i retorni la clau a consergeria un cop finalitzada la sessi\u00f3.<\/p>\n<p>En aquest <a href=\"https:\/\/agora.xtec.cat\/iesjulioantonio\/wp-content\/uploads\/usu942\/2022\/09\/20220923_Manual_UsOrdinadors_v4.pdf\">enlla\u00e7 <\/a>es pot trobar el manual d&#8217;\u00fas del formulari d&#8217;\u00fas.<\/p>\n<p>En aquest <a href=\"https:\/\/usordinadors.iesjulioantonio.cat\/\">enlla\u00e7<\/a> hi ha l&#8217;acc\u00e9s a l&#8217;aplicaci\u00f3 web.<\/p>\n","protected":false},"excerpt":{"rendered":"<p>L&#8217;institut Julio Antonio disposa d&#8217;un laboratori d&#8217;inform\u00e0tica amb una vintena d&#8217;ordinadors port\u00e0tils a disposici\u00f3 del professorat i l&#8217;alumnat. Per fer \u00fas del laboratori cal reservar data\/hora pr\u00e8viament i omplir el formulari d&#8217;\u00fas. Tot plegat es realitza a trav\u00e9s d&#8217;una aplicaci\u00f3 web. Aquesta gesti\u00f3 inform\u00e0tica garanteix el bon manteniment de les m\u00e0quines i la detecci\u00f3 d&#8217;incid\u00e8ncies. [&hellip;]<\/p>\n","protected":false},"author":14,"featured_media":0,"parent":4665,"menu_order":5,"comment_status":"closed","ping_status":"closed","template":"page-templates\/side-menu.php","meta":{"_bbp_topic_count":0,"_bbp_reply_count":0,"_bbp_total_topic_count":0,"_bbp_total_reply_count":0,"_bbp_voice_count":0,"_bbp_anonymous_reply_count":0,"_bbp_topic_count_hidden":0,"_bbp_reply_count_hidden":0,"_bbp_forum_subforum_count":0,"site-sidebar-layout":"default","site-content-layout":"","ast-site-content-layout":"","site-content-style":"default","site-sidebar-style":"default","ast-global-header-display":"","ast-banner-title-visibility":"","ast-main-header-display":"","ast-hfb-above-header-display":"","ast-hfb-below-header-display":"","ast-hfb-mobile-header-display":"","site-post-title":"","ast-breadcrumbs-content":"","ast-featured-img":"","footer-sml-layout":"","theme-transparent-header-meta":"","adv-header-id-meta":"","stick-header-meta":"","header-above-stick-meta":"","header-main-stick-meta":"","header-below-stick-meta":"","astra-migrate-meta-layouts":"default","ast-page-background-enabled":"default","ast-page-background-meta":{"desktop":{"background-color":"var(--ast-global-color-4)","background-image":"","background-repeat":"repeat","background-position":"center center","background-size":"auto","background-attachment":"scroll","background-type":"","background-media":"","overlay-type":"","overlay-color":"","overlay-opacity":"","overlay-gradient":""},"tablet":{"background-color":"","background-image":"","background-repeat":"repeat","background-position":"center center","background-size":"auto","background-attachment":"scroll","background-type":"","background-media":"","overlay-type":"","overlay-color":"","overlay-opacity":"","overlay-gradient":""},"mobile":{"background-color":"","background-image":"","background-repeat":"repeat","background-position":"center center","background-size":"auto","background-attachment":"scroll","background-type":"","background-media":"","overlay-type":"","overlay-color":"","overlay-opacity":"","overlay-gradient":""}},"ast-content-background-meta":{"desktop":{"background-color":"var(--ast-global-color-5)","background-image":"","background-repeat":"repeat","background-position":"center center","background-size":"auto","background-attachment":"scroll","background-type":"","background-media":"","overlay-type":"","overlay-color":"","overlay-opacity":"","overlay-gradient":""},"tablet":{"background-color":"var(--ast-global-color-5)","background-image":"","background-repeat":"repeat","background-position":"center center","background-size":"auto","background-attachment":"scroll","background-type":"","background-media":"","overlay-type":"","overlay-color":"","overlay-opacity":"","overlay-gradient":""},"mobile":{"background-color":"var(--ast-global-color-5)","background-image":"","background-repeat":"repeat","background-position":"center center","background-size":"auto","background-attachment":"scroll","background-type":"","background-media":"","overlay-type":"","overlay-color":"","overlay-opacity":"","overlay-gradient":""}},"footnotes":""},"class_list":["post-4705","page","type-page","status-publish","hentry"],"post_mailing_queue_ids":[],"_links":{"self":[{"href":"https:\/\/agora.xtec.cat\/iesjulioantonio\/wp-json\/wp\/v2\/pages\/4705","targetHints":{"allow":["GET"]}}],"collection":[{"href":"https:\/\/agora.xtec.cat\/iesjulioantonio\/wp-json\/wp\/v2\/pages"}],"about":[{"href":"https:\/\/agora.xtec.cat\/iesjulioantonio\/wp-json\/wp\/v2\/types\/page"}],"author":[{"embeddable":true,"href":"https:\/\/agora.xtec.cat\/iesjulioantonio\/wp-json\/wp\/v2\/users\/14"}],"replies":[{"embeddable":true,"href":"https:\/\/agora.xtec.cat\/iesjulioantonio\/wp-json\/wp\/v2\/comments?post=4705"}],"version-history":[{"count":4,"href":"https:\/\/agora.xtec.cat\/iesjulioantonio\/wp-json\/wp\/v2\/pages\/4705\/revisions"}],"predecessor-version":[{"id":7180,"href":"https:\/\/agora.xtec.cat\/iesjulioantonio\/wp-json\/wp\/v2\/pages\/4705\/revisions\/7180"}],"up":[{"embeddable":true,"href":"https:\/\/agora.xtec.cat\/iesjulioantonio\/wp-json\/wp\/v2\/pages\/4665"}],"wp:attachment":[{"href":"https:\/\/agora.xtec.cat\/iesjulioantonio\/wp-json\/wp\/v2\/media?parent=4705"}],"curies":[{"name":"wp","href":"https:\/\/api.w.org\/{rel}","templated":true}]}}