{"id":4168,"date":"2020-12-14T13:00:47","date_gmt":"2020-12-14T12:00:47","guid":{"rendered":"http:\/\/agora.xtec.cat\/iesjulioantonio\/?page_id=4168"},"modified":"2021-02-25T12:37:34","modified_gmt":"2021-02-25T11:37:34","slug":"fp-dual","status":"publish","type":"page","link":"https:\/\/agora.xtec.cat\/iesjulioantonio\/projectes\/fp-dual\/","title":{"rendered":"FP Dual"},"content":{"rendered":"<p><strong>Formaci\u00f3 DUAL (<em>aprendre treballant<\/em>): Convenis amb empreses i entitats<\/strong><\/p>\n<p>A l\u2019Institut Julio Antonio s\u2019imparteix Formaci\u00f3 Professional Dual amb els CFGM d\u2019Electromec\u00e0nica de vehicles i CFGS d\u2019Animaci\u00f3 Sociocultural, seguint la missi\u00f3 del Pla Educatiu del Centre (PEC), donant un servei innovador educatiu amb futur a la comarca de la Ribera d\u2019Ebre pel que fa a la Formaci\u00f3 Professional, unint la formaci\u00f3 de l\u2019alumnat que es realitza al centre amb el teixit empresarial de la comarca i voltants.<\/p>\n<p>&nbsp;<\/p>\n<p><strong>Qu\u00e8 \u00e9s l\u2019FP en alternan\u00e7a i dual?<\/strong><\/p>\n<p>\u00c9s la modalitat de formaci\u00f3 professional (FP) en la qual l\u2019estudiant esdev\u00e9 aprenent i combina la formaci\u00f3 en el centre educatiu amb l\u2019activitat productiva en l\u2019empresa.<\/p>\n<p>&nbsp;<\/p>\n<p><strong>Quins en s\u00f3n els objectius?<\/strong><\/p>\n<ul>\n<li>Adequar la formaci\u00f3 professional a les necessitats de les empreses.<\/li>\n<li>Establir una major vinculaci\u00f3 i coresponsabilitat entre els centres de formaci\u00f3 professional i les empreses, en el proc\u00e9s formatiu del jovent.<\/li>\n<li>Millorar el proc\u00e9s d\u2019aprenentatge dels estudiants de formaci\u00f3 professional.<\/li>\n<\/ul>\n<p>&nbsp;<\/p>\n<p><strong>Com funciona?<\/strong><\/p>\n<p>La col\u00b7laboraci\u00f3 entre el centre i l&#8217;empresa es formalitza mitjan\u00e7ant un conveni de col\u00b7laboraci\u00f3.<br \/>\nPer a cada alumne\/a s&#8217;acorden les activitats formatives a desenvolupar en l&#8217;empresa per completar la seva qualificaci\u00f3, aix\u00ed com l&#8217;horari i el calendari.<br \/>\nL&#8217;empresa acull l&#8217;aprenent i li assigna un lloc de treball adient.<br \/>\nEl centre educatiu i l&#8217;empresa designen els tutors que fan el seguiment dels alumnes aprenents.<br \/>\nEl seguiment i la valoraci\u00f3 de l&#8217;aprenent es fa de forma conjunta entre l&#8217;empresa i el centre.<\/p>\n<p>&nbsp;<\/p>\n<p><strong>Quins en s\u00f3n els beneficis?<\/strong><\/p>\n<p><u>Per a les empreses:<\/u><\/p>\n<ul>\n<li>Incorporar personal qualificat, format en la cultura i processos de l\u2019empresa.<\/li>\n<li>Crear una pedrera d\u2019aprenents; facilitar el relleu generacional.<\/li>\n<li>Contribuir a la pol\u00edtica empresarial de responsabilitat social corporativa.<\/li>\n<\/ul>\n<p>&nbsp;<\/p>\n<p><u>Per a l\u2019alumnat<\/u><\/p>\n<ul>\n<li>Millorar el curr\u00edculum professional.<\/li>\n<li>Desenvolupar les compet\u00e8ncies professionals en un entorn laboral real.<\/li>\n<li>Afavorir la incorporaci\u00f3 al m\u00f3n laboral com a aprenent qualificat.<\/li>\n<li>Recon\u00e8ixer el valor que aporta l\u2019estudiant per l\u2019activitat desenvolupada a l\u2019empresa.<\/li>\n<li>Compaginar la formaci\u00f3 al centre en una empresa del sector amb un contracte o beca.<\/li>\n<li>Desenvolupar el potencial professional; aprendre en situacions reals de treball.<\/li>\n<li>Adquirir experi\u00e8ncia professional i millorar l&#8217;ocupabilitat.<\/li>\n<\/ul>\n<p>&nbsp;<\/p>\n<p><u>Per al Centre<\/u><\/p>\n<ul>\n<li>Incrementar i millorar la relaci\u00f3 amb el teixit empresarial. Intercanviar i transferir coneixement amb les empreses. Accedir a tecnologia, recursos i instal\u00b7lacions empresarials.<\/li>\n<li>Esdevenir centre de refer\u00e8ncia dels sectors professionals del seu \u00e0mbit territorial.<\/li>\n<li>Establir una major vinculaci\u00f3 i coresponsabilitat entre el centre de formaci\u00f3 professional i les empreses en el proc\u00e9s formatiu dels alumnes.<\/li>\n<\/ul>\n<p>&nbsp;<\/p>\n<p style=\"font-size: 23px;\"><strong>INSTITUCIONS I EMPRESES AMB ACORD DE COL\u00b7LABORACI\u00d3 EN FORMACI\u00d3 DUAL:<\/strong><\/p>\n<p><a href=\"https:\/\/agora.xtec.cat\/iesjulioantonio\/wp-content\/uploads\/usu942\/2016\/06\/automocio-1.jpg\"><img loading=\"lazy\" decoding=\"async\" class=\"size-full wp-image-671 alignnone\" src=\"https:\/\/agora.xtec.cat\/iesjulioantonio\/wp-content\/uploads\/usu942\/2016\/06\/automocio-1.jpg\" alt=\"imatge_automocio\" width=\"719\" height=\"213\" srcset=\"https:\/\/agora.xtec.cat\/iesjulioantonio\/wp-content\/uploads\/usu942\/2016\/06\/automocio-1.jpg 719w, https:\/\/agora.xtec.cat\/iesjulioantonio\/wp-content\/uploads\/usu942\/2016\/06\/automocio-1-300x89.jpg 300w\" sizes=\"auto, (max-width: 719px) 100vw, 719px\" \/><\/a><\/p>\n<p>&nbsp;<\/p>\n<p><strong>Electromec\u00e0nica\u00a0 de Vehicles<\/strong><\/p>\n<ul>\n<li>Taller mec\u00e0nic JM Carb\u00f3<\/li>\n<li>Tallers Gon-Gar<\/li>\n<li>Tremar<\/li>\n<li>Motodacer<\/li>\n<li>Motortrac<\/li>\n<li>Tallers galindo<\/li>\n<\/ul>\n<p>&nbsp;<\/p>\n<p><strong>Animaci\u00f3 sociocultural i tur\u00edstica<\/strong><\/p>\n<ul>\n<li>Consell Comarcal Ribera d\u2019Ebre.<\/li>\n<li>Consell Comarcal Priorat<\/li>\n<li>Ajuntament de M\u00f3ra d\u2019Ebre<\/li>\n<li>Ajuntament de M\u00f3ra la Nova<\/li>\n<li>Ajuntament de Flix<\/li>\n<li>Ajuntament de Riba-roja<\/li>\n<\/ul>\n<p>&nbsp;<\/p>\n<p><strong>Empreses de lleure a la Ribera d\u2019Ebre:<\/strong><\/p>\n<ul>\n<li>Ebreal3 de Tivissa<\/li>\n<li>Casa de col\u00f2nies Ca Manxol de Rasquera.<\/li>\n<li>Rogles Aventura de Flix<\/li>\n<\/ul>\n<p>&nbsp;<\/p>\n<hr \/>\n<p><strong>M\u00e9s informaci\u00f3 a:<\/strong><\/p>\n<ul>\n<li><a href=\"http:\/\/ensenyament.gencat.cat\/ca\/arees-actuacio\/empreses-fpdual\/\">http:\/\/ensenyament.gencat.cat\/ca\/arees-actuacio\/empreses-fpdual\/<\/a><\/li>\n<li><a href=\"https:\/\/agora.xtec.cat\/fpdual\/\">https:\/\/agora.xtec.cat\/fpdual\/<\/a><\/li>\n<\/ul>\n<p><strong>Contacta amb el centre:<\/strong><\/p>\n<ul>\n<li>977400121<\/li>\n<li>fpdual@iesjulioantonio.com<\/li>\n<\/ul>\n","protected":false},"excerpt":{"rendered":"<p>Formaci\u00f3 DUAL (aprendre treballant): Convenis amb empreses i entitats A l\u2019Institut Julio Antonio s\u2019imparteix Formaci\u00f3 Professional Dual amb els CFGM d\u2019Electromec\u00e0nica de vehicles i CFGS d\u2019Animaci\u00f3 Sociocultural, seguint la missi\u00f3 del Pla Educatiu del Centre (PEC), donant un servei innovador educatiu amb futur a la comarca de la Ribera d\u2019Ebre pel que fa a la [&hellip;]<\/p>\n","protected":false},"author":1,"featured_media":0,"parent":3799,"menu_order":0,"comment_status":"closed","ping_status":"closed","template":"","meta":{"_bbp_topic_count":0,"_bbp_reply_count":0,"_bbp_total_topic_count":0,"_bbp_total_reply_count":0,"_bbp_voice_count":0,"_bbp_anonymous_reply_count":0,"_bbp_topic_count_hidden":0,"_bbp_reply_count_hidden":0,"_bbp_forum_subforum_count":0,"site-sidebar-layout":"default","site-content-layout":"","ast-site-content-layout":"","site-content-style":"default","site-sidebar-style":"default","ast-global-header-display":"","ast-banner-title-visibility":"","ast-main-header-display":"","ast-hfb-above-header-display":"","ast-hfb-below-header-display":"","ast-hfb-mobile-header-display":"","site-post-title":"","ast-breadcrumbs-content":"","ast-featured-img":"","footer-sml-layout":"","theme-transparent-header-meta":"","adv-header-id-meta":"","stick-header-meta":"","header-above-stick-meta":"","header-main-stick-meta":"","header-below-stick-meta":"","astra-migrate-meta-layouts":"default","ast-page-background-enabled":"default","ast-page-background-meta":{"desktop":{"background-color":"var(--ast-global-color-4)","background-image":"","background-repeat":"repeat","background-position":"center center","background-size":"auto","background-attachment":"scroll","background-type":"","background-media":"","overlay-type":"","overlay-color":"","overlay-opacity":"","overlay-gradient":""},"tablet":{"background-color":"","background-image":"","background-repeat":"repeat","background-position":"center center","background-size":"auto","background-attachment":"scroll","background-type":"","background-media":"","overlay-type":"","overlay-color":"","overlay-opacity":"","overlay-gradient":""},"mobile":{"background-color":"","background-image":"","background-repeat":"repeat","background-position":"center center","background-size":"auto","background-attachment":"scroll","background-type":"","background-media":"","overlay-type":"","overlay-color":"","overlay-opacity":"","overlay-gradient":""}},"ast-content-background-meta":{"desktop":{"background-color":"var(--ast-global-color-5)","background-image":"","background-repeat":"repeat","background-position":"center center","background-size":"auto","background-attachment":"scroll","background-type":"","background-media":"","overlay-type":"","overlay-color":"","overlay-opacity":"","overlay-gradient":""},"tablet":{"background-color":"var(--ast-global-color-5)","background-image":"","background-repeat":"repeat","background-position":"center center","background-size":"auto","background-attachment":"scroll","background-type":"","background-media":"","overlay-type":"","overlay-color":"","overlay-opacity":"","overlay-gradient":""},"mobile":{"background-color":"var(--ast-global-color-5)","background-image":"","background-repeat":"repeat","background-position":"center center","background-size":"auto","background-attachment":"scroll","background-type":"","background-media":"","overlay-type":"","overlay-color":"","overlay-opacity":"","overlay-gradient":""}},"footnotes":""},"class_list":["post-4168","page","type-page","status-publish","hentry"],"post_mailing_queue_ids":[],"_links":{"self":[{"href":"https:\/\/agora.xtec.cat\/iesjulioantonio\/wp-json\/wp\/v2\/pages\/4168","targetHints":{"allow":["GET"]}}],"collection":[{"href":"https:\/\/agora.xtec.cat\/iesjulioantonio\/wp-json\/wp\/v2\/pages"}],"about":[{"href":"https:\/\/agora.xtec.cat\/iesjulioantonio\/wp-json\/wp\/v2\/types\/page"}],"author":[{"embeddable":true,"href":"https:\/\/agora.xtec.cat\/iesjulioantonio\/wp-json\/wp\/v2\/users\/1"}],"replies":[{"embeddable":true,"href":"https:\/\/agora.xtec.cat\/iesjulioantonio\/wp-json\/wp\/v2\/comments?post=4168"}],"version-history":[{"count":4,"href":"https:\/\/agora.xtec.cat\/iesjulioantonio\/wp-json\/wp\/v2\/pages\/4168\/revisions"}],"predecessor-version":[{"id":4311,"href":"https:\/\/agora.xtec.cat\/iesjulioantonio\/wp-json\/wp\/v2\/pages\/4168\/revisions\/4311"}],"up":[{"embeddable":true,"href":"https:\/\/agora.xtec.cat\/iesjulioantonio\/wp-json\/wp\/v2\/pages\/3799"}],"wp:attachment":[{"href":"https:\/\/agora.xtec.cat\/iesjulioantonio\/wp-json\/wp\/v2\/media?parent=4168"}],"curies":[{"name":"wp","href":"https:\/\/api.w.org\/{rel}","templated":true}]}}