{"id":3788,"date":"2020-06-16T19:02:26","date_gmt":"2020-06-16T17:02:26","guid":{"rendered":"http:\/\/agora.xtec.cat\/iesjulioantonio\/?page_id=3788"},"modified":"2025-12-11T10:57:28","modified_gmt":"2025-12-11T09:57:28","slug":"contractacio","status":"publish","type":"page","link":"https:\/\/agora.xtec.cat\/iesjulioantonio\/secretaria\/contractacio\/","title":{"rendered":"Contractaci\u00f3"},"content":{"rendered":"<h3>CONCURS P\u00daBLIC PEL SERVEI DE BAR-CANTINA &#8211; ANY 2026<\/h3>\n<ul>\n<li><strong>Anunci:<\/strong> Contractaci\u00f3 per la gesti\u00f3 del servei de bar cantina a les depend\u00e8ncies del centre Institut Julio Antonio de M\u00f3ra d\u2019Ebre per l\u2019any 2026.<\/li>\n<li><strong>Bases del concurs:<\/strong> <a href=\"https:\/\/agora.xtec.cat\/iesjulioantonio\/wp-content\/uploads\/usu942\/2025\/12\/Plecs-preinscripcions-tecniques_servei-bar-cantina.pdf\">Plecs preinscripcions t\u00e8cniques<\/a><\/li>\n<li><strong>Termini:<\/strong>\u00a0 Del 11 al 18 de desembre de 2025,\u00a0 ambd\u00f3s inclosos<\/li>\n<li><strong>Lloc de presentaci\u00f3:<\/strong> Telem\u00e0ticament a l&#8217;adre\u00e7a del correu electr\u00f2nica: institut@iesjulioantonio.cat<\/li>\n<\/ul>\n<h3>CONCURS P\u00daBLIC PEL SERVEI DE MANTENIMENT DOM\u00d2TIC I CALEFACCI\u00d3- ANY 2025<\/h3>\n<ul>\n<li><strong>Anunci:<\/strong> Contractaci\u00f3 per la gesti\u00f3 del servei de manteniment dom\u00f2tic i calefacci\u00f3 a les depend\u00e8ncies del centre Institut Julio Antonio de M\u00f3ra d\u2019Ebre per l\u2019any 2025.<\/li>\n<li><strong>Termini:<\/strong> Del 8 al 10 de gener de 2025, ambd\u00f3s inclosos<\/li>\n<li><b>Bases del concurs:<\/b> <a href=\"https:\/\/agora.xtec.cat\/iesjulioantonio\/wp-content\/uploads\/usu942\/2024\/12\/Plecs-preinscripcions-tecniques._servei-manteniment-domotic-i-calefaccio.pdf\">Plecs cl\u00e0usules administratives i preinscripcions\u00a0t\u00e8cniques<\/a><\/li>\n<li><strong>Lloc de presentaci\u00f3:<\/strong> A la Secretaria del centre en horari de 10 h. a 13:30 h. de dilluns a divendres.<\/li>\n<\/ul>\n<h3>CONCURS P\u00daBLIC PEL SERVEI DE MANTENIMENT EL\u00c8CTRIC I DE FONTANERIA- ANY 2025<\/h3>\n<ul>\n<li><strong>Anunci:<\/strong> Contractaci\u00f3 per la gesti\u00f3 del servei de manteniment el\u00e8ctric i de fontaneria a les depend\u00e8ncies del centre Institut Julio Antonio de M\u00f3ra d\u2019Ebre per l\u2019any 2025.<\/li>\n<li><strong>Bases del concurs: <a href=\"https:\/\/agora.xtec.cat\/iesjulioantonio\/wp-content\/uploads\/usu942\/2024\/12\/Plecs-preinscripcions-tecniques._servei-manteniment-electric-i-fontaneria.pdf\">Plecs cl\u00e0usules administratives i preinscripcions\u00a0t\u00e8cniques<\/a><\/strong><\/li>\n<li><strong>Termini:<\/strong> Del 8 al 10 de gener de 2025, ambd\u00f3s inclosos<\/li>\n<li><strong>Lloc de presentaci\u00f3:<\/strong> A la Secretaria del centre en horari de 10 h. a 13:30 h. de dilluns a divendres.<\/li>\n<\/ul>\n<h3>CONCURS P\u00daBLIC PEL SERVEI DE MANTENIMENT INFORM\u00c0TIC- ANY 2025<\/h3>\n<ul>\n<li><strong>Anunci:<\/strong> Contractaci\u00f3 per la gesti\u00f3 del servei de manteniment inform\u00e0tic a les depend\u00e8ncies del centre Institut Julio Antonio de M\u00f3ra d\u2019Ebre per l\u2019any 2025.<\/li>\n<li><b>Bases del concurs: <a href=\"https:\/\/agora.xtec.cat\/iesjulioantonio\/wp-content\/uploads\/usu942\/2024\/12\/Plecs-preinscripcions-tecniques._servei-manteniment-informatic.pdf\">Plecs cl\u00e0usules administratives i preinscripcions\u00a0t\u00e8cniques<\/a><\/b><\/li>\n<li><strong>Termini:<\/strong> Del 8 al 10 de gener de 2025, ambd\u00f3s inclosos<\/li>\n<li><strong>Lloc de presentaci\u00f3:<\/strong> A la Secretaria del centre en horari de 10 h. a 13:30 h. de dilluns a divendres.<\/li>\n<\/ul>\n","protected":false},"excerpt":{"rendered":"<p>CONCURS P\u00daBLIC PEL SERVEI DE BAR-CANTINA &#8211; ANY 2026 Anunci: Contractaci\u00f3 per la gesti\u00f3 del servei de bar cantina a les depend\u00e8ncies del centre Institut Julio Antonio de M\u00f3ra d\u2019Ebre per l\u2019any 2026. Bases del concurs: Plecs preinscripcions t\u00e8cniques Termini:\u00a0 Del 11 al 18 de desembre de 2025,\u00a0 ambd\u00f3s inclosos Lloc de presentaci\u00f3: Telem\u00e0ticament a [&hellip;]<\/p>\n","protected":false},"author":1,"featured_media":0,"parent":2869,"menu_order":0,"comment_status":"closed","ping_status":"closed","template":"","meta":{"_bbp_topic_count":0,"_bbp_reply_count":0,"_bbp_total_topic_count":0,"_bbp_total_reply_count":0,"_bbp_voice_count":0,"_bbp_anonymous_reply_count":0,"_bbp_topic_count_hidden":0,"_bbp_reply_count_hidden":0,"_bbp_forum_subforum_count":0,"site-sidebar-layout":"default","site-content-layout":"","ast-site-content-layout":"default","site-content-style":"default","site-sidebar-style":"default","ast-global-header-display":"","ast-banner-title-visibility":"","ast-main-header-display":"","ast-hfb-above-header-display":"","ast-hfb-below-header-display":"","ast-hfb-mobile-header-display":"","site-post-title":"","ast-breadcrumbs-content":"","ast-featured-img":"","footer-sml-layout":"","theme-transparent-header-meta":"","adv-header-id-meta":"","stick-header-meta":"","header-above-stick-meta":"","header-main-stick-meta":"","header-below-stick-meta":"","astra-migrate-meta-layouts":"set","ast-page-background-enabled":"default","ast-page-background-meta":{"desktop":{"background-color":"var(--ast-global-color-4)","background-image":"","background-repeat":"repeat","background-position":"center center","background-size":"auto","background-attachment":"scroll","background-type":"","background-media":"","overlay-type":"","overlay-color":"","overlay-opacity":"","overlay-gradient":""},"tablet":{"background-color":"","background-image":"","background-repeat":"repeat","background-position":"center center","background-size":"auto","background-attachment":"scroll","background-type":"","background-media":"","overlay-type":"","overlay-color":"","overlay-opacity":"","overlay-gradient":""},"mobile":{"background-color":"","background-image":"","background-repeat":"repeat","background-position":"center center","background-size":"auto","background-attachment":"scroll","background-type":"","background-media":"","overlay-type":"","overlay-color":"","overlay-opacity":"","overlay-gradient":""}},"ast-content-background-meta":{"desktop":{"background-color":"var(--ast-global-color-5)","background-image":"","background-repeat":"repeat","background-position":"center center","background-size":"auto","background-attachment":"scroll","background-type":"","background-media":"","overlay-type":"","overlay-color":"","overlay-opacity":"","overlay-gradient":""},"tablet":{"background-color":"var(--ast-global-color-5)","background-image":"","background-repeat":"repeat","background-position":"center center","background-size":"auto","background-attachment":"scroll","background-type":"","background-media":"","overlay-type":"","overlay-color":"","overlay-opacity":"","overlay-gradient":""},"mobile":{"background-color":"var(--ast-global-color-5)","background-image":"","background-repeat":"repeat","background-position":"center center","background-size":"auto","background-attachment":"scroll","background-type":"","background-media":"","overlay-type":"","overlay-color":"","overlay-opacity":"","overlay-gradient":""}},"footnotes":""},"class_list":["post-3788","page","type-page","status-publish","hentry"],"post_mailing_queue_ids":[],"_links":{"self":[{"href":"https:\/\/agora.xtec.cat\/iesjulioantonio\/wp-json\/wp\/v2\/pages\/3788","targetHints":{"allow":["GET"]}}],"collection":[{"href":"https:\/\/agora.xtec.cat\/iesjulioantonio\/wp-json\/wp\/v2\/pages"}],"about":[{"href":"https:\/\/agora.xtec.cat\/iesjulioantonio\/wp-json\/wp\/v2\/types\/page"}],"author":[{"embeddable":true,"href":"https:\/\/agora.xtec.cat\/iesjulioantonio\/wp-json\/wp\/v2\/users\/1"}],"replies":[{"embeddable":true,"href":"https:\/\/agora.xtec.cat\/iesjulioantonio\/wp-json\/wp\/v2\/comments?post=3788"}],"version-history":[{"count":6,"href":"https:\/\/agora.xtec.cat\/iesjulioantonio\/wp-json\/wp\/v2\/pages\/3788\/revisions"}],"predecessor-version":[{"id":8886,"href":"https:\/\/agora.xtec.cat\/iesjulioantonio\/wp-json\/wp\/v2\/pages\/3788\/revisions\/8886"}],"up":[{"embeddable":true,"href":"https:\/\/agora.xtec.cat\/iesjulioantonio\/wp-json\/wp\/v2\/pages\/2869"}],"wp:attachment":[{"href":"https:\/\/agora.xtec.cat\/iesjulioantonio\/wp-json\/wp\/v2\/media?parent=3788"}],"curies":[{"name":"wp","href":"https:\/\/api.w.org\/{rel}","templated":true}]}}