{"id":2873,"date":"2019-09-02T14:54:47","date_gmt":"2019-09-02T12:54:47","guid":{"rendered":"http:\/\/agora.xtec.cat\/iesjulioantonio\/?page_id=2873"},"modified":"2025-07-29T13:06:25","modified_gmt":"2025-07-29T11:06:25","slug":"llibres-de-text-2","status":"publish","type":"page","link":"https:\/\/agora.xtec.cat\/iesjulioantonio\/alumnat\/llibres-de-text-2\/","title":{"rendered":"Llibres de text"},"content":{"rendered":"<h2>Llibres de text pel curs 2025\/26<\/h2>\n<h3>ESO i Batxillerat<\/h3>\n<ul>\n<li><a href=\"https:\/\/agora.xtec.cat\/iesjulioantonio\/wp-content\/uploads\/usu942\/2025\/06\/LLIBRES-DE-TEXT-I-LECTURA-A-LESO.pdf\">Llibres de text i de lectura<\/a> de les diverses mat\u00e8ries d&#8217;ESO.<\/li>\n<li><a href=\"https:\/\/agora.xtec.cat\/iesjulioantonio\/wp-content\/uploads\/usu942\/2025\/06\/LLIBRES-DE-TEXT-I-LECTURA-AL-BATXILLERAT.pdf\">Llibres de text i de lectura <\/a>de les diverses mat\u00e8ries de Batxillerat.<\/li>\n<\/ul>\n<h3>Cicles formatius<\/h3>\n<ul>\n<li><a href=\"https:\/\/agora.xtec.cat\/iesjulioantonio\/wp-content\/uploads\/usu942\/2025\/07\/APSD-Curs-25-26-Llibres-de-Text.pdf\">Llibres de text\u00a0<\/a>del Cicle Formatiu de Grau Mitj\u00e0 d&#8217;Atenci\u00f3 en Persones amb situaci\u00f3 de Depend\u00e8ncia,<\/li>\n<li><a href=\"https:\/\/agora.xtec.cat\/iesjulioantonio\/wp-content\/uploads\/usu942\/2025\/07\/EVA-Curs-25-26-Llibres-de-Text.pdf\">Llibres de text<\/a> del Cicle Formatiu de Grau Mitj\u00e0 d&#8217;Electromec\u00e0nica de vehicles autom\u00f2bils.<\/li>\n<li><a href=\"https:\/\/agora.xtec.cat\/iesjulioantonio\/wp-content\/uploads\/usu942\/2025\/07\/GAD-Curs-25-26-Llibres-de-Text.pdf\">Llibres de text\u00a0<\/a>del Cicle Formatiu de Grau Mitj\u00e0 de Gesti\u00f3 Administrativa,<\/li>\n<li><a href=\"https:\/\/agora.xtec.cat\/iesjulioantonio\/wp-content\/uploads\/usu942\/2025\/07\/SMIX-Curs-25-26-Llibres-de-Text.pdf\">Llibres de text <\/a>del Cicle Formatiu de Grau Mitj\u00e0 de Sistemes Microinform\u00e0tics i Xarxes.<\/li>\n<li><a href=\"https:\/\/agora.xtec.cat\/iesjulioantonio\/wp-content\/uploads\/usu942\/2025\/07\/20250729_TEI-Curs-25-26-Llibres-de-Text.pdf\">Llibres de text<\/a> del Cicle Formatiu de Grau Superior d&#8217;Educaci\u00f3 Infantil.<\/li>\n<li><a href=\"https:\/\/agora.xtec.cat\/iesjulioantonio\/wp-content\/uploads\/usu942\/2025\/07\/ASIX-Curs-25-26-Llibres-de-Text.pdf\">Llibres de text <\/a>del Cicle Formatiu de Grau Superior d&#8217;Administraci\u00f3 de sistemes inform\u00e0tics en xarxa.<\/li>\n<li><a href=\"https:\/\/agora.xtec.cat\/iesjulioantonio\/wp-content\/uploads\/usu942\/2025\/07\/CFGB-IO-Curs-25-26-Llibres-de-Text.pdf\">Llibres de text<\/a> del Cicle Formatiu de Grau B\u00e0sic d&#8217;Inform\u00e0tica d&#8217;oficina.<\/li>\n<\/ul>\n<div hidden=\"\">\n<h3>Cicles formatius<\/h3>\n<ul>\n<li><a href=\"https:\/\/agora.xtec.cat\/iesjulioantonio\/tapsd-curs-22-23-llibres-de-text\/\">Llibres de text<\/a>\u00a0del Cicle d&#8217;Atenci\u00f3 en Persones amb situaci\u00f3 de Depend\u00e8ncia.<\/li>\n<li><a href=\"https:\/\/agora.xtec.cat\/iesjulioantonio\/wp-content\/uploads\/usu942\/2022\/09\/EVA-Curs-22-23-Llibres-de-Text.pdf\">Llibres de text<\/a>\u00a0del Cicle d&#8217;Electromec\u00e0nica de vehicles autom\u00f2bils.<\/li>\n<li><a href=\"https:\/\/agora.xtec.cat\/iesjulioantonio\/gad-curs-22-23-llibres-de-text\/\">Llibres de text<\/a>\u00a0del Cicle de Gesti\u00f3 Administrativa.<\/li>\n<li><a href=\"https:\/\/agora.xtec.cat\/iesjulioantonio\/smx-curs-22-23-llibres-de-text\/\">Llibres de text<\/a>\u00a0del Cicle de Sistemes Microinform\u00e0tics i Xarxes.<\/li>\n<li><a href=\"https:\/\/agora.xtec.cat\/iesjulioantonio\/tei-curs-22-23-llibres-de-text\/\">Llibres de text<\/a>\u00a0del Cicle d&#8217;Educaci\u00f3 Infantil.<\/li>\n<\/ul>\n<\/div>\n","protected":false},"excerpt":{"rendered":"<p>Llibres de text pel curs 2025\/26 ESO i Batxillerat Llibres de text i de lectura de les diverses mat\u00e8ries d&#8217;ESO. Llibres de text i de lectura de les diverses mat\u00e8ries de Batxillerat. Cicles formatius Llibres de text\u00a0del Cicle Formatiu de Grau Mitj\u00e0 d&#8217;Atenci\u00f3 en Persones amb situaci\u00f3 de Depend\u00e8ncia, Llibres de text del Cicle Formatiu [&hellip;]<\/p>\n","protected":false},"author":1,"featured_media":0,"parent":485,"menu_order":4,"comment_status":"closed","ping_status":"closed","template":"page-templates\/side-menu.php","meta":{"_bbp_topic_count":0,"_bbp_reply_count":0,"_bbp_total_topic_count":0,"_bbp_total_reply_count":0,"_bbp_voice_count":0,"_bbp_anonymous_reply_count":0,"_bbp_topic_count_hidden":0,"_bbp_reply_count_hidden":0,"_bbp_forum_subforum_count":0,"site-sidebar-layout":"default","site-content-layout":"","ast-site-content-layout":"","site-content-style":"default","site-sidebar-style":"default","ast-global-header-display":"","ast-banner-title-visibility":"","ast-main-header-display":"","ast-hfb-above-header-display":"","ast-hfb-below-header-display":"","ast-hfb-mobile-header-display":"","site-post-title":"","ast-breadcrumbs-content":"","ast-featured-img":"","footer-sml-layout":"","theme-transparent-header-meta":"","adv-header-id-meta":"","stick-header-meta":"","header-above-stick-meta":"","header-main-stick-meta":"","header-below-stick-meta":"","astra-migrate-meta-layouts":"default","ast-page-background-enabled":"default","ast-page-background-meta":{"desktop":{"background-color":"var(--ast-global-color-4)","background-image":"","background-repeat":"repeat","background-position":"center center","background-size":"auto","background-attachment":"scroll","background-type":"","background-media":"","overlay-type":"","overlay-color":"","overlay-opacity":"","overlay-gradient":""},"tablet":{"background-color":"","background-image":"","background-repeat":"repeat","background-position":"center center","background-size":"auto","background-attachment":"scroll","background-type":"","background-media":"","overlay-type":"","overlay-color":"","overlay-opacity":"","overlay-gradient":""},"mobile":{"background-color":"","background-image":"","background-repeat":"repeat","background-position":"center center","background-size":"auto","background-attachment":"scroll","background-type":"","background-media":"","overlay-type":"","overlay-color":"","overlay-opacity":"","overlay-gradient":""}},"ast-content-background-meta":{"desktop":{"background-color":"var(--ast-global-color-5)","background-image":"","background-repeat":"repeat","background-position":"center center","background-size":"auto","background-attachment":"scroll","background-type":"","background-media":"","overlay-type":"","overlay-color":"","overlay-opacity":"","overlay-gradient":""},"tablet":{"background-color":"var(--ast-global-color-5)","background-image":"","background-repeat":"repeat","background-position":"center center","background-size":"auto","background-attachment":"scroll","background-type":"","background-media":"","overlay-type":"","overlay-color":"","overlay-opacity":"","overlay-gradient":""},"mobile":{"background-color":"var(--ast-global-color-5)","background-image":"","background-repeat":"repeat","background-position":"center center","background-size":"auto","background-attachment":"scroll","background-type":"","background-media":"","overlay-type":"","overlay-color":"","overlay-opacity":"","overlay-gradient":""}},"footnotes":""},"class_list":["post-2873","page","type-page","status-publish","hentry"],"post_mailing_queue_ids":[],"_links":{"self":[{"href":"https:\/\/agora.xtec.cat\/iesjulioantonio\/wp-json\/wp\/v2\/pages\/2873","targetHints":{"allow":["GET"]}}],"collection":[{"href":"https:\/\/agora.xtec.cat\/iesjulioantonio\/wp-json\/wp\/v2\/pages"}],"about":[{"href":"https:\/\/agora.xtec.cat\/iesjulioantonio\/wp-json\/wp\/v2\/types\/page"}],"author":[{"embeddable":true,"href":"https:\/\/agora.xtec.cat\/iesjulioantonio\/wp-json\/wp\/v2\/users\/1"}],"replies":[{"embeddable":true,"href":"https:\/\/agora.xtec.cat\/iesjulioantonio\/wp-json\/wp\/v2\/comments?post=2873"}],"version-history":[{"count":8,"href":"https:\/\/agora.xtec.cat\/iesjulioantonio\/wp-json\/wp\/v2\/pages\/2873\/revisions"}],"predecessor-version":[{"id":8566,"href":"https:\/\/agora.xtec.cat\/iesjulioantonio\/wp-json\/wp\/v2\/pages\/2873\/revisions\/8566"}],"up":[{"embeddable":true,"href":"https:\/\/agora.xtec.cat\/iesjulioantonio\/wp-json\/wp\/v2\/pages\/485"}],"wp:attachment":[{"href":"https:\/\/agora.xtec.cat\/iesjulioantonio\/wp-json\/wp\/v2\/media?parent=2873"}],"curies":[{"name":"wp","href":"https:\/\/api.w.org\/{rel}","templated":true}]}}