{"id":1607,"date":"2019-07-25T14:29:00","date_gmt":"2019-07-25T12:29:00","guid":{"rendered":"http:\/\/iesjulioantonio.cat\/?page_id=1607"},"modified":"2026-04-30T10:00:36","modified_gmt":"2026-04-30T08:00:36","slug":"matricula-pfi","status":"publish","type":"page","link":"https:\/\/agora.xtec.cat\/iesjulioantonio\/pagines-dinici\/pagina-dinici-buida\/preinscripcions\/matricula-pfi\/","title":{"rendered":"Preinscripci\u00f3 i Matr\u00edcula PFI (Programes de Formaci\u00f3 i Inserci\u00f3). Curs 2026-2027"},"content":{"rendered":"<p>30-04-2026: <a href=\"https:\/\/agora.xtec.cat\/iesjulioantonio\/wp-content\/uploads\/usu942\/2026\/04\/Publicacio-de-loferta-inicial-de-places.pdf\">Publicaci\u00f3 de l&#8217;oferta inicial de places<\/a><\/p>\n<table style=\"width: 100%; border-collapse: collapse; background-color: #c2fdff; border-color: #beede8;\">\n<tbody>\n<tr>\n<td style=\"width: 100%;\"><span style=\"text-decoration: underline;\"><strong style=\"font-family: inherit; font-size: 1em;\"><span class=\"list_needToKnow-group-item-span\">Requisits per accedir als Programes de formaci\u00f3 i Inserci\u00f3 (PFI)<\/span><\/strong><\/span>Poden accedir a aquest programa de formaci\u00f3 i inserci\u00f3 (PFI) els joves que compleixin com a m\u00ednim 16 anys d&#8217;edat i com a m\u00e0xim 21 en l&#8217;any d\u2019inici del programa (2026) i que no hagin obtingut el graduat en ESO.<\/td>\n<\/tr>\n<\/tbody>\n<\/table>\n<p>Tota la informaci\u00f3 sobre el proc\u00e9s de preinscripci\u00f3 la trobareu al Web per a la preinscripci\u00f3 del departament d&#8217;Educaci\u00f3<span style=\"font-family: inherit; font-size: 1em;\">: <\/span><strong><a style=\"font-family: inherit; font-size: 1em;\" href=\"https:\/\/preinscripcio.gencat.cat\/ca\/estudis\/pfi\/inici\/\">preinscripcio.gencat.cat<\/a><\/strong><\/p>\n<div>\n<p>Tota l&#8217;oferta educativa del curs la trobar\u00e0s a: <a style=\"font-family: inherit; font-size: 1em;\" href=\"https:\/\/triaeducativa.gencat.cat\/ca\/inici\/\">triaeducativa.gencat.cat\u200b<\/a><\/p>\n<\/div>\n<h3><\/h3>\n<div class=\"bloc-mobil\"><\/div>\n","protected":false},"excerpt":{"rendered":"<p>30-04-2026: Publicaci\u00f3 de l&#8217;oferta inicial de places Requisits per accedir als Programes de formaci\u00f3 i Inserci\u00f3 (PFI)Poden accedir a aquest programa de formaci\u00f3 i inserci\u00f3 (PFI) els joves que compleixin com a m\u00ednim 16 anys d&#8217;edat i com a m\u00e0xim 21 en l&#8217;any d\u2019inici del programa (2026) i que no hagin obtingut el graduat en [&hellip;]<\/p>\n","protected":false},"author":1,"featured_media":0,"parent":3517,"menu_order":0,"comment_status":"closed","ping_status":"closed","template":"","meta":{"_bbp_topic_count":0,"_bbp_reply_count":0,"_bbp_total_topic_count":0,"_bbp_total_reply_count":0,"_bbp_voice_count":0,"_bbp_anonymous_reply_count":0,"_bbp_topic_count_hidden":0,"_bbp_reply_count_hidden":0,"_bbp_forum_subforum_count":0,"site-sidebar-layout":"default","site-content-layout":"","ast-site-content-layout":"default","site-content-style":"default","site-sidebar-style":"default","ast-global-header-display":"","ast-banner-title-visibility":"","ast-main-header-display":"","ast-hfb-above-header-display":"","ast-hfb-below-header-display":"","ast-hfb-mobile-header-display":"","site-post-title":"","ast-breadcrumbs-content":"","ast-featured-img":"","footer-sml-layout":"","theme-transparent-header-meta":"","adv-header-id-meta":"","stick-header-meta":"","header-above-stick-meta":"","header-main-stick-meta":"","header-below-stick-meta":"","astra-migrate-meta-layouts":"set","ast-page-background-enabled":"default","ast-page-background-meta":{"desktop":{"background-color":"var(--ast-global-color-4)","background-image":"","background-repeat":"repeat","background-position":"center center","background-size":"auto","background-attachment":"scroll","background-type":"","background-media":"","overlay-type":"","overlay-color":"","overlay-opacity":"","overlay-gradient":""},"tablet":{"background-color":"","background-image":"","background-repeat":"repeat","background-position":"center center","background-size":"auto","background-attachment":"scroll","background-type":"","background-media":"","overlay-type":"","overlay-color":"","overlay-opacity":"","overlay-gradient":""},"mobile":{"background-color":"","background-image":"","background-repeat":"repeat","background-position":"center center","background-size":"auto","background-attachment":"scroll","background-type":"","background-media":"","overlay-type":"","overlay-color":"","overlay-opacity":"","overlay-gradient":""}},"ast-content-background-meta":{"desktop":{"background-color":"var(--ast-global-color-5)","background-image":"","background-repeat":"repeat","background-position":"center center","background-size":"auto","background-attachment":"scroll","background-type":"","background-media":"","overlay-type":"","overlay-color":"","overlay-opacity":"","overlay-gradient":""},"tablet":{"background-color":"var(--ast-global-color-5)","background-image":"","background-repeat":"repeat","background-position":"center center","background-size":"auto","background-attachment":"scroll","background-type":"","background-media":"","overlay-type":"","overlay-color":"","overlay-opacity":"","overlay-gradient":""},"mobile":{"background-color":"var(--ast-global-color-5)","background-image":"","background-repeat":"repeat","background-position":"center center","background-size":"auto","background-attachment":"scroll","background-type":"","background-media":"","overlay-type":"","overlay-color":"","overlay-opacity":"","overlay-gradient":""}},"footnotes":""},"class_list":["post-1607","page","type-page","status-publish","hentry"],"post_mailing_queue_ids":[],"_links":{"self":[{"href":"https:\/\/agora.xtec.cat\/iesjulioantonio\/wp-json\/wp\/v2\/pages\/1607","targetHints":{"allow":["GET"]}}],"collection":[{"href":"https:\/\/agora.xtec.cat\/iesjulioantonio\/wp-json\/wp\/v2\/pages"}],"about":[{"href":"https:\/\/agora.xtec.cat\/iesjulioantonio\/wp-json\/wp\/v2\/types\/page"}],"author":[{"embeddable":true,"href":"https:\/\/agora.xtec.cat\/iesjulioantonio\/wp-json\/wp\/v2\/users\/1"}],"replies":[{"embeddable":true,"href":"https:\/\/agora.xtec.cat\/iesjulioantonio\/wp-json\/wp\/v2\/comments?post=1607"}],"version-history":[{"count":6,"href":"https:\/\/agora.xtec.cat\/iesjulioantonio\/wp-json\/wp\/v2\/pages\/1607\/revisions"}],"predecessor-version":[{"id":9103,"href":"https:\/\/agora.xtec.cat\/iesjulioantonio\/wp-json\/wp\/v2\/pages\/1607\/revisions\/9103"}],"up":[{"embeddable":true,"href":"https:\/\/agora.xtec.cat\/iesjulioantonio\/wp-json\/wp\/v2\/pages\/3517"}],"wp:attachment":[{"href":"https:\/\/agora.xtec.cat\/iesjulioantonio\/wp-json\/wp\/v2\/media?parent=1607"}],"curies":[{"name":"wp","href":"https:\/\/api.w.org\/{rel}","templated":true}]}}

Preinscripció i Matrícula PFI (Programes de Formació i Inserció). Curs 2026-2027

<p>30-04-2026: <a href="https://agora.xtec.cat/iesjulioantonio/wp-content/uploads/usu942/2026/04/Publicacio-de-loferta-inicial-de-places.pdf">Publicació de l&#8217;oferta inicial de places</a></p>
<table style="width: 100%; border-collapse: collapse; background-color: #c2fdff; border-color: #beede8;">
<tbody>
<tr>
<td style="width: 100%;"><span style="text-decoration: underline;"><strong style="font-family: inherit; font-size: 1em;"><span class="list_needToKnow-group-item-span">Requisits per accedir als Programes de formació i Inserció (PFI)</span></strong></span>Poden accedir a aquest programa de formació i inserció (PFI) els joves que compleixin com a mínim 16 anys d&#8217;edat i com a màxim 21 en l&#8217;any d’inici del programa (2026) i que no hagin obtingut el graduat en ESO.</td>
</tr>
</tbody>
</table>
<p>Tota la informació sobre el procés de preinscripció la trobareu al Web per a la preinscripció del departament d&#8217;Educació<span style="font-family: inherit; font-size: 1em;">: </span><strong><a style="font-family: inherit; font-size: 1em;" href="https://preinscripcio.gencat.cat/ca/estudis/pfi/inici/">preinscripcio.gencat.cat</a></strong></p>
<div>
<p>Tota l&#8217;oferta educativa del curs la trobaràs a: <a style="font-family: inherit; font-size: 1em;" href="https://triaeducativa.gencat.cat/ca/inici/">triaeducativa.gencat.cat​</a></p>
</div>
<h3></h3>
<div class="bloc-mobil"></div>

<p>30-04-2026: Publicació de l&#8217;oferta inicial de places Requisits per accedir als Programes de formació i Inserció (PFI)Poden accedir a aquest programa de formació i inserció (PFI) els joves que compleixin com a mínim 16 anys d&#8217;edat i com a màxim 21 en l&#8217;any d’inici del programa (2026) i que no hagin obtingut el graduat en [&hellip;]</p>
