{"id":1218,"date":"2019-07-25T08:02:18","date_gmt":"2019-07-25T06:02:18","guid":{"rendered":"http:\/\/iesjulioantonio.cat\/?page_id=1218"},"modified":"2026-04-08T10:59:49","modified_gmt":"2026-04-08T08:59:49","slug":"ajuts-i-beques","status":"publish","type":"page","link":"https:\/\/agora.xtec.cat\/iesjulioantonio\/secretaria\/ajuts-i-beques\/","title":{"rendered":"Ajuts i Beques"},"content":{"rendered":"<h4><span style=\"text-decoration: underline;\"><b style=\"text-decoration-line: underline;\">Beques <b>d\u2019ensenyaments postobligatoris no universitaris <\/b><\/b><b style=\"text-decoration-line: underline;\">per al curs 2026-2027<\/b><\/span><\/h4>\n<p style=\"font-weight: 400;\"><strong>Condicions per demanar beca:<\/strong><\/p>\n<ol>\n<li style=\"font-weight: 400;\"><strong> Estudiants amb domicili familiar a Catalunya.<\/strong><\/li>\n<\/ol>\n<p style=\"font-weight: 400;\">A partir del curs 2026-2027, si el domicili familiar \u00e9s a Catalunya, els\/les alumnes han de fer la sol\u00b7licitud des del\u00a0<strong>tr\u00e0mit &#8220;Beques per a estudis no universitaris&#8221;.\u00a0 <\/strong>El Departament d&#8217;Educaci\u00f3 i Formaci\u00f3 Professional gestionar\u00e0 la sol\u00b7licitud<\/p>\n<ol start=\"2\">\n<li style=\"font-weight: 400;\"><strong> Identificaci\u00f3 digital per fer la sol\u00b7licitud.<\/strong><\/li>\n<\/ol>\n<p style=\"font-weight: 400;\">Es necessari disposar d\u2019una\u00a0<strong>identificaci\u00f3 digital\u00a0<\/strong>v\u00e0lida, com ara: IdCAT M\u00f2bil, IdCAT Certificat, Cl@ve, DNI electr\u00f2nic, Certificat FNMT, T-CAT, Camefirma, etc.<\/p>\n<p style=\"font-weight: 400;\">Si no disposen de cap d&#8217;aquests certificats, poden consultar les\u00a0<strong>guies i v\u00eddeos de suport (<\/strong><a href=\"https:\/\/web.gencat.cat\/ca\/atenem\/suport-tramitacio#bloc2\" data-saferedirecturl=\"https:\/\/www.google.com\/url?q=https:\/\/web.gencat.cat\/ca\/atenem\/suport-tramitacio%23bloc2&amp;source=gmail&amp;ust=1775719703279000&amp;usg=AOvVaw0sXsSryPmFJm7-uOhobiw2\">Suport a la tramitaci\u00f3 per internet<\/a>)<strong>\u00a0<\/strong>dels canals oficials, on s&#8217;explica com obtenir l&#8217;idCAT M\u00f2bil o l&#8217;idCAT Certificat i com utilitzar-los per fer tr\u00e0mits en l\u00ednia.<\/p>\n<p style=\"font-weight: 400;\">Alternativament, per aquells\u00a0<strong>alumnes que no disposin de certificat digital o tinguin problemes\u00a0<\/strong>amb la tramitaci\u00f3 de la beca, tenen l\u2019opci\u00f3 de la\u00a0<strong>tramitaci\u00f3 atesa<\/strong>. Al mateix tr\u00e0mit, en l\u2019apartat de \u201cPresencial\u201d, trobaran l\u2019enlla\u00e7 per sol\u00b7licitar cita pr\u00e8via en un dels registres del Departament d&#8217;Educaci\u00f3 i Formaci\u00f3 professional que ofereixen la tramitaci\u00f3 atesa:<\/p>\n<p style=\"font-weight: 400;\"><a href=\"https:\/\/web.gencat.cat\/ca\/generalitat\/com-ens-organitzem\/adreces-i-telefons\/detall-adreces-i-telefons?objectID=20190\" data-saferedirecturl=\"https:\/\/www.google.com\/url?q=https:\/\/web.gencat.cat\/ca\/generalitat\/com-ens-organitzem\/adreces-i-telefons\/detall-adreces-i-telefons?objectID%3D20190&amp;source=gmail&amp;ust=1775719703279000&amp;usg=AOvVaw1HgWRH9EqljhbKZQ-bvDXW\">Detall Adreces i tel\u00e8fons<\/a>\u00a0o\u00a0<a href=\"https:\/\/web.gencat.cat\/ca\/generalitat\/com-ens-organitzem\/adreces-i-telefons\/detall-adreces-i-telefons?objectID=12397\" data-saferedirecturl=\"https:\/\/www.google.com\/url?q=https:\/\/web.gencat.cat\/ca\/generalitat\/com-ens-organitzem\/adreces-i-telefons\/detall-adreces-i-telefons?objectID%3D12397&amp;source=gmail&amp;ust=1775719703279000&amp;usg=AOvVaw2oFF5SV_Dr4Mn5MXBDanJJ\">Detall Adreces i tel\u00e8fons<\/a><\/p>\n<p style=\"font-weight: 400;\">L\u2019acc\u00e9s a la tramitaci\u00f3 electr\u00f2nica de la sol\u00b7licitud el podeu trobar al seg\u00fcent enlla\u00e7:<\/p>\n<p style=\"font-weight: 400;\"><a href=\"https:\/\/tramits.gencat.cat\/ca\/tramits\/tramits-temes\/beques-estudis-no-universitaris?moda=1\" data-saferedirecturl=\"https:\/\/www.google.com\/url?q=https:\/\/tramits.gencat.cat\/ca\/tramits\/tramits-temes\/beques-estudis-no-universitaris?moda%3D1&amp;source=gmail&amp;ust=1775719703279000&amp;usg=AOvVaw3WDwydRxvFck7UuYJYZnDH\">Beques per a estudis no universitaris. Tr\u00e0mits Gencat<\/a><\/p>\n<p style=\"font-weight: 400;\">A m\u00e9s a m\u00e9s, podeu trobar m\u00e9s informaci\u00f3 en el portal de centres\u00a0<a href=\"https:\/\/espai.educacio.gencat.cat\/Departament\/Comunicacio\/Noticies\/Pagines\/campanya-beques-postob.aspx\" data-saferedirecturl=\"https:\/\/www.google.com\/url?q=https:\/\/espai.educacio.gencat.cat\/Departament\/Comunicacio\/Noticies\/Pagines\/campanya-beques-postob.aspx&amp;source=gmail&amp;ust=1775719703279000&amp;usg=AOvVaw3ydgTFnLqzVdMsbhq9Cpdi\">https:\/\/espai.educacio.gencat.cat\/Departament\/Comunicacio\/Noticies\/Pagines\/campanya-beques-postob.aspx<\/a><\/p>\n<p style=\"font-weight: 400;\">El termini de presentaci\u00f3 obligatori de sol\u00b7licituds comen\u00e7a\u00a0<strong><u>el 7 d\u2019abril de 2026 a les 08.00h i finalitzar\u00e0 el proper 18 de maig de 2026 a les 15.00h<\/u><\/strong>.<\/p>\n<p style=\"font-weight: 400;\">Els alumnes han de sol\u00b7licitar la beca dins del termini malgrat no s\u00e0piguen que estudiaran en seguretat, han de posar els m\u00e9s probables i hi haur\u00e0 una 2a. fase per modificar i canviar pels que realment es cursen.<\/p>\n<p style=\"font-weight: 400;\">\n","protected":false},"excerpt":{"rendered":"<p>Beques d\u2019ensenyaments postobligatoris no universitaris per al curs 2026-2027 Condicions per demanar beca: Estudiants amb domicili familiar a Catalunya. A partir del curs 2026-2027, si el domicili familiar \u00e9s a Catalunya, els\/les alumnes han de fer la sol\u00b7licitud des del\u00a0tr\u00e0mit &#8220;Beques per a estudis no universitaris&#8221;.\u00a0 El Departament d&#8217;Educaci\u00f3 i Formaci\u00f3 Professional gestionar\u00e0 la sol\u00b7licitud [&hellip;]<\/p>\n","protected":false},"author":1,"featured_media":0,"parent":2869,"menu_order":0,"comment_status":"closed","ping_status":"closed","template":"","meta":{"_bbp_topic_count":0,"_bbp_reply_count":0,"_bbp_total_topic_count":0,"_bbp_total_reply_count":0,"_bbp_voice_count":0,"_bbp_anonymous_reply_count":0,"_bbp_topic_count_hidden":0,"_bbp_reply_count_hidden":0,"_bbp_forum_subforum_count":0,"site-sidebar-layout":"default","site-content-layout":"","ast-site-content-layout":"default","site-content-style":"default","site-sidebar-style":"default","ast-global-header-display":"","ast-banner-title-visibility":"","ast-main-header-display":"","ast-hfb-above-header-display":"","ast-hfb-below-header-display":"","ast-hfb-mobile-header-display":"","site-post-title":"","ast-breadcrumbs-content":"","ast-featured-img":"","footer-sml-layout":"","theme-transparent-header-meta":"","adv-header-id-meta":"","stick-header-meta":"","header-above-stick-meta":"","header-main-stick-meta":"","header-below-stick-meta":"","astra-migrate-meta-layouts":"set","ast-page-background-enabled":"default","ast-page-background-meta":{"desktop":{"background-color":"var(--ast-global-color-4)","background-image":"","background-repeat":"repeat","background-position":"center center","background-size":"auto","background-attachment":"scroll","background-type":"","background-media":"","overlay-type":"","overlay-color":"","overlay-opacity":"","overlay-gradient":""},"tablet":{"background-color":"","background-image":"","background-repeat":"repeat","background-position":"center center","background-size":"auto","background-attachment":"scroll","background-type":"","background-media":"","overlay-type":"","overlay-color":"","overlay-opacity":"","overlay-gradient":""},"mobile":{"background-color":"","background-image":"","background-repeat":"repeat","background-position":"center center","background-size":"auto","background-attachment":"scroll","background-type":"","background-media":"","overlay-type":"","overlay-color":"","overlay-opacity":"","overlay-gradient":""}},"ast-content-background-meta":{"desktop":{"background-color":"var(--ast-global-color-5)","background-image":"","background-repeat":"repeat","background-position":"center center","background-size":"auto","background-attachment":"scroll","background-type":"","background-media":"","overlay-type":"","overlay-color":"","overlay-opacity":"","overlay-gradient":""},"tablet":{"background-color":"var(--ast-global-color-5)","background-image":"","background-repeat":"repeat","background-position":"center center","background-size":"auto","background-attachment":"scroll","background-type":"","background-media":"","overlay-type":"","overlay-color":"","overlay-opacity":"","overlay-gradient":""},"mobile":{"background-color":"var(--ast-global-color-5)","background-image":"","background-repeat":"repeat","background-position":"center center","background-size":"auto","background-attachment":"scroll","background-type":"","background-media":"","overlay-type":"","overlay-color":"","overlay-opacity":"","overlay-gradient":""}},"footnotes":""},"class_list":["post-1218","page","type-page","status-publish","hentry"],"post_mailing_queue_ids":[],"_links":{"self":[{"href":"https:\/\/agora.xtec.cat\/iesjulioantonio\/wp-json\/wp\/v2\/pages\/1218","targetHints":{"allow":["GET"]}}],"collection":[{"href":"https:\/\/agora.xtec.cat\/iesjulioantonio\/wp-json\/wp\/v2\/pages"}],"about":[{"href":"https:\/\/agora.xtec.cat\/iesjulioantonio\/wp-json\/wp\/v2\/types\/page"}],"author":[{"embeddable":true,"href":"https:\/\/agora.xtec.cat\/iesjulioantonio\/wp-json\/wp\/v2\/users\/1"}],"replies":[{"embeddable":true,"href":"https:\/\/agora.xtec.cat\/iesjulioantonio\/wp-json\/wp\/v2\/comments?post=1218"}],"version-history":[{"count":6,"href":"https:\/\/agora.xtec.cat\/iesjulioantonio\/wp-json\/wp\/v2\/pages\/1218\/revisions"}],"predecessor-version":[{"id":9036,"href":"https:\/\/agora.xtec.cat\/iesjulioantonio\/wp-json\/wp\/v2\/pages\/1218\/revisions\/9036"}],"up":[{"embeddable":true,"href":"https:\/\/agora.xtec.cat\/iesjulioantonio\/wp-json\/wp\/v2\/pages\/2869"}],"wp:attachment":[{"href":"https:\/\/agora.xtec.cat\/iesjulioantonio\/wp-json\/wp\/v2\/media?parent=1218"}],"curies":[{"name":"wp","href":"https:\/\/api.w.org\/{rel}","templated":true}]}}