{"id":701,"date":"2017-02-14T12:47:38","date_gmt":"2017-02-14T11:47:38","guid":{"rendered":"http:\/\/agora.xtec.cat\/iesjuliaminguell\/?page_id=701"},"modified":"2023-01-27T14:40:11","modified_gmt":"2023-01-27T13:40:11","slug":"proves-de-complecio","status":"publish","type":"page","link":"https:\/\/agora.xtec.cat\/iesjuliaminguell\/secretaria\/proves-de-complecio\/","title":{"rendered":"Proves de compleci\u00f3"},"content":{"rendered":"<h2>Proves anuals per completar els ensenyaments d&#8217;ESO<\/h2>\n<p><strong>\u00a0<\/strong>Cada any es convoquen proves per a l&#8217;obtenci\u00f3 del t\u00edtol de graduat en educaci\u00f3 secund\u00e0ria obligat\u00f2ria, per als alumnes que no l&#8217;hagin obtingut en finalitzar l&#8217;etapa. En aquest apartat hi trobareu tota la informaci\u00f3 necess\u00e0ria per a l&#8217;organitzaci\u00f3 d&#8217;aquestes proves.<\/p>\n<p><strong><u>Alumnes que poden presentar-s&#8217;hi<\/u><\/strong><\/p>\n<p>Es poden presentar a la prova les persones que compleixen els\u00a0<strong>requisits<\/strong>\u00a0seg\u00fcents:<\/p>\n<ol>\n<li>Tenir 18 anys o complir-los dins l&#8217;any natural de la prova. Tamb\u00e9 s&#8217;hi poden presentar amb 17 anys o complir-los dins l&#8217;any natural de la prova si es troben en alguna d&#8217;aquestes situacions (cal presentar la documentaci\u00f3 que ho acrediti):\n<ul>\n<li>tenir un contracte laboral que els impedeixi d&#8217;assistir al centre educatiu en r\u00e8gim ordinari,<\/li>\n<li>trobar-se en proc\u00e9s d&#8217;obtenir un perm\u00eds de treball o<\/li>\n<li>ser esportista d&#8217;alt rendiment.<\/li>\n<\/ul>\n<\/li>\n<li>Haver finalitzat l&#8217;ESO sense obtenir el t\u00edtol i no tenir m\u00e9s de 5 mat\u00e8ries pendents de qualificaci\u00f3 positiva (compten com una sola mat\u00e8ria les cursades amb el mateix nom en diferents cursos).<\/li>\n<li>Haver finalitzat l&#8217;ESO durant un dels 2 cursos anteriors al qual es presentin a les proves.<\/li>\n<\/ol>\n<p>En aplicaci\u00f3 d&#8217;aquests requisits, queden exclosos de les proves els alumnes inscrits per repetir quart d&#8217;ESO en el present curs<\/p>\n<p>Trobareu tota la informaci\u00f3 al <a href=\"https:\/\/educacio.gencat.cat\/ca\/serveis-tramits\/proves\/proves-lliures-obtencio-titols\/obtencio-titol-eso\/\" target=\"_blank\" rel=\"noopener\">web del Departament d&#8217;Educaci\u00f3<\/a><\/p>\n<p>&nbsp;<\/p>\n","protected":false},"excerpt":{"rendered":"<p>Proves anuals per completar els ensenyaments d&#8217;ESO<br \/>\n\u00a0Cada any es convoquen proves per a l&#8217;obtenci\u00f3 del t\u00edtol de graduat en educaci\u00f3 secund\u00e0ria obligat\u00f2ria, per als alumnes que no l&#8217;hagin obtingut en finalitzar l&#8217;etapa. En aquest apartat hi trobareu tota la informaci\u00f3 necess\u00e0ria per a l&#8217;organitzaci\u00f3 d&#8217;aquestes&hellip;  <a href=\"https:\/\/agora.xtec.cat\/iesjuliaminguell\/secretaria\/proves-de-complecio\/\" title=\"Read Proves de compleci\u00f3\">Llegeix m\u00e9s\u00bb<\/a><\/p>\n","protected":false},"author":1,"featured_media":0,"parent":81,"menu_order":7,"comment_status":"closed","ping_status":"closed","template":"page-templates\/side-menu.php","meta":{"_bbp_topic_count":0,"_bbp_reply_count":0,"_bbp_total_topic_count":0,"_bbp_total_reply_count":0,"_bbp_voice_count":0,"_bbp_anonymous_reply_count":0,"_bbp_topic_count_hidden":0,"_bbp_reply_count_hidden":0,"_bbp_forum_subforum_count":0,"footnotes":""},"class_list":["post-701","page","type-page","status-publish","hentry"],"post_mailing_queue_ids":[],"_links":{"self":[{"href":"https:\/\/agora.xtec.cat\/iesjuliaminguell\/wp-json\/wp\/v2\/pages\/701","targetHints":{"allow":["GET"]}}],"collection":[{"href":"https:\/\/agora.xtec.cat\/iesjuliaminguell\/wp-json\/wp\/v2\/pages"}],"about":[{"href":"https:\/\/agora.xtec.cat\/iesjuliaminguell\/wp-json\/wp\/v2\/types\/page"}],"author":[{"embeddable":true,"href":"https:\/\/agora.xtec.cat\/iesjuliaminguell\/wp-json\/wp\/v2\/users\/1"}],"replies":[{"embeddable":true,"href":"https:\/\/agora.xtec.cat\/iesjuliaminguell\/wp-json\/wp\/v2\/comments?post=701"}],"version-history":[{"count":3,"href":"https:\/\/agora.xtec.cat\/iesjuliaminguell\/wp-json\/wp\/v2\/pages\/701\/revisions"}],"predecessor-version":[{"id":4558,"href":"https:\/\/agora.xtec.cat\/iesjuliaminguell\/wp-json\/wp\/v2\/pages\/701\/revisions\/4558"}],"up":[{"embeddable":true,"href":"https:\/\/agora.xtec.cat\/iesjuliaminguell\/wp-json\/wp\/v2\/pages\/81"}],"wp:attachment":[{"href":"https:\/\/agora.xtec.cat\/iesjuliaminguell\/wp-json\/wp\/v2\/media?parent=701"}],"curies":[{"name":"wp","href":"https:\/\/api.w.org\/{rel}","templated":true}]}}