{"id":693,"date":"2017-02-14T12:33:49","date_gmt":"2017-02-14T11:33:49","guid":{"rendered":"http:\/\/agora.xtec.cat\/iesjuliaminguell\/?page_id=693"},"modified":"2022-11-30T13:38:00","modified_gmt":"2022-11-30T12:38:00","slug":"titols","status":"publish","type":"page","link":"https:\/\/agora.xtec.cat\/iesjuliaminguell\/secretaria\/titols\/","title":{"rendered":"T\u00edtols"},"content":{"rendered":"<p style=\"text-align: justify;\">A la secretaria es trameten els t\u00edtols d\u2019<strong>ESO<\/strong>, <strong>Batxillerat<\/strong> i <strong>Cicle Formatiu<\/strong> un cop acabats i superats els estudis.<\/p>\n<p style=\"text-align: justify;\"><strong><u>El t\u00edtol d\u2019ESO<\/u><\/strong><\/p>\n<p style=\"text-align: justify;\">En finalitzar el curs es lliura un resguard a l\u2019alumnat, juntament amb el butllet\u00ed de notes i els impresos per a la matr\u00edcula de Batxillerat (aquests \u00faltims en el cas que l\u2019alumne\/a continu\u00ef estudiant al nostre centre).<\/p>\n<p style=\"text-align: justify;\">Quan els t\u00edtols s\u00f3n expedits i tramesos a l\u2019Institut, la secretaria enviar\u00e0 a casa una carta per a qu\u00e8 l\u2019alumne\/a\u00a0 el passi a recollir portant el resguard i el document identificatiu (DNI\/NIE). En el cas que l\u2019hagi de recollir una altra persona cal que l\u2019interessat l\u2019autoritzi amb el mateix document que hi ha a la carta, pr\u00e8viament signat per les dues persones i adjuntant fotoc\u00f2pia dels DNI\/NIE.<\/p>\n<p style=\"text-align: justify;\"><strong><u>El t\u00edtol de Batxillerat \/ Cicle Formatiu<\/u><\/strong><\/p>\n<p style=\"text-align: justify;\">L\u2019alumnat que aprova el Batxillerat\/Cicle Formatiu haur\u00e0 de passar per la secretaria amb el seu DNI\/NIE per tal de comprovar que les dades s\u00f3n correctes. Se\u2019ls donar\u00e0 un impr\u00e8s amb el qual hauran de fer el pagament de les taxes a la Caixa de Pensions i retornar a la Secretaria per a qu\u00e8 els lliurem el resguard.<\/p>\n<p style=\"text-align: justify;\">Quan els t\u00edtols s\u00f3n expedits i tramesos a l\u2019Institut, la secretaria enviar\u00e0 a casa una carta per a qu\u00e8 l\u2019alumne\/a\u00a0 el passi a recollir portant el resguard i el document identificatiu (DNI\/NIE). En el cas que l\u2019hagi de recollir una altra persona cal que l\u2019interessat l\u2019autoritzi amb el mateix document que hi ha a la carta, pr\u00e8viament signat per les dues persones i adjuntant fotoc\u00f2pia dels DNI\/NIE.<\/p>\n<p style=\"text-align: justify;\"><strong>IMPORTANT:<\/strong><\/p>\n<p style=\"text-align: justify;\"><strong>Per a la tramitaci\u00f3 dels t\u00edtols cal tenir vigent el document d\u2019identitat, aix\u00ed com el carnet de Fam\u00edlia Nombrosa i el de Monoparental, si \u00e9s el cas, per a poder aplicar els descomptes que els correspongui.<br \/>\n<\/strong><\/p>\n<p style=\"text-align: justify;\"><strong>El resguard del t\u00edtol \u00e9s v\u00e0lid a tots els efectes mentre no s\u2019hagi expedit el t\u00edtol original i sempre ha d\u2019estar en possessi\u00f3 de l\u2019interessat, \u00e9s a dir que quan el demanin cal lliurar sempre una fotoc\u00f2pia i sobretot tenir cura de no perdre\u2019l. <\/strong><\/p>\n","protected":false},"excerpt":{"rendered":"<p>A la secretaria es trameten els t\u00edtols d\u2019ESO, Batxillerat i Cicle Formatiu un cop acabats i superats els estudis.<br \/>\nEl t\u00edtol d\u2019ESO<br \/>\nEn finalitzar el curs es lliura un resguard a l\u2019alumnat, juntament amb el butllet\u00ed de notes i els impresos per a la matr\u00edcula de Batxillerat&hellip;  <a href=\"https:\/\/agora.xtec.cat\/iesjuliaminguell\/secretaria\/titols\/\" title=\"Read T\u00edtols\">Llegeix m\u00e9s\u00bb<\/a><\/p>\n","protected":false},"author":1,"featured_media":0,"parent":81,"menu_order":4,"comment_status":"closed","ping_status":"closed","template":"page-templates\/side-menu.php","meta":{"_bbp_topic_count":0,"_bbp_reply_count":0,"_bbp_total_topic_count":0,"_bbp_total_reply_count":0,"_bbp_voice_count":0,"_bbp_anonymous_reply_count":0,"_bbp_topic_count_hidden":0,"_bbp_reply_count_hidden":0,"_bbp_forum_subforum_count":0,"footnotes":""},"class_list":["post-693","page","type-page","status-publish","hentry"],"post_mailing_queue_ids":[],"_links":{"self":[{"href":"https:\/\/agora.xtec.cat\/iesjuliaminguell\/wp-json\/wp\/v2\/pages\/693","targetHints":{"allow":["GET"]}}],"collection":[{"href":"https:\/\/agora.xtec.cat\/iesjuliaminguell\/wp-json\/wp\/v2\/pages"}],"about":[{"href":"https:\/\/agora.xtec.cat\/iesjuliaminguell\/wp-json\/wp\/v2\/types\/page"}],"author":[{"embeddable":true,"href":"https:\/\/agora.xtec.cat\/iesjuliaminguell\/wp-json\/wp\/v2\/users\/1"}],"replies":[{"embeddable":true,"href":"https:\/\/agora.xtec.cat\/iesjuliaminguell\/wp-json\/wp\/v2\/comments?post=693"}],"version-history":[{"count":3,"href":"https:\/\/agora.xtec.cat\/iesjuliaminguell\/wp-json\/wp\/v2\/pages\/693\/revisions"}],"predecessor-version":[{"id":1041,"href":"https:\/\/agora.xtec.cat\/iesjuliaminguell\/wp-json\/wp\/v2\/pages\/693\/revisions\/1041"}],"up":[{"embeddable":true,"href":"https:\/\/agora.xtec.cat\/iesjuliaminguell\/wp-json\/wp\/v2\/pages\/81"}],"wp:attachment":[{"href":"https:\/\/agora.xtec.cat\/iesjuliaminguell\/wp-json\/wp\/v2\/media?parent=693"}],"curies":[{"name":"wp","href":"https:\/\/api.w.org\/{rel}","templated":true}]}}