{"id":688,"date":"2017-02-14T12:23:44","date_gmt":"2017-02-14T11:23:44","guid":{"rendered":"http:\/\/agora.xtec.cat\/iesjuliaminguell\/?page_id=688"},"modified":"2026-02-20T11:35:41","modified_gmt":"2026-02-20T10:35:41","slug":"horari-de-secretaria","status":"publish","type":"page","link":"https:\/\/agora.xtec.cat\/iesjuliaminguell\/secretaria\/horari-de-secretaria\/","title":{"rendered":"Horari de secretaria"},"content":{"rendered":"<p><strong>HORARI D\u2019ATENCI\u00d3 <\/strong><\/p>\n<p>Durant el curs la secretaria estar\u00e0 oberta al p\u00fablic:<\/p>\n<p><strong>MATINS <\/strong><\/p>\n<p>de 09:30 a 13:00h<\/p>\n<p><strong>TARDES<\/strong> (dimarts)<\/p>\n<p>de 16:15 a 17:30h<\/p>\n<p><strong><em>L\u2019atenci\u00f3 a l\u2019alumnat nom\u00e9s es far\u00e0 durant l\u2019hora del pati i en sortir de classe.<\/em><\/strong><\/p>\n<p>En per\u00edode no lectiu (de finals de juny fins a mitjans setembre) la secretaria nom\u00e9s estar\u00e0 oberta els matins.<\/p>\n","protected":false},"excerpt":{"rendered":"<p>HORARI D\u2019ATENCI\u00d3<br \/>\nDurant el curs la secretaria estar\u00e0 oberta al p\u00fablic:<br \/>\nMATINS<br \/>\nde 09:30 a 13:00h<br \/>\nTARDES (dimarts)<br \/>\nde 16:15 a 17:30h<br \/>\nL\u2019atenci\u00f3 a l\u2019alumnat nom\u00e9s es far\u00e0 durant l\u2019hora del pati i en sortir de classe.<br \/>\nEn per\u00edode no lectiu (de finals de juny fins a mitjans setembre) la&hellip;  <a href=\"https:\/\/agora.xtec.cat\/iesjuliaminguell\/secretaria\/horari-de-secretaria\/\" title=\"Read Horari de secretaria\">Llegeix m\u00e9s\u00bb<\/a><\/p>\n","protected":false},"author":1,"featured_media":0,"parent":81,"menu_order":1,"comment_status":"closed","ping_status":"closed","template":"page-templates\/side-menu.php","meta":{"_bbp_topic_count":0,"_bbp_reply_count":0,"_bbp_total_topic_count":0,"_bbp_total_reply_count":0,"_bbp_voice_count":0,"_bbp_anonymous_reply_count":0,"_bbp_topic_count_hidden":0,"_bbp_reply_count_hidden":0,"_bbp_forum_subforum_count":0,"footnotes":""},"class_list":["post-688","page","type-page","status-publish","hentry"],"post_mailing_queue_ids":[],"_links":{"self":[{"href":"https:\/\/agora.xtec.cat\/iesjuliaminguell\/wp-json\/wp\/v2\/pages\/688","targetHints":{"allow":["GET"]}}],"collection":[{"href":"https:\/\/agora.xtec.cat\/iesjuliaminguell\/wp-json\/wp\/v2\/pages"}],"about":[{"href":"https:\/\/agora.xtec.cat\/iesjuliaminguell\/wp-json\/wp\/v2\/types\/page"}],"author":[{"embeddable":true,"href":"https:\/\/agora.xtec.cat\/iesjuliaminguell\/wp-json\/wp\/v2\/users\/1"}],"replies":[{"embeddable":true,"href":"https:\/\/agora.xtec.cat\/iesjuliaminguell\/wp-json\/wp\/v2\/comments?post=688"}],"version-history":[{"count":4,"href":"https:\/\/agora.xtec.cat\/iesjuliaminguell\/wp-json\/wp\/v2\/pages\/688\/revisions"}],"predecessor-version":[{"id":6596,"href":"https:\/\/agora.xtec.cat\/iesjuliaminguell\/wp-json\/wp\/v2\/pages\/688\/revisions\/6596"}],"up":[{"embeddable":true,"href":"https:\/\/agora.xtec.cat\/iesjuliaminguell\/wp-json\/wp\/v2\/pages\/81"}],"wp:attachment":[{"href":"https:\/\/agora.xtec.cat\/iesjuliaminguell\/wp-json\/wp\/v2\/media?parent=688"}],"curies":[{"name":"wp","href":"https:\/\/api.w.org\/{rel}","templated":true}]}}