{"id":65,"date":"2014-09-18T10:12:22","date_gmt":"2014-09-18T10:12:22","guid":{"rendered":"http:\/\/agora.xtec.cat\/iesjuliaminguell\/?page_id=65"},"modified":"2017-03-01T14:42:43","modified_gmt":"2017-03-01T13:42:43","slug":"serveis-digitals","status":"publish","type":"page","link":"https:\/\/agora.xtec.cat\/iesjuliaminguell\/serveis\/serveis-digitals\/","title":{"rendered":"Serveis digitals"},"content":{"rendered":"<h2 style=\"color: #444444;\"><strong>Entorns d&#8217;aprenentatge<\/strong><\/h2>\n<p style=\"color: #444444; padding-left: 30px;\"><a href=\"http:\/\/insjuliaminguell.educat1x1.cat\/moodle2\/\" target=\"_blank\">Moodle d&#8217;ESO.<\/a><\/p>\n<p style=\"color: #444444; padding-left: 30px;\"><a href=\"http:\/\/agora.xtec.cat\/iesjuliaminguell\/moodle\/\" target=\"_blank\">Moodle de batxillerat i cicle formatiu.<\/a><\/p>\n<p style=\"padding-left: 30px;\"><a href=\"https:\/\/accounts.google.com\/ServiceLogin?service=classroom&amp;continue=https:\/\/classroom.google.com\/&amp;followup=https:\/\/classroom.google.com\/&amp;passive=true&amp;go=true&amp;emr=1#identifier\" target=\"_blank\">Google Clasroom.<\/a><\/p>\n<h2><strong>Control d&#8217;assist\u00e8ncia<\/strong><\/h2>\n<p style=\"padding-left: 30px;\"><a href=\"http:\/\/www.jminguell-gestin.net\/logins.php\" target=\"_blank\">Acc\u00e9s al control d&#8217;assist\u00e8ncia per a l&#8217;alumnat.<\/a><\/p>\n<p style=\"color: #444444; padding-left: 30px;\"><a href=\"http:\/\/www.jminguell-gestin.net\/loginp.php\" target=\"_blank\">Acc\u00e9s al control d&#8217;assist\u00e8ncia per a les fam\u00edlies.<\/a><\/p>\n<p style=\"color: #444444; padding-left: 30px;\"><a href=\"http:\/\/www.jminguell-gestin.net\/login.php\" target=\"_blank\">Acc\u00e9s al control d&#8217;assist\u00e8ncia per al professorat.<\/a><\/p>\n<h2 style=\"color: #444444;\"><strong>Documentaci\u00f3<\/strong><\/h2>\n<p style=\"color: #444444; padding-left: 30px;\"><a href=\"https:\/\/accounts.google.com\/ServiceLogin?continue=https%3A%2F%2Fdocs.google.com%2Fa%2Fxtec.cat%2Fleaf%3Fid%3D0B2lhUG45T7-_ODVmOWRiZTctNjNkMC00NjBiLWE5ODEtOGI3MTRlOGNlNWMy%26hl%3Dca%26ndplr%3D1&amp;followup=https%3A%2F%2Fdocs.google.com%2Fa%2Fxtec.cat%2Fleaf%3Fid%3D0B2lhUG45T7-_ODVmOWRiZTctNjNkMC00NjBiLWE5ODEtOGI3MTRlOGNlNWMy%26hl%3Dca%26ndplr%3D1&amp;ltmpl=homepage&amp;hd=xtec.cat&amp;service=writely&amp;sacu=1&amp;rip=1#identifier\" target=\"_blank\">Documentaci\u00f3 compartida al professorat (acc\u00e9s amb correu d&#8217;xtec)<\/a><\/p>\n<h2 style=\"color: #444444;\"><strong>\u00das de les TIC<\/strong><\/h2>\n<p style=\"color: #444444; padding-left: 30px;\"><a href=\"http:\/\/agora.xtec.cat\/iesjuliaminguell\/moodle\/course\/view.php?id=22\" target=\"_blank\">Informacions d&#8217;inter\u00e8s sobre els ordinadors port\u00e0tils.<\/a><\/p>\n<p style=\"color: #444444; padding-left: 30px;\"><a href=\"https:\/\/internetsegura.cat\/\" target=\"_blank\">Internet segura.<\/a><\/p>\n","protected":false},"excerpt":{"rendered":"<p>Entorns d&#8217;aprenentatge<br \/>\n<a href=\"http:\/\/insjuliaminguell.educat1x1.cat\/moodle2\/\" target=\"_blank\">Moodle d&#8217;ESO.<\/a><br \/>\n<a href=\"http:\/\/agora.xtec.cat\/iesjuliaminguell\/moodle\/\" target=\"_blank\">Moodle de batxillerat i cicle formatiu.<\/a><br \/>\n<a href=\"https:\/\/accounts.google.com\/ServiceLogin?service=classroom&amp;continue=https:\/\/classroom.google.com\/&amp;followup=https:\/\/classroom.google.com\/&amp;passive=true&amp;go=true&amp;emr=1#identifier\" target=\"_blank\">Google Clasroom.<\/a><br \/>\nControl d&#8217;assist\u00e8ncia<br \/>\n<a href=\"http:\/\/www.jminguell-gestin.net\/logins.php\" target=\"_blank\">Acc\u00e9s al control d&#8217;assist\u00e8ncia per a l&#8217;alumnat.<\/a><br \/>\n<a href=\"http:\/\/www.jminguell-gestin.net\/loginp.php\" target=\"_blank\">Acc\u00e9s al control d&#8217;assist\u00e8ncia per a les fam\u00edlies.<\/a><br \/>\n<a href=\"http:\/\/www.jminguell-gestin.net\/login.php\" target=\"_blank\">Acc\u00e9s al control d&#8217;assist\u00e8ncia per al professorat.<\/a><br \/>\nDocumentaci\u00f3<br \/>\n<a href=\"https:\/\/accounts.google.com\/ServiceLogin?continue=https%3A%2F%2Fdocs.google.com%2Fa%2Fxtec.cat%2Fleaf%3Fid%3D0B2lhUG45T7-_ODVmOWRiZTctNjNkMC00NjBiLWE5ODEtOGI3MTRlOGNlNWMy%26hl%3Dca%26ndplr%3D1&amp;followup=https%3A%2F%2Fdocs.google.com%2Fa%2Fxtec.cat%2Fleaf%3Fid%3D0B2lhUG45T7-_ODVmOWRiZTctNjNkMC00NjBiLWE5ODEtOGI3MTRlOGNlNWMy%26hl%3Dca%26ndplr%3D1&amp;ltmpl=homepage&amp;hd=xtec.cat&amp;service=writely&amp;sacu=1&amp;rip=1#identifier\" target=\"_blank\">Documentaci\u00f3 compartida al&hellip;  <a href=\"https:\/\/agora.xtec.cat\/iesjuliaminguell\/serveis\/serveis-digitals\/\" title=\"Read Serveis digitals\">Llegeix m\u00e9s\u00bb<\/a><\/p>\n","protected":false},"author":1,"featured_media":0,"parent":63,"menu_order":10,"comment_status":"closed","ping_status":"closed","template":"page-templates\/side-menu.php","meta":{"_bbp_topic_count":0,"_bbp_reply_count":0,"_bbp_total_topic_count":0,"_bbp_total_reply_count":0,"_bbp_voice_count":0,"_bbp_anonymous_reply_count":0,"_bbp_topic_count_hidden":0,"_bbp_reply_count_hidden":0,"_bbp_forum_subforum_count":0,"footnotes":""},"class_list":["post-65","page","type-page","status-publish","hentry"],"post_mailing_queue_ids":[],"_links":{"self":[{"href":"https:\/\/agora.xtec.cat\/iesjuliaminguell\/wp-json\/wp\/v2\/pages\/65","targetHints":{"allow":["GET"]}}],"collection":[{"href":"https:\/\/agora.xtec.cat\/iesjuliaminguell\/wp-json\/wp\/v2\/pages"}],"about":[{"href":"https:\/\/agora.xtec.cat\/iesjuliaminguell\/wp-json\/wp\/v2\/types\/page"}],"author":[{"embeddable":true,"href":"https:\/\/agora.xtec.cat\/iesjuliaminguell\/wp-json\/wp\/v2\/users\/1"}],"replies":[{"embeddable":true,"href":"https:\/\/agora.xtec.cat\/iesjuliaminguell\/wp-json\/wp\/v2\/comments?post=65"}],"version-history":[{"count":3,"href":"https:\/\/agora.xtec.cat\/iesjuliaminguell\/wp-json\/wp\/v2\/pages\/65\/revisions"}],"predecessor-version":[{"id":749,"href":"https:\/\/agora.xtec.cat\/iesjuliaminguell\/wp-json\/wp\/v2\/pages\/65\/revisions\/749"}],"up":[{"embeddable":true,"href":"https:\/\/agora.xtec.cat\/iesjuliaminguell\/wp-json\/wp\/v2\/pages\/63"}],"wp:attachment":[{"href":"https:\/\/agora.xtec.cat\/iesjuliaminguell\/wp-json\/wp\/v2\/media?parent=65"}],"curies":[{"name":"wp","href":"https:\/\/api.w.org\/{rel}","templated":true}]}}