{"id":451,"date":"2016-11-14T14:06:04","date_gmt":"2016-11-14T13:06:04","guid":{"rendered":"http:\/\/agora.xtec.cat\/iesjuliaminguell\/?page_id=451"},"modified":"2025-10-27T14:06:57","modified_gmt":"2025-10-27T13:06:57","slug":"contacte","status":"publish","type":"page","link":"https:\/\/agora.xtec.cat\/iesjuliaminguell\/linstitut\/contacte\/","title":{"rendered":"Contacte"},"content":{"rendered":"<p><strong>Correus electr\u00f2nics de contacte<\/strong><\/p>\n<p><strong style=\"font-size: medium; font-family: inherit; line-height: 1.6;\">Centre<\/strong><\/p>\n<ul>\n<li><span style=\"font-size: medium;\">B\u00fastia general \/ Secretaria: a8052888@xtec.cat<\/span><\/li>\n<\/ul>\n<p><strong>Equip directiu<\/strong><\/p>\n<ul>\n<li><span style=\"font-size: medium;\">Director: joan.chacon@insjuliaminguell.net <\/span><\/li>\n<li>Cap d&#8217;Estudis: helena.garcia@insjuliaminguell.net<\/li>\n<li>Cap d&#8217;Estudis Adjunt: laura.franquesa@insjuliaminguell.net<\/li>\n<li>Coordinadora Pedag\u00f2gica: esmeralda.sanchez@insjuliaminguell.net<\/li>\n<li>Secret\u00e0ria: encarna.gomez@insjuliaminguell.net<\/li>\n<\/ul>\n<p><strong>Coordinaci\u00f3 dels estudis d&#8217;ESO<\/strong><\/p>\n<ul>\n<li><span style=\"font-size: medium;\">Coordinadora de l&#8217;ESO: maria.gibert23@insjuliaminguell.net<\/span><\/li>\n<\/ul>\n<p><span style=\"font-size: medium;\"><strong>Coordinaci\u00f3 dels estudis de Batxillerat<\/strong><\/span><\/p>\n<ul>\n<li><span style=\"font-size: medium;\">Coordinadora de batxillerat: juan.alcolea@insjuliaminguell.net<\/span><\/li>\n<\/ul>\n<p><span style=\"font-size: medium;\"><strong>Coordinaci\u00f3 dels estudis de Cicles Formatius<\/strong><\/span><\/p>\n<ul>\n<li><span style=\"font-size: medium;\">Coordinador del grau superior: xavier.abello@insjuliaminguell.net<\/span><\/li>\n<\/ul>\n<p><span style=\"font-size: medium;\"><strong>Referents Nivells d&#8217;ESO<\/strong><\/span><\/p>\n<ul>\n<li>1r ESO: Iria D\u00edaz<\/li>\n<li>2n ESO: Verity Becerril<\/li>\n<li>3r ESO: Maria Eugenia Lopez<\/li>\n<li>4t ESO: Anna Lezcano<\/li>\n<\/ul>\n<p><strong>Projectes 1<\/strong><\/p>\n<ul>\n<li>N\u00faria Aguilar.<\/li>\n<li>Vicente Alonso.<\/li>\n<li>Josep Llobet.<\/li>\n<li>Ra\u00fal Crisostomo<\/li>\n<li>J\u00falia Lucena.<\/li>\n<li>Encarna G\u00f3mez.<\/li>\n<\/ul>\n<p><strong style=\"font-family: inherit; font-size: 1em;\">Projectes 2<\/strong><\/p>\n<ul>\n<li>Gon\u00e7al Bayarri.<\/li>\n<li>Laura Franquesa.<\/li>\n<li>Ra\u00fal Crisostomo.<\/li>\n<li>Aina Martinez<\/li>\n<li>Juan Sanchez<\/li>\n<li>Fran Sanz<\/li>\n<li>Raquel Roldan<\/li>\n<\/ul>\n<p><strong>ABP 1r d&#8217;ESO<\/strong><\/p>\n<ul>\n<li>Helena Garc\u00eda.<\/li>\n<li>Olivia Maj\u00f3.<\/li>\n<li>Georgina Garcia.<\/li>\n<li>Jessica Parera.<\/li>\n<li>C\u00e9sar Marcos.<\/li>\n<li>Iria Diaz.<\/li>\n<\/ul>\n<p><strong>ABP 2n d&#8217;ESO<\/strong><\/p>\n<ul>\n<li><span style=\"font-weight: 400;\">Georgina Garc\u00eda.<\/span><\/li>\n<li>Ana Donaire<\/li>\n<li>C\u00e9sar Marcos<\/li>\n<li>Pau Gomez<\/li>\n<li>Gonzalo Mateos<\/li>\n<\/ul>\n<p><strong>ABP 3r d&#8217;ESO<\/strong><\/p>\n<ul>\n<li>Olivia Maj\u00f3<\/li>\n<li>Jorge Felipo<\/li>\n<li>Maria Gibert<\/li>\n<li>Cesar Marcos<\/li>\n<li>Maria Jos\u00e9 Cajig\u00f3s<\/li>\n<\/ul>\n<p><strong>Social Science 2<\/strong><\/p>\n<ul>\n<li>Ana Donaire<\/li>\n<li>Alejandro Leal<\/li>\n<\/ul>\n<p><strong>Social Science 4<\/strong><\/p>\n<ul>\n<li>Ana Donaire<\/li>\n<li>Joan Chac\u00f3n<\/li>\n<\/ul>\n<p><strong>STEAM 4t<\/strong><\/p>\n<ul>\n<li>Patricia Adell<\/li>\n<li>Mario Croisser<\/li>\n<li>Efrem Bernuz<\/li>\n<li>Juan Alcolea<\/li>\n<li>Maria Eugenia L\u00f3pez<\/li>\n<li>Judit Faura<\/li>\n<\/ul>\n<p><strong>Orientaci\u00f3<\/strong><\/p>\n<ul>\n<li>Iria Diaz &#8211; 1r d&#8217;ESO<\/li>\n<li>Verity Beceril &#8211; 2n d&#8217;ESO<\/li>\n<li>Susana D\u00edaz &#8211; 3r d&#8217;ESO<\/li>\n<li>Ana Lezcano\u00a0&#8211; 4t d&#8217;ESO<\/li>\n<li>Albert Daura\u00a0 &#8211; Integrador Social (INS)<\/li>\n<li>Susana D\u00edaz\u00a0 i Ana Lezcano &#8211; Batxillerat<\/li>\n<li>Esmeralda S\u00e1nchez &#8211; Coordinadora Pedag\u00f2gica<\/li>\n<li>Angeles Santos &#8211; Vetllador<\/li>\n<li>Mireia de Haro, N\u00e9stor Jim\u00e9nez i Mar Gonzalez &#8211; SIEI i Aula d&#8217;Acollida<\/li>\n<\/ul>\n<p><span style=\"font-size: medium;\"><strong>DEPARTAMENTS<\/strong><\/span><\/p>\n<ul>\n<li><span style=\"font-size: medium;\">Cap del departament d&#8217;Orientaci\u00f3: iria.diaz@insjuliaminguell.net<\/span><\/li>\n<li><span style=\"font-size: medium;\">Cap del departament de Catal\u00e0 i Castell\u00e0: olivia.majo@insjuliaminguell.net<\/span><\/li>\n<li><span style=\"font-size: medium;\">Cap del departament de Lleng\u00fces estrangeres: nuria.lozano25@insjuliaminguell.net<\/span><\/li>\n<li><span style=\"font-size: medium;\">Cap del departament de Matem\u00e0tiques: patricia.adell@insjuliaminguell.net<\/span><\/li>\n<li><span style=\"font-size: medium;\">Cap del departament de Ci\u00e8ncies: julia.lucena@insjuliaminguell.net<\/span><\/li>\n<li><span style=\"font-size: medium;\">Cap del departament de Socials: joana.ferrer@insjuliaminguell.net<\/span><\/li>\n<li><span style=\"font-size: medium;\">Cap del departament de Tecnologia: juan.sanchez25@insjuliaminguell.net<\/span><\/li>\n<li><span style=\"font-size: medium;\">Cap del departament d&#8217;Educaci\u00f3 F\u00edsica: jordi.castella24@insjuliaminguell.net<\/span><\/li>\n<li><span style=\"font-size: medium;\">Cap del departament d&#8217;Educaci\u00f3 Visual i Pl\u00e0stica i M\u00fasica: mario.croissier23@insjuliaminguell.net<\/span><\/li>\n<li>Integrador Social: albert.daura@insjuliaminguell.net<\/li>\n<li>Vetlladora: angeles.santos@insjuliaminguell.net<\/li>\n<li><\/li>\n<\/ul>\n<p><strong>C\u00c0RRECS<\/strong><\/p>\n<ul>\n<li>Coordinaci\u00f3 Comunicaci\u00f3 i Espai Web: maria.gibert23@insjuliaminguell.net<\/li>\n<li>Coordinaci\u00f3 biblioteca: jessy.villanueva25@insjuliaminguell.net<\/li>\n<li>Coordinaci\u00f3 XERG: helena.garcia@insjuliaminguell.net<\/li>\n<li>Coordinaci\u00f3 XCB: laura.franquesa@insjuliaminguell.net<\/li>\n<li>Coordinaci\u00f3 TAC: mario.croissier23@insjuliaminguell.net<\/li>\n<li>Coordinaci\u00f3 COCOBE: georgina.garcia@insjuliaminguell.net<\/li>\n<li>Coordinaci\u00f3 laboratori: raquel.roldan@insjuliaminguell.net<\/li>\n<li>Coordinaci\u00f3 MUFPS: esmeralda.sanchez@insjuliaminguell.net<\/li>\n<li>Coordinaci\u00f3 CLIC: jorge.felipo22@insjulaiminguell.net<\/li>\n<li>Coordinaci\u00f3 extraescolars: judit.faura23@insjuliaminguell.net<\/li>\n<li><span style=\"font-size: medium;\">Coordinaci\u00f3 inform\u00e0tica: aina.martinez25@insjuliaminguell.net<\/span><\/li>\n<li><span style=\"font-size: medium;\">Riscos laborals: antonio.franco25@@insjuliaminguell.net<\/span><\/li>\n<li>Referent activitats musicals: francesc.marin@insjuliaminguell.net<\/li>\n<li><span style=\"font-size: medium;\">Webmaster: institut.julia.minguell@insjuliaminguell.net<\/span><\/li>\n<\/ul>\n<p><strong>COMISSIONS<\/strong><\/p>\n<ul>\n<li>Referent Participaci\u00f3: susana.diaz24@insjuliaminguell.net<\/li>\n<li>Referent Coeducaci\u00f3: nuria.aguilar24@insjuliaminguell.net<\/li>\n<li>Entorn\/Fam\u00edlies: olivia.majo@insjuliaminguell.net<\/li>\n<\/ul>\n","protected":false},"excerpt":{"rendered":"<p>Correus electr\u00f2nics de contacte<br \/>\nCentre<\/p>\n<ul>\n<li>B\u00fastia general \/ Secretaria: a8052888@xtec.cat<\/li>\n<\/ul>\n<p>Equip directiu<\/p>\n<ul>\n<li>Director: joan.chacon@insjuliaminguell.net <\/li>\n<li>Cap d&#8217;Estudis: helena.garcia@insjuliaminguell.net<\/li>\n<li>Cap d&#8217;Estudis Adjunt: laura.franquesa@insjuliaminguell.net<\/li>\n<li>Coordinadora Pedag\u00f2gica: esmeralda.sanchez@insjuliaminguell.net<\/li>\n<li>Secret\u00e0ria: encarna.gomez@insjuliaminguell.net<\/li>\n<\/ul>\n<p>Coordinaci\u00f3 dels estudis d&#8217;ESO<\/p>\n<ul>\n<li>Coordinadora de l&#8217;ESO: maria.gibert23@insjuliaminguell.net<\/li>\n<\/ul>\n<p>Coordinaci\u00f3 dels estudis de Batxillerat<\/p>\n<ul>\n<li>Coordinadora de batxillerat: juan.alcolea@insjuliaminguell.net<\/li>\n<\/ul>\n<p>Coordinaci\u00f3 dels estudis de Cicles Formatius<\/p>\n<ul>\n<li>Coordinador del grau superior: xavier.abello@insjuliaminguell.net<\/li>\n<\/ul>\n<p>Referents Nivells d&#8217;ESO<\/p>\n<ul>\n<li>1r ESO: Iria&hellip;  <a href=\"https:\/\/agora.xtec.cat\/iesjuliaminguell\/linstitut\/contacte\/\" title=\"Read Contacte\">Llegeix m\u00e9s\u00bb<\/a><br \/>\n","protected":false},"author":1,"featured_media":0,"parent":19,"menu_order":2,"comment_status":"closed","ping_status":"closed","template":"page-templates\/side-menu.php","meta":{"_bbp_topic_count":0,"_bbp_reply_count":0,"_bbp_total_topic_count":0,"_bbp_total_reply_count":0,"_bbp_voice_count":0,"_bbp_anonymous_reply_count":0,"_bbp_topic_count_hidden":0,"_bbp_reply_count_hidden":0,"_bbp_forum_subforum_count":0,"footnotes":""},"class_list":["post-451","page","type-page","status-publish","hentry"],"post_mailing_queue_ids":[],"_links":{"self":[{"href":"https:\/\/agora.xtec.cat\/iesjuliaminguell\/wp-json\/wp\/v2\/pages\/451","targetHints":{"allow":["GET"]}}],"collection":[{"href":"https:\/\/agora.xtec.cat\/iesjuliaminguell\/wp-json\/wp\/v2\/pages"}],"about":[{"href":"https:\/\/agora.xtec.cat\/iesjuliaminguell\/wp-json\/wp\/v2\/types\/page"}],"author":[{"embeddable":true,"href":"https:\/\/agora.xtec.cat\/iesjuliaminguell\/wp-json\/wp\/v2\/users\/1"}],"replies":[{"embeddable":true,"href":"https:\/\/agora.xtec.cat\/iesjuliaminguell\/wp-json\/wp\/v2\/comments?post=451"}],"version-history":[{"count":6,"href":"https:\/\/agora.xtec.cat\/iesjuliaminguell\/wp-json\/wp\/v2\/pages\/451\/revisions"}],"predecessor-version":[{"id":6458,"href":"https:\/\/agora.xtec.cat\/iesjuliaminguell\/wp-json\/wp\/v2\/pages\/451\/revisions\/6458"}],"up":[{"embeddable":true,"href":"https:\/\/agora.xtec.cat\/iesjuliaminguell\/wp-json\/wp\/v2\/pages\/19"}],"wp:attachment":[{"href":"https:\/\/agora.xtec.cat\/iesjuliaminguell\/wp-json\/wp\/v2\/media?parent=451"}],"curies":[{"name":"wp","href":"https:\/\/api.w.org\/{rel}","templated":true}]}}