{"id":3818,"date":"2022-02-07T12:08:56","date_gmt":"2022-02-07T11:08:56","guid":{"rendered":"https:\/\/agora.xtec.cat\/iesjuliaminguell\/?page_id=3818"},"modified":"2022-03-18T11:13:32","modified_gmt":"2022-03-18T10:13:32","slug":"serveis-comunitaris","status":"publish","type":"page","link":"https:\/\/agora.xtec.cat\/iesjuliaminguell\/serveis-comunitaris\/","title":{"rendered":"Serveis Comunitaris"},"content":{"rendered":"<h5 style=\"text-align: center;\"><strong>AFFM d&#8217;Activitats formatives per a fam\u00edlies migrades\u00a0<\/strong><\/h5>\n<p><a href=\"https:\/\/agora.xtec.cat\/iesjuliaminguell\/wp-content\/uploads\/usu1213\/2022\/02\/customLogo.gif.jpg\"><img loading=\"lazy\" decoding=\"async\" class=\"aligncenter size-full wp-image-3829\" src=\"https:\/\/agora.xtec.cat\/iesjuliaminguell\/wp-content\/uploads\/usu1213\/2022\/02\/customLogo.gif.jpg\" alt=\"\" width=\"254\" height=\"198\" \/><\/a><\/p>\n<p><span style=\"font-weight: 400;\">L\u2019institut ofereix l\u2019oportunitat de poder fer un servei comunitari variat i obert als interessos de l\u2019alumnat. Tot i aix\u00f2, la durada d\u2019aquest servei, el seu horari varia molt en funci\u00f3 de l\u2019entitat responsable, el tipus de tasca i la implicaci\u00f3 de l\u2019alumnat. Han de triar en funci\u00f3 dels interessos propis de cada alumne, per aix\u00ed poder obtenir una tasca enriquidora.\u00a0<\/span><\/p>\n<p><span style=\"font-weight: 400;\">Totes les activitats es realitzen forma de l\u2019horari lectiu, excepte Projecte Rius, Badasport i la batuda que es realitzaran un dia laborable en horari de mat\u00ed.\u00a0<\/span><\/p>\n<p><span style=\"font-weight: 400;\">Totes les activitats han de realitzar un treball final o diari del servei comunitari, excepte en el Banc de Sang (que est\u00e0 lligat al projecte STEAM) i casa d\u2019\u00c0sia on ja es fa un treball escrit amb l\u2019entitat. <\/span><\/p>\n<p>Actualment, s&#8217;estan fent els seg\u00fcents:<\/p>\n<ul style=\"list-style-type: circle;\">\n<li>\n<h3><strong>Casa \u00c0sia:<\/strong><\/h3>\n<\/li>\n<\/ul>\n<p><span style=\"font-weight: 400;\">Implica col\u00b7laborar amb la casa d\u2019\u00c0sia i fer un acompanyament ling\u00fc\u00edstic a persones que encara no dominen la llengua. Es tracta de participar en grups de conversa amb persones nouvingudes.\u00a0<\/span><\/p>\n<p><a href=\"https:\/\/agora.xtec.cat\/iesjuliaminguell\/wp-content\/uploads\/usu1213\/2022\/02\/Diari-i-informe-Ju\u0301lia.M-2_page-0001-scaled.jpg\"><img loading=\"lazy\" decoding=\"async\" class=\"aligncenter size-large wp-image-3823\" src=\"https:\/\/agora.xtec.cat\/iesjuliaminguell\/wp-content\/uploads\/usu1213\/2022\/02\/Diari-i-informe-Ju\u0301lia.M-2_page-0001-1024x576.jpg\" alt=\"\" width=\"1024\" height=\"576\" srcset=\"https:\/\/agora.xtec.cat\/iesjuliaminguell\/wp-content\/uploads\/usu1213\/2022\/02\/Diari-i-informe-Ju\u0301lia.M-2_page-0001-1024x576.jpg 1024w, https:\/\/agora.xtec.cat\/iesjuliaminguell\/wp-content\/uploads\/usu1213\/2022\/02\/Diari-i-informe-Ju\u0301lia.M-2_page-0001-300x169.jpg 300w, https:\/\/agora.xtec.cat\/iesjuliaminguell\/wp-content\/uploads\/usu1213\/2022\/02\/Diari-i-informe-Ju\u0301lia.M-2_page-0001-768x432.jpg 768w, https:\/\/agora.xtec.cat\/iesjuliaminguell\/wp-content\/uploads\/usu1213\/2022\/02\/Diari-i-informe-Ju\u0301lia.M-2_page-0001-1536x864.jpg 1536w, https:\/\/agora.xtec.cat\/iesjuliaminguell\/wp-content\/uploads\/usu1213\/2022\/02\/Diari-i-informe-Ju\u0301lia.M-2_page-0001-2048x1152.jpg 2048w\" sizes=\"auto, (max-width: 1024px) 100vw, 1024px\" \/><\/a> <a href=\"https:\/\/agora.xtec.cat\/iesjuliaminguell\/wp-content\/uploads\/usu1213\/2022\/02\/Diari-i-informe-Ju\u0301lia.M-13_page-0001-scaled.jpg\"><img loading=\"lazy\" decoding=\"async\" class=\"aligncenter size-large wp-image-3825\" src=\"https:\/\/agora.xtec.cat\/iesjuliaminguell\/wp-content\/uploads\/usu1213\/2022\/02\/Diari-i-informe-Ju\u0301lia.M-13_page-0001-1024x576.jpg\" alt=\"\" width=\"1024\" height=\"576\" srcset=\"https:\/\/agora.xtec.cat\/iesjuliaminguell\/wp-content\/uploads\/usu1213\/2022\/02\/Diari-i-informe-Ju\u0301lia.M-13_page-0001-1024x576.jpg 1024w, https:\/\/agora.xtec.cat\/iesjuliaminguell\/wp-content\/uploads\/usu1213\/2022\/02\/Diari-i-informe-Ju\u0301lia.M-13_page-0001-300x169.jpg 300w, https:\/\/agora.xtec.cat\/iesjuliaminguell\/wp-content\/uploads\/usu1213\/2022\/02\/Diari-i-informe-Ju\u0301lia.M-13_page-0001-768x432.jpg 768w, https:\/\/agora.xtec.cat\/iesjuliaminguell\/wp-content\/uploads\/usu1213\/2022\/02\/Diari-i-informe-Ju\u0301lia.M-13_page-0001-1536x864.jpg 1536w, https:\/\/agora.xtec.cat\/iesjuliaminguell\/wp-content\/uploads\/usu1213\/2022\/02\/Diari-i-informe-Ju\u0301lia.M-13_page-0001-2048x1152.jpg 2048w\" sizes=\"auto, (max-width: 1024px) 100vw, 1024px\" \/><\/a> <a href=\"https:\/\/agora.xtec.cat\/iesjuliaminguell\/wp-content\/uploads\/usu1213\/2022\/02\/Diari-i-informe-Ju\u0301lia.M-13_page-0007.jpg\"><img loading=\"lazy\" decoding=\"async\" class=\"aligncenter size-large wp-image-3826\" src=\"https:\/\/agora.xtec.cat\/iesjuliaminguell\/wp-content\/uploads\/usu1213\/2022\/02\/Diari-i-informe-Ju\u0301lia.M-13_page-0007-1024x576.jpg\" alt=\"\" width=\"1024\" height=\"576\" srcset=\"https:\/\/agora.xtec.cat\/iesjuliaminguell\/wp-content\/uploads\/usu1213\/2022\/02\/Diari-i-informe-Ju\u0301lia.M-13_page-0007-1024x576.jpg 1024w, https:\/\/agora.xtec.cat\/iesjuliaminguell\/wp-content\/uploads\/usu1213\/2022\/02\/Diari-i-informe-Ju\u0301lia.M-13_page-0007-300x169.jpg 300w, https:\/\/agora.xtec.cat\/iesjuliaminguell\/wp-content\/uploads\/usu1213\/2022\/02\/Diari-i-informe-Ju\u0301lia.M-13_page-0007-768x432.jpg 768w, https:\/\/agora.xtec.cat\/iesjuliaminguell\/wp-content\/uploads\/usu1213\/2022\/02\/Diari-i-informe-Ju\u0301lia.M-13_page-0007-1536x864.jpg 1536w, https:\/\/agora.xtec.cat\/iesjuliaminguell\/wp-content\/uploads\/usu1213\/2022\/02\/Diari-i-informe-Ju\u0301lia.M-13_page-0007.jpg 1920w\" sizes=\"auto, (max-width: 1024px) 100vw, 1024px\" \/><\/a> <a href=\"https:\/\/agora.xtec.cat\/iesjuliaminguell\/wp-content\/uploads\/usu1213\/2022\/02\/Diari-i-informe-Ju\u0301lia.M-11_page-0001-scaled.jpg\"><img loading=\"lazy\" decoding=\"async\" class=\"aligncenter size-large wp-image-3822\" src=\"https:\/\/agora.xtec.cat\/iesjuliaminguell\/wp-content\/uploads\/usu1213\/2022\/02\/Diari-i-informe-Ju\u0301lia.M-11_page-0001-1024x576.jpg\" alt=\"\" width=\"1024\" height=\"576\" srcset=\"https:\/\/agora.xtec.cat\/iesjuliaminguell\/wp-content\/uploads\/usu1213\/2022\/02\/Diari-i-informe-Ju\u0301lia.M-11_page-0001-1024x576.jpg 1024w, https:\/\/agora.xtec.cat\/iesjuliaminguell\/wp-content\/uploads\/usu1213\/2022\/02\/Diari-i-informe-Ju\u0301lia.M-11_page-0001-300x169.jpg 300w, https:\/\/agora.xtec.cat\/iesjuliaminguell\/wp-content\/uploads\/usu1213\/2022\/02\/Diari-i-informe-Ju\u0301lia.M-11_page-0001-768x432.jpg 768w, https:\/\/agora.xtec.cat\/iesjuliaminguell\/wp-content\/uploads\/usu1213\/2022\/02\/Diari-i-informe-Ju\u0301lia.M-11_page-0001-1536x864.jpg 1536w, https:\/\/agora.xtec.cat\/iesjuliaminguell\/wp-content\/uploads\/usu1213\/2022\/02\/Diari-i-informe-Ju\u0301lia.M-11_page-0001-2048x1152.jpg 2048w\" sizes=\"auto, (max-width: 1024px) 100vw, 1024px\" \/><\/a><\/p>\n<ul style=\"list-style-type: circle;\">\n<li>\n<h3><strong>L\u00e8cxit:<\/strong><\/h3>\n<\/li>\n<\/ul>\n<p><span style=\"font-weight: 400;\">\u00c9s un programa de la Fundaci\u00f3 Bofill que t\u00e9 per objectiu impulsar l&#8217;\u00e8xit educatiu a trav\u00e9s de la millora de la comprensi\u00f3 lectora. Des del projecte tenim el repte de garantir que tot l&#8217;alumnat finalitzi l&#8217;etapa de prim\u00e0ria amb un nivell de compet\u00e8ncia lectora que els asseguri el seu desenvolupament educatiu i social.<\/span><\/p>\n<ul style=\"list-style-type: circle;\">\n<li>\n<h3><strong>Banc de Sang:<\/strong><\/h3>\n<\/li>\n<\/ul>\n<p><span style=\"font-weight: 400;\">\u00a0El servei comunitari consisteix en organitzar una campanya solid\u00e0ria de sang. Pr\u00e8viament, els voluntaris han de fer una petita formaci\u00f3. El servei estar\u00e0 lligat a un dels projectes que l\u2019alumnat porten a terme a la franja Steam. <\/span><\/p>\n<ul style=\"list-style-type: circle;\">\n<li>\n<h3><strong>Badasport:<\/strong><\/h3>\n<\/li>\n<\/ul>\n<p><span style=\"font-weight: 400;\">Fer el servei comunitari en l&#8217;esdeveniment esportiu Badasport implica b\u00e0sicament col\u00b7laborar en temes d&#8217;organitzaci\u00f3 de la jornada esportiva com, principalment, els arbitratges dels dos esports alternatius que es realitzaran: el DATCHBALL i el PINFUVOTE. Tots dos esports es treballaran des de l&#8217;\u00e0rea d&#8217;educaci\u00f3 f\u00edsica per garantir la correcta col\u00b7laboraci\u00f3 en aquesta tasca.<\/span><\/p>\n<ul style=\"list-style-type: circle;\">\n<li>\n<h3><strong>BDN pel Clima:<\/strong><\/h3>\n<\/li>\n<\/ul>\n<p><span style=\"font-weight: 400;\">Implica col\u00b7laborar en una batuda de recollida de residus en l\u2019espai natural en col\u00b7laboraci\u00f3 amb aquesta entitat. Pr\u00e8viament, es realitzar\u00e0 una petita formaci\u00f3 sensibilitzadora sobre impactes al medi ambient.<\/span><\/p>\n<ul style=\"list-style-type: circle;\">\n<li>\n<h3><strong>Projecte RIUS:<\/strong><\/h3>\n<\/li>\n<\/ul>\n<p><span style=\"font-weight: 400;\">Els voluntaris analitzen diversos par\u00e0metres f\u00edsics, qu\u00edmics i biol\u00f2gics de la desembocadura del Bes\u00f2s. Gr\u00e0cies a aquestes dades, s\u2019analitza la situaci\u00f3 i la salut del riu Bes\u00f2s en diversos trams.\u00a0<\/span><\/p>\n<ul style=\"list-style-type: circle;\">\n<li>\n<h3><strong>Cooperativa ISOM:\u00a0<\/strong><\/h3>\n<\/li>\n<\/ul>\n<p><span style=\"font-weight: 400;\">El servei comunitari que proposem \u00e9s col\u00b7laborar amb el suport a l\u2019estudi dels nens i nenes. Tamb\u00e9 existeix la possibilitat de col\u00b7laborar en les activitats de lleure i organitzar alguna activitat concreta (com per exemple lectura de contes als m\u00e9s petits).\u00a0<\/span><span style=\"font-weight: 400;\"><br \/>\n<\/span><\/p>\n<p><a href=\"https:\/\/agora.xtec.cat\/iesjuliaminguell\/wp-content\/uploads\/usu1213\/2022\/03\/unnamed-scaled.jpg\"><img loading=\"lazy\" decoding=\"async\" class=\"aligncenter size-large wp-image-3959\" src=\"https:\/\/agora.xtec.cat\/iesjuliaminguell\/wp-content\/uploads\/usu1213\/2022\/03\/unnamed-1024x723.jpg\" alt=\"\" width=\"1024\" height=\"723\" srcset=\"https:\/\/agora.xtec.cat\/iesjuliaminguell\/wp-content\/uploads\/usu1213\/2022\/03\/unnamed-1024x723.jpg 1024w, https:\/\/agora.xtec.cat\/iesjuliaminguell\/wp-content\/uploads\/usu1213\/2022\/03\/unnamed-300x212.jpg 300w, https:\/\/agora.xtec.cat\/iesjuliaminguell\/wp-content\/uploads\/usu1213\/2022\/03\/unnamed-768x542.jpg 768w, https:\/\/agora.xtec.cat\/iesjuliaminguell\/wp-content\/uploads\/usu1213\/2022\/03\/unnamed-1536x1084.jpg 1536w, https:\/\/agora.xtec.cat\/iesjuliaminguell\/wp-content\/uploads\/usu1213\/2022\/03\/unnamed-2048x1445.jpg 2048w\" sizes=\"auto, (max-width: 1024px) 100vw, 1024px\" \/><\/a><\/p>\n","protected":false},"excerpt":{"rendered":"<p>AFFM d&#8217;Activitats formatives per a fam\u00edlies migrades\u00a0<br \/>\n<a href=\"https:\/\/agora.xtec.cat\/iesjuliaminguell\/wp-content\/uploads\/usu1213\/2022\/02\/customLogo.gif.jpg\"><\/a><br \/>\nL\u2019institut ofereix l\u2019oportunitat de poder fer un servei comunitari variat i obert als interessos de l\u2019alumnat. Tot i aix\u00f2, la durada d\u2019aquest servei, el seu horari varia molt en funci\u00f3 de l\u2019entitat responsable, el tipus de tasca i&hellip;  <a href=\"https:\/\/agora.xtec.cat\/iesjuliaminguell\/serveis-comunitaris\/\" title=\"Read Serveis Comunitaris\">Llegeix m\u00e9s\u00bb<\/a><\/p>\n","protected":false},"author":1,"featured_media":0,"parent":0,"menu_order":0,"comment_status":"closed","ping_status":"closed","template":"","meta":{"_bbp_topic_count":0,"_bbp_reply_count":0,"_bbp_total_topic_count":0,"_bbp_total_reply_count":0,"_bbp_voice_count":0,"_bbp_anonymous_reply_count":0,"_bbp_topic_count_hidden":0,"_bbp_reply_count_hidden":0,"_bbp_forum_subforum_count":0,"footnotes":""},"class_list":["post-3818","page","type-page","status-publish","hentry"],"post_mailing_queue_ids":[],"_links":{"self":[{"href":"https:\/\/agora.xtec.cat\/iesjuliaminguell\/wp-json\/wp\/v2\/pages\/3818","targetHints":{"allow":["GET"]}}],"collection":[{"href":"https:\/\/agora.xtec.cat\/iesjuliaminguell\/wp-json\/wp\/v2\/pages"}],"about":[{"href":"https:\/\/agora.xtec.cat\/iesjuliaminguell\/wp-json\/wp\/v2\/types\/page"}],"author":[{"embeddable":true,"href":"https:\/\/agora.xtec.cat\/iesjuliaminguell\/wp-json\/wp\/v2\/users\/1"}],"replies":[{"embeddable":true,"href":"https:\/\/agora.xtec.cat\/iesjuliaminguell\/wp-json\/wp\/v2\/comments?post=3818"}],"version-history":[{"count":4,"href":"https:\/\/agora.xtec.cat\/iesjuliaminguell\/wp-json\/wp\/v2\/pages\/3818\/revisions"}],"predecessor-version":[{"id":3960,"href":"https:\/\/agora.xtec.cat\/iesjuliaminguell\/wp-json\/wp\/v2\/pages\/3818\/revisions\/3960"}],"wp:attachment":[{"href":"https:\/\/agora.xtec.cat\/iesjuliaminguell\/wp-json\/wp\/v2\/media?parent=3818"}],"curies":[{"name":"wp","href":"https:\/\/api.w.org\/{rel}","templated":true}]}}