{"id":2590,"date":"2019-09-19T14:23:48","date_gmt":"2019-09-19T12:23:48","guid":{"rendered":"http:\/\/agora.xtec.cat\/iesjuliaminguell\/?page_id=2590"},"modified":"2021-07-16T11:09:08","modified_gmt":"2021-07-16T09:09:08","slug":"programes-dinnovacio-pedagogiques","status":"publish","type":"page","link":"https:\/\/agora.xtec.cat\/iesjuliaminguell\/programes-dinnovacio-pedagogiques\/","title":{"rendered":"Programes d&#8217;Innovaci\u00f3 Pedag\u00f2gica"},"content":{"rendered":"<p>L&#8217;Institut J\u00falia Minguell participa en programes d&#8217;innovaci\u00f3 dins del nostre centre.<\/p>\n<ul>\n<li><a href=\"http:\/\/xtec.gencat.cat\/ca\/projectes\/plurilinguisme\/programes\/institucionals\/gep\/\" target=\"_blank\" rel=\"noopener noreferrer\">GEP<\/a>\u00a0 durada del projecte 2021\/22 &#8211; 2023\/24. La finalitat del programa <strong>Generaci\u00f3 Pluriling\u00fce<\/strong> \u00e9s millorar la compet\u00e8ncia en lleng\u00fces estrangeres de l\u2019alumnat, afavorint el seu creixement acad\u00e8mic i posterior inserci\u00f3 laboral, i capacitant-lo per interactuar amb el m\u00f3n en diverses lleng\u00fces i de manera cr\u00edtica.<strong><br \/>\n<\/strong><\/li>\n<li><a href=\"https:\/\/projectes.xtec.cat\/steamcat\/general\/programa-dinnovacio-steamcat\/\" target=\"_blank\" rel=\"noopener noreferrer\">STEAMcat\u00a0<\/a>durada del projecte 2021\/22 &#8211; 2023\/24. La finalitat del Programa \u00e9s generar i potenciar l\u2019inter\u00e8s de l\u2019alumnat d&#8217;educaci\u00f3 secund\u00e0ria vers les<strong> Ci\u00e8ncies, <\/strong>la <strong>T<\/strong><strong>ecnologia, <\/strong>l&#8217;<strong>Enginyeria,\u00a0 <\/strong>l&#8217;<strong>Art <\/strong>i les <strong>Matem\u00e0tiques <\/strong>i incrementar la pres\u00e8ncia de dones i de l\u2019alumnat socialment desafavorit en els estudis i professions STEAM).<\/li>\n<li>Formaci\u00f3 en <a href=\"https:\/\/projectes.xtec.cat\/xarxadults\/programes\/tecnologies-digitals-per-a-laprenentatge\/\" target=\"_blank\" rel=\"noopener noreferrer\">tecnologies digitals per a l&#8217;aprenentatge<\/a>.<\/li>\n<li>Com a <a href=\"https:\/\/projectes.xtec.cat\/centresformadors\/justificacio-del-programa\/\" target=\"_blank\" rel=\"noopener noreferrer\">Centre Formador del Programa MUFPS<\/a> (des del curs 2018\/19): M\u00e0ster Universitari de Formaci\u00f3 de Professorat d&#8217;educaci\u00f3 secund\u00e0ria obligat\u00f2ria i batxillerat, formaci\u00f3 professional i ensenyament d&#8217;idiomes.<\/li>\n<li><a href=\"https:\/\/projectes.xtec.cat\/xarxacb\/\" target=\"_blank\" rel=\"noopener noreferrer\">Xarxa de Compet\u00e8ncies b\u00e0siques<\/a> (des del curs 2014\/15)<\/li>\n<\/ul>\n","protected":false},"excerpt":{"rendered":"<p>L&#8217;Institut J\u00falia Minguell participa en programes d&#8217;innovaci\u00f3 dins del nostre centre.<\/p>\n<ul>\n<li><a href=\"http:\/\/xtec.gencat.cat\/ca\/projectes\/plurilinguisme\/programes\/institucionals\/gep\/\" target=\"_blank\" rel=\"noopener noreferrer\">GEP<\/a>\u00a0 durada del projecte 2021\/22 &#8211; 2023\/24. La finalitat del programa Generaci\u00f3 Pluriling\u00fce \u00e9s millorar la compet\u00e8ncia en lleng\u00fces estrangeres de l\u2019alumnat, afavorint el seu creixement acad\u00e8mic i posterior inserci\u00f3 laboral,&hellip;  <a href=\"https:\/\/agora.xtec.cat\/iesjuliaminguell\/programes-dinnovacio-pedagogiques\/\" title=\"Read Programes d&#8217;Innovaci\u00f3 Pedag\u00f2gica\">Llegeix m\u00e9s\u00bb<\/a><br \/>\n","protected":false},"author":1,"featured_media":0,"parent":0,"menu_order":0,"comment_status":"closed","ping_status":"closed","template":"","meta":{"_bbp_topic_count":0,"_bbp_reply_count":0,"_bbp_total_topic_count":0,"_bbp_total_reply_count":0,"_bbp_voice_count":0,"_bbp_anonymous_reply_count":0,"_bbp_topic_count_hidden":0,"_bbp_reply_count_hidden":0,"_bbp_forum_subforum_count":0,"footnotes":""},"class_list":["post-2590","page","type-page","status-publish","hentry"],"post_mailing_queue_ids":[],"_links":{"self":[{"href":"https:\/\/agora.xtec.cat\/iesjuliaminguell\/wp-json\/wp\/v2\/pages\/2590","targetHints":{"allow":["GET"]}}],"collection":[{"href":"https:\/\/agora.xtec.cat\/iesjuliaminguell\/wp-json\/wp\/v2\/pages"}],"about":[{"href":"https:\/\/agora.xtec.cat\/iesjuliaminguell\/wp-json\/wp\/v2\/types\/page"}],"author":[{"embeddable":true,"href":"https:\/\/agora.xtec.cat\/iesjuliaminguell\/wp-json\/wp\/v2\/users\/1"}],"replies":[{"embeddable":true,"href":"https:\/\/agora.xtec.cat\/iesjuliaminguell\/wp-json\/wp\/v2\/comments?post=2590"}],"version-history":[{"count":3,"href":"https:\/\/agora.xtec.cat\/iesjuliaminguell\/wp-json\/wp\/v2\/pages\/2590\/revisions"}],"predecessor-version":[{"id":3553,"href":"https:\/\/agora.xtec.cat\/iesjuliaminguell\/wp-json\/wp\/v2\/pages\/2590\/revisions\/3553"}],"wp:attachment":[{"href":"https:\/\/agora.xtec.cat\/iesjuliaminguell\/wp-json\/wp\/v2\/media?parent=2590"}],"curies":[{"name":"wp","href":"https:\/\/api.w.org\/{rel}","templated":true}]}}