{"id":652,"date":"2016-05-20T12:19:54","date_gmt":"2016-05-20T11:19:54","guid":{"rendered":"http:\/\/agora.xtec.cat\/iesjtapiro\/?page_id=652"},"modified":"2023-05-01T23:18:50","modified_gmt":"2023-05-01T21:18:50","slug":"animacio-activitats-fisiques-esportives","status":"publish","type":"page","link":"https:\/\/agora.xtec.cat\/iesjtapiro\/estudis\/cicles-formatius\/animacio-activitats-fisiques-esportives\/","title":{"rendered":"CFGS Ensenyament i Animaci\u00f3 Socioesportiva"},"content":{"rendered":"<link href=\"\/\/maxcdn.bootstrapcdn.com\/bootstrap\/3.3.0\/css\/bootstrap.min.css\" rel=\"stylesheet\" id=\"bootstrap-css\">\n<script src=\"\/\/maxcdn.bootstrapcdn.com\/bootstrap\/3.3.0\/js\/bootstrap.min.js\"><\/script><br \/>\n<script src=\"\/\/code.jquery.com\/jquery-1.11.1.min.js\"><\/script><br \/>\n<!------ Include the above in your HEAD tag ----------><\/p>\n<div class=\"container\">\n<div class=\"row\">\n<div class=\"col-md-9\">\n<div class=\"card\">\n<ul class=\"nav nav-tabs\">\n<li class=\"active\"><a href=\"#pla\" data-toggle=\"tab\">Pla d&#8217;estudis<\/a><\/li>\n<li><a href=\"#acces\" data-toggle=\"tab\">Acc\u00e9s<\/a><\/li>\n<li><a href=\"#sortides\" data-toggle=\"tab\">Sortides<\/a><\/li>\n<li><a href=\"#estudiare\" data-toggle=\"tab\">Qu\u00e8 estudiar\u00e9?<\/a><\/li>\n<li><a href=\"#material\" data-toggle=\"tab\">Pagaments i material<\/a><\/li>\n<li><a href=\"#universitat\" data-toggle=\"tab\">Universitat<\/a><\/li>\n<li><a href=\"#convalidacions\" data-toggle=\"tab\">Convalidacions<\/a><\/li>\n<\/ul>\n<div class=\"tab-content\">\n<div id=\"pla\" class=\"tab-pane active\">\n<p> <span style=\"color: #0073aa;\"><strong>T\u00edtol:<\/strong><\/span> T\u00e8cnic\/a superior en Ensenyament i Animaci\u00f3 Socioesportiva.<\/p>\n<p> <span style=\"color: #0073aa;\"><strong>Nivell:<\/strong><\/span> Formaci\u00f3 professional de grau superior (CFGS).<\/p>\n<p> <span style=\"color: #0073aa;\"><strong>Durada:<\/strong><\/span> 2.000 hores: 1.650 al centre educatiu i 350 en un centre de treball, distribu\u00efdes en dos cursos acad\u00e8mics.<\/p>\n<p> <span style=\"color: #0073aa;\"><strong>Fam\u00edlia professional:<\/strong><\/span> Activitats f\u00edsiques i esportives.<\/p>\n<h4 style=\"padding: 3% 0% 0% 0%\">Formaci\u00f3 Dual<\/h4>\n<p>La formaci\u00f3 en alternan\u00e7a i dual combina l&#8217;aprenentatge en una empresa amb la formaci\u00f3 acad\u00e8mica.<\/p>\n<p>L\u00b4alumnat seleccionat, durant el 2n curs, rep part de la formaci\u00f3 en el nostre centre i l\u00b4altre part l\u00b4obt\u00e9 mitjan\u00e7ant les activitats formatives i productives en empreses del sector , en la modalitat de beca-salari. La resta de l\u2019alumnat fa tota la formaci\u00f3 al centre de forma presencial.<\/p>\n<p>L\u00b4alumnat podr\u00e0 adquirir experi\u00e8ncia professional, aprendre en entorns reals de treball i, millorar l\u00b4ocupabilitat.<\/p>\n<\/div>\n<div id=\"acces\" class=\"tab-pane\">Tenen <strong>acc\u00e9s directe<\/strong> al cicle les persones que compleixen algun dels requisits seg\u00fcents:<\/p>\n<ul>\n<li>tenir el t\u00edtol de batxillerat<\/li>\n<li>tenir el t\u00edtol de t\u00e8cnic de formaci\u00f3 professional o t\u00e8cnic superior de formaci\u00f3 professional o t\u00e8cnic especialista<\/li>\n<li>haver superat el segon curs de batxillerat de qualsevol modalitat de batxillerat experimental<\/li>\n<li>haver superat el curs d&#8217;orientaci\u00f3 universit\u00e0ria (COU) o el preuniversitari<\/li>\n<li>tenir qualsevol titulaci\u00f3 universit\u00e0ria o una d&#8217;equivalent, o haver superat la prova d&#8217;acc\u00e9s a la universitat per a m\u00e9s grans de 25 anys.<\/li>\n<\/ul>\n<p>Tamb\u00e9 poden accedir les persones amb el t\u00edtol de t\u00e8cnic de formaci\u00f3 professional.<\/p>\n<p>Les persones que no compleixen cap dels requisits esmentats han de superar una <a href=\"http:\/\/ensenyament.gencat.cat\/ca\/serveis-tramits\/proves\/proves-acces\/gs-fp\/\" target=\"_blank\" rel=\"noopener noreferrer\">prova d&#8217;acc\u00e9s<\/a>. Per presentar-s&#8217;hi cal tenir complerts 19 anys o b\u00e9 complir-los durant l&#8217;any natural en qu\u00e8 es realitza la prova.<\/p>\n<\/div>\n<div id=\"sortides\" class=\"tab-pane\">\n<h4>Sortides acad\u00e8miques<\/h4>\n<p>Amb aquests estudis s&#8217;obt\u00e9 el t\u00edtol de t\u00e8cnic superior o t\u00e8cnica superior, que permet accedir a qualsevol estudi universitari oficial de grau. Les persones que s&#8217;han graduat en un cicle formatiu de grau superior poden obtenir la convalidaci\u00f3 de cr\u00e8dits universitaris ECTS.<\/p>\n<h4 style=\"padding: 3% 0% 0% 0%\">Sortides professionals<\/h4>\n<p>La superaci\u00f3 d&#8217;aquest cicle formatiu permet accedir al <strong>m\u00f3n laboral<\/strong> com a:<\/p>\n<ul>\n<li>animador\/a d&#8217;activitats f\u00edsico-esportives<\/li>\n<li>coordinador\/a d&#8217;activitats poliesportives<\/li>\n<li>monitor\/a d&#8217;activitats f\u00edsico-esportives<\/li>\n<li>empreses de serveis esportius<\/li>\n<li>patronals d&#8217;esports o entitats esportives municipals<\/li>\n<li>associacions o clubs esportius<\/li>\n<li>federacions esportives<\/li>\n<li>empreses tur\u00edstiques: hotels, c\u00e0mpings.<\/li>\n<\/ul>\n<\/div>\n<div id=\"estudiare\" class=\"tab-pane\">Aquests estudis capaciten per elaborar, gestionar i avaluar projectes d&#8217;animaci\u00f3 fisicoesportius i recreatius per a tot tipus d&#8217;usuaris, programant i dirigint les activitats d&#8217;ensenyament, d&#8217;inclusi\u00f3 socioesportiva i de temps lliure, coordinant les actuacions dels professionals implicats, garantint-ne la seguretat, respectant el medi ambient i aconseguint la satisfacci\u00f3 dels usuaris, en els l\u00edmits previstos de cost.La durada \u00e9s de 2.000 hores (1.650 en un centre educatiu i 350 en un centre de treball), distribu\u00efdes en <strong>dos cursos acad\u00e8mics<\/strong>.<\/p>\n<h4 style=\"padding: 3% 0% 2% 0%\">Continguts<\/h4>\n<p><center><\/p>\n<table style=\"width: 70%;\">\n<tbody>\n<tr>\n<td style=\"text-align: center;\"><strong>Mat\u00e8ries<\/strong><\/td>\n<td style=\"text-align: center;\"><strong>Hores<\/strong><\/td>\n<\/tr>\n<tr>\n<td>Valoraci\u00f3 de la Condici\u00f3 F\u00edsica i Primers Auxilis<\/td>\n<td style=\"text-align: center;\">165h<\/td>\n<\/tr>\n<tr>\n<td>Dinamitzaci\u00f3 de Grups<\/td>\n<td style=\"text-align: center;\">132h<\/td>\n<\/tr>\n<tr>\n<td>Planificaci\u00f3 de l&#8217;Animaci\u00f3 Socioesportiva<\/td>\n<td style=\"text-align: center;\">66h<\/td>\n<\/tr>\n<tr>\n<td>Metodologia de l&#8217;Ensenyament d&#8217;Activitats Fisicoesportives<\/td>\n<td style=\"text-align: center;\">132h<\/td>\n<\/tr>\n<tr>\n<td>Activitats Fisicoesportives Individuals<\/td>\n<td style=\"text-align: center;\">132h<\/td>\n<\/tr>\n<tr>\n<td>Activitats d&#8217;Oci i Temps Lliure<\/td>\n<td style=\"text-align: center;\">198h<\/td>\n<\/tr>\n<tr>\n<td>Activitats Fisicoesportives d&#8217;Aparells Manuals<\/td>\n<td style=\"text-align: center;\">99h<\/td>\n<\/tr>\n<tr>\n<td>Activitats Fisicoesportives d&#8217;Equip<\/td>\n<td style=\"text-align: center;\">165h<\/td>\n<\/tr>\n<tr>\n<td>Jocs i Activitats Fisicorecreatives i d&#8217;Animaci\u00f3 Tur\u00edstica<\/td>\n<td style=\"text-align: center;\">165h<\/td>\n<\/tr>\n<tr>\n<td>Activitats Fisicoesportives per a la Inclusi\u00f3 Social<\/td>\n<td style=\"text-align: center;\">66h<\/td>\n<\/tr>\n<tr>\n<td>Formaci\u00f3 i Orientaci\u00f3 Laboral<\/td>\n<td style=\"text-align: center;\">99h<\/td>\n<\/tr>\n<tr>\n<td>Empresa i Iniciativa Emprenedora<\/td>\n<td style=\"text-align: center;\">66h<\/td>\n<\/tr>\n<tr>\n<td>Angl\u00e8s<\/td>\n<td style=\"text-align: center;\">99h<\/td>\n<\/tr>\n<tr>\n<td>Projecte d&#8217;Ensenyament i Animaci\u00f3 Socioesportiva<\/td>\n<td style=\"text-align: center;\">66h<\/td>\n<\/tr>\n<tr>\n<td>Formaci\u00f3 en Centres de Treball<\/td>\n<td style=\"text-align: center;\">350h<\/td>\n<\/tr>\n<\/tbody>\n<\/table>\n<p><\/center><\/p>\n<\/div>\n<div id=\"material\" class=\"tab-pane\">\n<h4 style=\"padding: 0% 0% 2% 0%\">Preus<\/h4>\n<p><center><\/p>\n<table style=\"width: 80%;\">\n<tbody>\n<tr>\n<td style=\"text-align: center; width: 358px;\" colspan=\"2\"><strong>Itinerari LOE<\/strong><\/td>\n<td style=\"text-align: center; width: 343px;\" colspan=\"2\"><strong>Itinerari LOGSE<\/strong><\/td>\n<\/tr>\n<tr>\n<td style=\"width: 295px;\">Per curs<\/td>\n<td style=\"text-align: center; width: 63px;\">360\u20ac<\/td>\n<td style=\"width: 284px;\">Per cr\u00e8dit<\/td>\n<td style=\"text-align: center; width: 59px;\">65\u20ac<\/td>\n<\/tr>\n<tr>\n<td style=\"width: 295px;\">Per Unitat Formativa<\/td>\n<td style=\"text-align: center; width: 63px;\">25\u20ac<\/td>\n<td style=\"width: 284px;\">M\u00f2dul de formaci\u00f3 en centres de treball<\/td>\n<td style=\"text-align: center; width: 59px;\">65\u20ac<\/td>\n<\/tr>\n<tr>\n<td style=\"width: 295px;\">M\u00f2dul de formaci\u00f3 en centres de treball<\/td>\n<td style=\"text-align: center; width: 63px;\">25\u20ac<\/td>\n<td style=\"width: 284px;\">Quota anual per \u00fas de les instal\u00b7lacions<\/td>\n<td style=\"text-align: center; width: 59px;\">110\u20ac<\/td>\n<\/tr>\n<tr>\n<td style=\"width: 295px;\">Quota anual per \u00fas de les instal\u00b7lacions<\/td>\n<td style=\"text-align: center; width: 63px;\">110\u20ac<\/td>\n<td style=\"width: 284px;\"><\/td>\n<td style=\"text-align: center; width: 59px;\"><\/td>\n<\/tr>\n<\/tbody>\n<\/table>\n<p><\/center><\/p>\n<h4 style=\"padding: 3% 0% 2% 0%;\">Material<\/h4>\n<p>Aquest \u00e9s un llistat de material orientatiu. El definitiu s\u00b4especificar\u00e0 a l\u00b4inici de curs per part de l\u00b4equip docent.<\/p>\n<ul style=\"float: left; padding: 3% 15% 0% 30%; text-align: left;\"><strong>1r Curs<\/strong><\/p>\n<li>Banyador<\/li>\n<li>Casquet<\/li>\n<li>Ulleres de nataci\u00f3<\/li>\n<\/ul>\n<ul style=\"text-align: left;  padding: 3% 0% 0% 0%;\"><strong>2n Curs<\/strong><\/p>\n<li>Aletes<\/li>\n<li>Botes multitac<\/li>\n<li>Raqueta de tenis<\/li>\n<\/ul>\n<\/div>\n<div id=\"universitat\" class=\"tab-pane\">\nLa nota obtinguda en el cicle formatiu de grau superior, permet  accedir a la universitat sense fer cap prova d&#8217;acc\u00e9s.<br \/>\nAmb un cicle formatiu de grau superior es poden convalidar cr\u00e8dits ECTS a les universitats catalanes.<\/p>\n<p>Pots trobar informaci\u00f3 sobre la correspond\u00e8ncia de cr\u00e8dits en aquest <a href=\"http:\/\/universitats.gencat.cat\/ca\/que_puc_fer\/estudiant_cicles\/convalidacio_credits_cfgs\/\" target=\"_blank\" rel=\"noopener noreferrer\">enlla\u00e7<\/a>.\n<\/div>\n<div id=\"convalidacions\" class=\"tab-pane\">\nL\u00b4alumnat que hagi cursat un altre cicle formatiu o estudis universitaris, podr\u00e0 convalidar alguns cr\u00e8dits\/m\u00f2duls\/UF.<\/p>\n<p>Pots trobar informaci\u00f3 sobre les convalidacions en aquest <a href=\"https:\/\/agora.xtec.cat\/iesjtapiro\/docs\/convalidacions-cicle-formatius\/?bp-attachment=Convalidacions-CFGS-EASE.pdf\">document<\/a>.<\/p>\n<h4 style=\"padding: 4% 0% 1% 0%;\">On, quan i com s&#8217;ha de sol\u00b7licitar?<\/h4>\n<p>S\u00b4ha de p<strong>resentar a secretaria<\/strong> del centre en el moment de formalitzar la matr\u00edcula la documentaci\u00f3 seg\u00fcent:<\/p>\n<ul>\n<li><strong>Certificat de notes<\/strong> original o t\u00edtol o resguard del t\u00edtol (original i fotoc\u00f2pia) dels estudis que donen dret a la convalidaci\u00f3.<\/li>\n<li><strong>Impr\u00e8s de convalidacions<\/strong> que es pot descarregar en aquest <a href=\"https:\/\/agora.xtec.cat\/iesjtapiro\/docs\/convalidacions-cicle-formatius\/?bp-attachment=Sol.licitud-de-convalidacions-gestionada-per-el-centre.docx\">document<\/a>.<\/li>\n<\/ul>\n<\/div>\n<\/div>\n<\/div>\n<\/div>\n<\/div>\n<div class=\"tab-pane\" style=\"width: 80%; padding: 0px 0px 10px 0px;\">\r\n\t<div class=\"slideshow_container slideshow_container_style-light\" style=\"height: 375px; \" data-slideshow-id=\"3017\" data-style-name=\"style-light\" data-style-version=\"2.3.1\" >\r\n\r\n\t\t\t\t\t<div class=\"slideshow_loading_icon\"><\/div>\r\n\t\t\r\n\t\t<div class=\"slideshow_content\" style=\"display: none;\">\r\n\r\n\t\t\t<div class=\"slideshow_view\">\r\n\t\t\t\t<div class=\"slideshow_slide slideshow_slide_image\">\r\n\t\t\t\t\t\t\t\t\t\t\t<img src=\"https:\/\/agora.xtec.cat\/iesjtapiro\/wp-content\/uploads\/usu514\/2018\/04\/IMG_9942.jpg\" alt=\"IMG_9942\" width=\"2592\" height=\"1728\" \/>\r\n\t\t\t\t\t\t\t\t\t\t<div class=\"slideshow_description_box slideshow_transparent\">\r\n\t\t\t\t\t\t<div class=\"slideshow_title\">IMG_9942<\/div>\t\t\t\t\t\t\t\t\t\t\t<\/div>\r\n\t\t\t\t<\/div>\r\n\r\n\t\t\t\t\t\t<div style=\"clear: both;\"><\/div><\/div><div class=\"slideshow_view\">\r\n\t\t\t\t<div class=\"slideshow_slide slideshow_slide_image\">\r\n\t\t\t\t\t\t\t\t\t\t\t<img src=\"https:\/\/agora.xtec.cat\/iesjtapiro\/wp-content\/uploads\/usu514\/2018\/04\/IMG_9815.jpg\" alt=\"IMG_9815\" width=\"2592\" height=\"1728\" \/>\r\n\t\t\t\t\t\t\t\t\t\t<div class=\"slideshow_description_box slideshow_transparent\">\r\n\t\t\t\t\t\t<div class=\"slideshow_title\">IMG_9815<\/div>\t\t\t\t\t\t\t\t\t\t\t<\/div>\r\n\t\t\t\t<\/div>\r\n\r\n\t\t\t\t\t\t<div style=\"clear: both;\"><\/div><\/div><div class=\"slideshow_view\">\r\n\t\t\t\t<div class=\"slideshow_slide slideshow_slide_image\">\r\n\t\t\t\t\t\t\t\t\t\t\t<img src=\"https:\/\/agora.xtec.cat\/iesjtapiro\/wp-content\/uploads\/usu514\/2018\/04\/IMG_9998.jpg\" alt=\"IMG_9998\" width=\"2592\" height=\"1728\" \/>\r\n\t\t\t\t\t\t\t\t\t\t<div class=\"slideshow_description_box slideshow_transparent\">\r\n\t\t\t\t\t\t<div class=\"slideshow_title\">IMG_9998<\/div>\t\t\t\t\t\t\t\t\t\t\t<\/div>\r\n\t\t\t\t<\/div>\r\n\r\n\t\t\t\t\t\t<div style=\"clear: both;\"><\/div><\/div><div class=\"slideshow_view\">\r\n\t\t\t\t<div class=\"slideshow_slide slideshow_slide_image\">\r\n\t\t\t\t\t\t\t\t\t\t\t<img src=\"https:\/\/agora.xtec.cat\/iesjtapiro\/wp-content\/uploads\/usu514\/2018\/04\/IMG_9812.jpg\" alt=\"IMG_9812\" width=\"2592\" height=\"1728\" \/>\r\n\t\t\t\t\t\t\t\t\t\t<div class=\"slideshow_description_box slideshow_transparent\">\r\n\t\t\t\t\t\t<div class=\"slideshow_title\">IMG_9812<\/div>\t\t\t\t\t\t\t\t\t\t\t<\/div>\r\n\t\t\t\t<\/div>\r\n\r\n\t\t\t\t\t\t<div style=\"clear: both;\"><\/div><\/div><div class=\"slideshow_view\">\r\n\t\t\t\t<div class=\"slideshow_slide slideshow_slide_image\">\r\n\t\t\t\t\t\t\t\t\t\t\t<img src=\"https:\/\/agora.xtec.cat\/iesjtapiro\/wp-content\/uploads\/usu514\/2018\/04\/IMG_9799.jpg\" alt=\"IMG_9799\" width=\"2592\" height=\"1728\" \/>\r\n\t\t\t\t\t\t\t\t\t\t<div class=\"slideshow_description_box slideshow_transparent\">\r\n\t\t\t\t\t\t<div class=\"slideshow_title\">IMG_9799<\/div>\t\t\t\t\t\t\t\t\t\t\t<\/div>\r\n\t\t\t\t<\/div>\r\n\r\n\t\t\t\t\t\t<div style=\"clear: both;\"><\/div><\/div><div class=\"slideshow_view\">\r\n\t\t\t\t<div class=\"slideshow_slide slideshow_slide_image\">\r\n\t\t\t\t\t\t\t\t\t\t\t<img src=\"https:\/\/agora.xtec.cat\/iesjtapiro\/wp-content\/uploads\/usu514\/2018\/04\/IMG_9797.jpg\" alt=\"IMG_9797\" width=\"2592\" height=\"1728\" \/>\r\n\t\t\t\t\t\t\t\t\t\t<div class=\"slideshow_description_box slideshow_transparent\">\r\n\t\t\t\t\t\t<div class=\"slideshow_title\">IMG_9797<\/div>\t\t\t\t\t\t\t\t\t\t\t<\/div>\r\n\t\t\t\t<\/div>\r\n\r\n\t\t\t\t\t\t<div style=\"clear: both;\"><\/div><\/div><div class=\"slideshow_view\">\r\n\t\t\t\t<div class=\"slideshow_slide slideshow_slide_image\">\r\n\t\t\t\t\t\t\t\t\t\t\t<img src=\"https:\/\/agora.xtec.cat\/iesjtapiro\/wp-content\/uploads\/usu514\/2018\/04\/IMG_9937.jpg\" alt=\"IMG_9937\" width=\"2592\" height=\"1728\" \/>\r\n\t\t\t\t\t\t\t\t\t\t<div class=\"slideshow_description_box slideshow_transparent\">\r\n\t\t\t\t\t\t<div class=\"slideshow_title\">IMG_9937<\/div>\t\t\t\t\t\t\t\t\t\t\t<\/div>\r\n\t\t\t\t<\/div>\r\n\r\n\t\t\t\t\t\t<div style=\"clear: both;\"><\/div><\/div>\r\n\t\t<\/div>\r\n\r\n\t\t<div class=\"slideshow_controlPanel slideshow_transparent\" style=\"display: none;\"><ul><li class=\"slideshow_togglePlay\" data-play-text=\"Visualitza\" data-pause-text=\"Pausa\"><\/li><\/ul><\/div>\r\n\r\n\t\t<div class=\"slideshow_button slideshow_previous slideshow_transparent\" role=\"button\" data-previous-text=\"Anterior\" style=\"display: none;\"><\/div>\r\n\t\t<div class=\"slideshow_button slideshow_next slideshow_transparent\" role=\"button\" data-next-text=\"Seg\u00fcent\" style=\"display: none;\"><\/div>\r\n\r\n\t\t<div class=\"slideshow_pagination\" style=\"display: none;\" data-go-to-text=\"V\u00e9s a la diapositiva\"><div class=\"slideshow_pagination_center\"><\/div><\/div>\r\n\r\n\t\t<!-- WordPress Slideshow Version 2.3.1 -->\r\n\r\n\t\t\t<\/div>\r\n\r\n<\/div>\n<h3 style=\"padding-top: 3%; padding-bottom: 2%;\">Qui som<\/h3>\n<div style=\"width: 80%; padding-bottom: 2%;\">\nContinuant amb la din\u00e0mica del nostre centre, volem treballar amb la l\u00ednia de proximitat amb tot l\u2019alumnat. Per aquest motiu, oferim un CFGS EAS on intentem traslladar a l\u2019alumnat la professionalitat, dedicaci\u00f3 i plaers que ofereix el nostre \u00e0mbit i que per part del professorat del cicle, volem fer part\u00edcip al nostre alumnat de totes les activitats proposades, buscant la excel\u00b7l\u00e8ncia esportiva, educativa i professional.<br \/>\nEl professorat de cicle, altament qualificat,  treballa en una l\u00ednia educativa te\u00f2rico-pr\u00e0ctica, doncs el dia a dia ens diu que la realitat educativa futura \u00e9s el que prioritza, i volem que els nostres alumnes estiguin preparats per fer front a aquest m\u00f3n laboral-esportiu.<br \/>\nOferim un CFGS EAS en modalitat DUAL, on l\u2019alumne pot complementa la seva formaci\u00f3 acad\u00e8mica amb pr\u00e0ctiques remunerades a diferents empreses esportives de la zona (Consell Esportiu Tarragon\u00e8s, Consell Esportiu Baix Camp, Club Tennis Monterols\u2026) les quals a dia d\u2019avui, moltes d\u2019aquestes, han continuat i volen continuar amb els nostres alumnes a les seves empreses.\n<\/div>\n<table style=\"width: 80%; border: none; padding: 35px 0px 0px 0px;\">\n<tbody>\n<tr>\n<td style=\"width: 342px; text-align: left; border: none;\"><iframe loading=\"lazy\" src=\"https:\/\/www.youtube.com\/embed\/hgfFzooIAGU?rel=0\" width=\"315\" height=\"177\" frameborder=\"0\" allowfullscreen=\"allowfullscreen\"><\/iframe><\/td>\n<td style=\"width: 264px; text-align: center; border: none;\"><iframe loading=\"lazy\" src=\"https:\/\/www.youtube.com\/embed\/4ZUsO8_xWpY?rel=0\" width=\"315\" height=\"177\" frameborder=\"0\" allowfullscreen=\"allowfullscreen\"><\/iframe><\/td>\n<td style=\"width: 316px; text-align: right; border: none;\"><iframe loading=\"lazy\" src=\"https:\/\/www.youtube.com\/embed\/QoCMmbGIk4Y?rel=0\" width=\"315\" height=\"177\" frameborder=\"0\" allowfullscreen=\"allowfullscreen\"><\/iframe><\/td>\n<\/tr>\n<\/tbody>\n<\/table>\n<h3><a href=\"https:\/\/sites.google.com\/tapiro.cat\/ensenyamentianimacisocioesport\/informaci%C3%B3-del-cicle\">M\u00e9s informaci\u00f3<\/a><\/h3>\n<h3 style=\"padding-top: 7%; padding-bottom: 3%;\">On trobar-nos<\/h3>\n<p><center><iframe loading=\"lazy\" style=\"border: 0;\" src=\"https:\/\/www.google.com\/maps\/embed?pb=!1m18!1m12!1m3!1d3004.881690071955!2d1.1145410515630563!3d41.137108619333404!2m3!1f0!2f0!3f0!3m2!1i1024!2i768!4f13.1!3m3!1m2!1s0x12a150c032874c97%3A0x51367d076dac7b49!2sCarrer+d'Astorga%2C+37%2C+43205+Reus%2C+Tarragona!5e0!3m2!1sca!2ses!4v1450382457887\" width=\"450\" height=\"350\" frameborder=\"0\" allowfullscreen=\"allowfullscreen\"><\/iframe><\/center>&nbsp;<\/p>\n<p>&nbsp;<\/p>\n<table style=\"width: 95%; border: none;\">\n<tbody>\n<tr>\n<td style=\"width: 260px; text-align: center; border: none;\"><a href=\"https:\/\/https:\/\/www.instagram.com\/ef_insjoseptapiro\/\" target=\"_blank\" rel=\"noopener noreferrer\"><img loading=\"lazy\" decoding=\"async\" class=\"aligncenter size-full wp-image-3045\" src=\"http:\/\/agora.xtec.cat\/iesjtapiro\/wp-content\/uploads\/usu514\/2016\/05\/Captura-de-pantalla-2018-04-17-a-les-14.37.31.png\" alt=\"\" width=\"44\" height=\"48\" \/><\/a><\/td>\n<td style=\"width: 257px; text-align: center; border: none;\"><a href=\"https:\/\/es-la.facebook.com\/eftapiro\" target=\"_blank\" rel=\"noopener noreferrer\"><img loading=\"lazy\" decoding=\"async\" class=\"aligncenter size-full wp-image-3047\" src=\"http:\/\/agora.xtec.cat\/iesjtapiro\/wp-content\/uploads\/usu514\/2016\/05\/Captura-de-pantalla-2018-04-17-a-les-14.44.20.png\" alt=\"\" width=\"44\" height=\"48\" \/><\/a><\/td>\n<\/tr>\n<\/tbody>\n<\/table>\n<p>&nbsp;<\/p>\n","protected":false},"excerpt":{"rendered":"<p>Pla d&#8217;estudis Acc\u00e9s Sortides Qu\u00e8 estudiar\u00e9? Pagaments i material Universitat Convalidacions T\u00edtol: T\u00e8cnic\/a superior en Ensenyament i Animaci\u00f3 Socioesportiva. Nivell: Formaci\u00f3 professional de grau superior (CFGS). Durada: 2.000 hores: 1.650 al centre educatiu i 350 en un centre de treball, distribu\u00efdes en dos cursos acad\u00e8mics. Fam\u00edlia professional: Activitats f\u00edsiques i esportives. Formaci\u00f3 Dual La formaci\u00f3 [&hellip;]<\/p>\n","protected":false},"author":1,"featured_media":0,"parent":2212,"menu_order":2,"comment_status":"closed","ping_status":"closed","template":"page-templates\/side-menu.php","meta":{"_bbp_topic_count":0,"_bbp_reply_count":0,"_bbp_total_topic_count":0,"_bbp_total_reply_count":0,"_bbp_voice_count":0,"_bbp_anonymous_reply_count":0,"_bbp_topic_count_hidden":0,"_bbp_reply_count_hidden":0,"_bbp_forum_subforum_count":0,"site-sidebar-layout":"default","site-content-layout":"","ast-site-content-layout":"","site-content-style":"default","site-sidebar-style":"default","ast-global-header-display":"","ast-banner-title-visibility":"","ast-main-header-display":"","ast-hfb-above-header-display":"","ast-hfb-below-header-display":"","ast-hfb-mobile-header-display":"","site-post-title":"","ast-breadcrumbs-content":"","ast-featured-img":"","footer-sml-layout":"","theme-transparent-header-meta":"","adv-header-id-meta":"","stick-header-meta":"","header-above-stick-meta":"","header-main-stick-meta":"","header-below-stick-meta":"","astra-migrate-meta-layouts":"default","ast-page-background-enabled":"default","ast-page-background-meta":{"desktop":{"background-color":"var(--ast-global-color-4)","background-image":"","background-repeat":"repeat","background-position":"center center","background-size":"auto","background-attachment":"scroll","background-type":"","background-media":"","overlay-type":"","overlay-color":"","overlay-opacity":"","overlay-gradient":""},"tablet":{"background-color":"","background-image":"","background-repeat":"repeat","background-position":"center center","background-size":"auto","background-attachment":"scroll","background-type":"","background-media":"","overlay-type":"","overlay-color":"","overlay-opacity":"","overlay-gradient":""},"mobile":{"background-color":"","background-image":"","background-repeat":"repeat","background-position":"center center","background-size":"auto","background-attachment":"scroll","background-type":"","background-media":"","overlay-type":"","overlay-color":"","overlay-opacity":"","overlay-gradient":""}},"ast-content-background-meta":{"desktop":{"background-color":"var(--ast-global-color-5)","background-image":"","background-repeat":"repeat","background-position":"center center","background-size":"auto","background-attachment":"scroll","background-type":"","background-media":"","overlay-type":"","overlay-color":"","overlay-opacity":"","overlay-gradient":""},"tablet":{"background-color":"var(--ast-global-color-5)","background-image":"","background-repeat":"repeat","background-position":"center center","background-size":"auto","background-attachment":"scroll","background-type":"","background-media":"","overlay-type":"","overlay-color":"","overlay-opacity":"","overlay-gradient":""},"mobile":{"background-color":"var(--ast-global-color-5)","background-image":"","background-repeat":"repeat","background-position":"center center","background-size":"auto","background-attachment":"scroll","background-type":"","background-media":"","overlay-type":"","overlay-color":"","overlay-opacity":"","overlay-gradient":""}},"footnotes":""},"class_list":["post-652","page","type-page","status-publish","hentry"],"post_mailing_queue_ids":[],"_links":{"self":[{"href":"https:\/\/agora.xtec.cat\/iesjtapiro\/wp-json\/wp\/v2\/pages\/652","targetHints":{"allow":["GET"]}}],"collection":[{"href":"https:\/\/agora.xtec.cat\/iesjtapiro\/wp-json\/wp\/v2\/pages"}],"about":[{"href":"https:\/\/agora.xtec.cat\/iesjtapiro\/wp-json\/wp\/v2\/types\/page"}],"author":[{"embeddable":true,"href":"https:\/\/agora.xtec.cat\/iesjtapiro\/wp-json\/wp\/v2\/users\/1"}],"replies":[{"embeddable":true,"href":"https:\/\/agora.xtec.cat\/iesjtapiro\/wp-json\/wp\/v2\/comments?post=652"}],"version-history":[{"count":3,"href":"https:\/\/agora.xtec.cat\/iesjtapiro\/wp-json\/wp\/v2\/pages\/652\/revisions"}],"predecessor-version":[{"id":10709,"href":"https:\/\/agora.xtec.cat\/iesjtapiro\/wp-json\/wp\/v2\/pages\/652\/revisions\/10709"}],"up":[{"embeddable":true,"href":"https:\/\/agora.xtec.cat\/iesjtapiro\/wp-json\/wp\/v2\/pages\/2212"}],"wp:attachment":[{"href":"https:\/\/agora.xtec.cat\/iesjtapiro\/wp-json\/wp\/v2\/media?parent=652"}],"curies":[{"name":"wp","href":"https:\/\/api.w.org\/{rel}","templated":true}]}}