{"id":14244,"date":"2025-02-15T11:42:33","date_gmt":"2025-02-15T10:42:33","guid":{"rendered":"https:\/\/agora.xtec.cat\/iesjtapiro\/?page_id=14244"},"modified":"2025-07-10T20:28:59","modified_gmt":"2025-07-10T18:28:59","slug":"projecte-dinternacionalitzacio","status":"publish","type":"page","link":"https:\/\/agora.xtec.cat\/iesjtapiro\/projecte-dinternacionalitzacio\/","title":{"rendered":"Projectes d&#8217;Internacionalitzaci\u00f3"},"content":{"rendered":"\n<div class=\"wp-block-columns is-layout-flex wp-container-core-columns-is-layout-2 wp-block-columns-is-layout-flex\">\n<div class=\"wp-block-column is-layout-flow wp-block-column-is-layout-flow\" style=\"flex-basis:66.66%\">\n<p class=\"has-black-color has-text-color has-link-color wp-elements-4d859d8d4cf0e27a75646d96a06b395d\" style=\"font-size:30px;font-style:normal;font-weight:800\">PRESENTACI\u00d3 DE PROJECTES:<\/p>\n\n\n\n<p class=\"has-black-color has-text-color has-link-color wp-elements-f2a7330dc1430b33eaa862cd5f92b86b\" style=\"font-size:26px\"><strong>eTwinning<\/strong><\/p>\n\n\n\n<div class=\"wp-block-columns is-layout-flex wp-container-core-columns-is-layout-1 wp-block-columns-is-layout-flex\">\n<div class=\"wp-block-column is-layout-flow wp-block-column-is-layout-flow\">\n<figure class=\"wp-block-image aligncenter size-full\"><a href=\"https:\/\/agora.xtec.cat\/iesjtapiro\/wp-content\/uploads\/usu514\/2025\/06\/Through-my-eyes.jpg\"><img loading=\"lazy\" decoding=\"async\" width=\"500\" height=\"500\" src=\"https:\/\/agora.xtec.cat\/iesjtapiro\/wp-content\/uploads\/usu514\/2025\/06\/Through-my-eyes.jpg\" alt=\"\" class=\"wp-image-15455\" srcset=\"https:\/\/agora.xtec.cat\/iesjtapiro\/wp-content\/uploads\/usu514\/2025\/06\/Through-my-eyes.jpg 500w, https:\/\/agora.xtec.cat\/iesjtapiro\/wp-content\/uploads\/usu514\/2025\/06\/Through-my-eyes-300x300.jpg 300w, https:\/\/agora.xtec.cat\/iesjtapiro\/wp-content\/uploads\/usu514\/2025\/06\/Through-my-eyes-150x150.jpg 150w\" sizes=\"auto, (max-width: 500px) 100vw, 500px\" \/><\/a><\/figure>\n\n\n\n<p class=\"has-text-align-center\"><strong>Trough my eyes<\/strong><\/p>\n<\/div>\n\n\n\n<div class=\"wp-block-column is-layout-flow wp-block-column-is-layout-flow\">\n<figure class=\"wp-block-image aligncenter size-full\"><a href=\"https:\/\/agora.xtec.cat\/iesjtapiro\/wp-content\/uploads\/usu514\/2025\/06\/Musiculture-1.png\"><img loading=\"lazy\" decoding=\"async\" width=\"500\" height=\"500\" src=\"https:\/\/agora.xtec.cat\/iesjtapiro\/wp-content\/uploads\/usu514\/2025\/06\/Musiculture-1.png\" alt=\"\" class=\"wp-image-15458\" srcset=\"https:\/\/agora.xtec.cat\/iesjtapiro\/wp-content\/uploads\/usu514\/2025\/06\/Musiculture-1.png 500w, https:\/\/agora.xtec.cat\/iesjtapiro\/wp-content\/uploads\/usu514\/2025\/06\/Musiculture-1-300x300.png 300w, https:\/\/agora.xtec.cat\/iesjtapiro\/wp-content\/uploads\/usu514\/2025\/06\/Musiculture-1-150x150.png 150w\" sizes=\"auto, (max-width: 500px) 100vw, 500px\" \/><\/a><\/figure>\n\n\n\n<p class=\"has-text-align-center\"><strong>Musiculture<\/strong><\/p>\n<\/div>\n<\/div>\n\n\n\n<p class=\"has-black-color has-text-color has-link-color wp-elements-8ef377973cd2422c0b12a509a00cfadd\" style=\"font-size:26px\"><strong>ERASMUS+<\/strong><\/p>\n\n\n\n<ul class=\"wp-block-list\">\n<li><strong>KA 122-SCH<\/strong>&nbsp;Estrellas y cambio clim\u00e1tico: una alianza sostenible entre la astronom\u00eda y la naturaleza en Europa.<\/li>\n\n\n\n<li style=\"font-size:18px\"><strong>KA 220 -SCH<\/strong>&nbsp;The project focuses on the intersection of mental health and environmental sustainability, emphasizing nature-based solutions and environmental literacy.<\/li>\n<\/ul>\n\n\n\n<p class=\"has-black-color has-text-color has-link-color wp-elements-843f5c62197f5a412f781f84c5c06c2d\" style=\"font-size:26px\"><strong>FORMACIONS<\/strong><\/p>\n\n\n\n<ul class=\"wp-block-list\">\n<li style=\"font-size:18px\"><strong>Formaci\u00f3 Erasmus+ (BCN):<\/strong> Curs&nbsp; 2024-2025 <\/li>\n\n\n\n<li style=\"font-size:18px\"><strong>Formaci\u00f3 eTwinning:<\/strong> Curs 2024-2025<\/li>\n<\/ul>\n<\/div>\n<\/div>\n\n\n\n<div style=\"height:20px\" aria-hidden=\"true\" class=\"wp-block-spacer\"><\/div>\n\n\n\n<p class=\"has-black-color has-text-color has-link-color wp-elements-6619b5a5bc0bb883a688a2d76c8b461e\" style=\"font-size:26px\"><strong>ACTIVITATS<\/strong><\/p>\n\n\n\n<ul class=\"wp-block-list\">\n<li style=\"font-size:18px\"><strong>Taller<\/strong> per <strong>alumnat<\/strong> de <strong>batxillerat <\/strong>amb <strong>delegada PIMEC<\/strong> a la <strong>UE<\/strong> (institucions europees i patronals europees de PIMES, SME united) Cursos 2023-2024 i 2024-2025.<\/li>\n<\/ul>\n\n\n\n<p class=\"has-black-color has-text-color has-link-color wp-elements-7caf9e98d30982783e06e25dafa2d38f\" style=\"font-size:26px\"><strong>PROJECTES FETS<\/strong><\/p>\n\n\n\n<ul class=\"wp-block-list\">\n<li style=\"font-size:18px\">Projecte Comenius: Associaci\u00f3 escolar (2006-2009)<\/li>\n<\/ul>\n\n\n\n<div style=\"height:20px\" aria-hidden=\"true\" class=\"wp-block-spacer\"><\/div>\n\n\n\n<p style=\"font-size:18px\">M\u00e9s informaci\u00f3 sobre el programa <a href=\"http:\/\/www.erasmusplus.gob.es\/\" data-type=\"link\" data-id=\"http:\/\/www.erasmusplus.gob.es\/\" target=\"_blank\" rel=\"noreferrer noopener\">Erasmus+<\/a><\/p>\n\n\n\n<div class=\"wp-block-columns is-layout-flex wp-container-core-columns-is-layout-3 wp-block-columns-is-layout-flex\">\n<div class=\"wp-block-column is-layout-flow wp-block-column-is-layout-flow\">\n<figure class=\"wp-block-image size-full\"><a href=\"https:\/\/agora.xtec.cat\/iesjtapiro\/wp-content\/uploads\/usu514\/2025\/02\/Logo-Erasmus.png\"><img loading=\"lazy\" decoding=\"async\" width=\"496\" height=\"191\" src=\"https:\/\/agora.xtec.cat\/iesjtapiro\/wp-content\/uploads\/usu514\/2025\/02\/Logo-Erasmus.png\" alt=\"\" class=\"wp-image-14325\" srcset=\"https:\/\/agora.xtec.cat\/iesjtapiro\/wp-content\/uploads\/usu514\/2025\/02\/Logo-Erasmus.png 496w, https:\/\/agora.xtec.cat\/iesjtapiro\/wp-content\/uploads\/usu514\/2025\/02\/Logo-Erasmus-300x116.png 300w\" sizes=\"auto, (max-width: 496px) 100vw, 496px\" \/><\/a><\/figure>\n<\/div>\n\n\n\n<div class=\"wp-block-column is-layout-flow wp-block-column-is-layout-flow\">\n<figure class=\"wp-block-image size-full is-resized\"><a href=\"https:\/\/agora.xtec.cat\/iesjtapiro\/wp-content\/uploads\/usu514\/2025\/02\/etwinning-logo.jpg\"><img loading=\"lazy\" decoding=\"async\" width=\"774\" height=\"657\" src=\"https:\/\/agora.xtec.cat\/iesjtapiro\/wp-content\/uploads\/usu514\/2025\/02\/etwinning-logo.jpg\" alt=\"\" class=\"wp-image-14294\" style=\"width:212px;height:auto\" srcset=\"https:\/\/agora.xtec.cat\/iesjtapiro\/wp-content\/uploads\/usu514\/2025\/02\/etwinning-logo.jpg 774w, https:\/\/agora.xtec.cat\/iesjtapiro\/wp-content\/uploads\/usu514\/2025\/02\/etwinning-logo-300x255.jpg 300w, https:\/\/agora.xtec.cat\/iesjtapiro\/wp-content\/uploads\/usu514\/2025\/02\/etwinning-logo-768x652.jpg 768w\" sizes=\"auto, (max-width: 774px) 100vw, 774px\" \/><\/a><\/figure>\n<\/div>\n<\/div>\n","protected":false},"excerpt":{"rendered":"<p>PRESENTACI\u00d3 DE PROJECTES: eTwinning Trough my eyes Musiculture ERASMUS+ FORMACIONS ACTIVITATS PROJECTES FETS M\u00e9s informaci\u00f3 sobre el programa Erasmus+<\/p>\n","protected":false},"author":1,"featured_media":14237,"parent":0,"menu_order":0,"comment_status":"closed","ping_status":"close","template":"","meta":{"_bbp_topic_count":0,"_bbp_reply_count":0,"_bbp_total_topic_count":0,"_bbp_total_reply_count":0,"_bbp_voice_count":0,"_bbp_anonymous_reply_count":0,"_bbp_topic_count_hidden":0,"_bbp_reply_count_hidden":0,"_bbp_forum_subforum_count":0,"site-sidebar-layout":"default","site-content-layout":"","ast-site-content-layout":"","site-content-style":"default","site-sidebar-style":"default","ast-global-header-display":"","ast-banner-title-visibility":"","ast-main-header-display":"","ast-hfb-above-header-display":"","ast-hfb-below-header-display":"","ast-hfb-mobile-header-display":"","site-post-title":"","ast-breadcrumbs-content":"","ast-featured-img":"","footer-sml-layout":"","theme-transparent-header-meta":"","adv-header-id-meta":"","stick-header-meta":"","header-above-stick-meta":"","header-main-stick-meta":"","header-below-stick-meta":"","astra-migrate-meta-layouts":"default","ast-page-background-enabled":"default","ast-page-background-meta":{"desktop":{"background-color":"var(--ast-global-color-4)","background-image":"","background-repeat":"repeat","background-position":"center center","background-size":"auto","background-attachment":"scroll","background-type":"","background-media":"","overlay-type":"","overlay-color":"","overlay-opacity":"","overlay-gradient":""},"tablet":{"background-color":"","background-image":"","background-repeat":"repeat","background-position":"center center","background-size":"auto","background-attachment":"scroll","background-type":"","background-media":"","overlay-type":"","overlay-color":"","overlay-opacity":"","overlay-gradient":""},"mobile":{"background-color":"","background-image":"","background-repeat":"repeat","background-position":"center center","background-size":"auto","background-attachment":"scroll","background-type":"","background-media":"","overlay-type":"","overlay-color":"","overlay-opacity":"","overlay-gradient":""}},"ast-content-background-meta":{"desktop":{"background-color":"var(--ast-global-color-5)","background-image":"","background-repeat":"repeat","background-position":"center center","background-size":"auto","background-attachment":"scroll","background-type":"","background-media":"","overlay-type":"","overlay-color":"","overlay-opacity":"","overlay-gradient":""},"tablet":{"background-color":"var(--ast-global-color-5)","background-image":"","background-repeat":"repeat","background-position":"center center","background-size":"auto","background-attachment":"scroll","background-type":"","background-media":"","overlay-type":"","overlay-color":"","overlay-opacity":"","overlay-gradient":""},"mobile":{"background-color":"var(--ast-global-color-5)","background-image":"","background-repeat":"repeat","background-position":"center center","background-size":"auto","background-attachment":"scroll","background-type":"","background-media":"","overlay-type":"","overlay-color":"","overlay-opacity":"","overlay-gradient":""}},"footnotes":""},"class_list":["post-14244","page","type-page","status-publish","has-post-thumbnail","hentry"],"post_mailing_queue_ids":[],"_links":{"self":[{"href":"https:\/\/agora.xtec.cat\/iesjtapiro\/wp-json\/wp\/v2\/pages\/14244","targetHints":{"allow":["GET"]}}],"collection":[{"href":"https:\/\/agora.xtec.cat\/iesjtapiro\/wp-json\/wp\/v2\/pages"}],"about":[{"href":"https:\/\/agora.xtec.cat\/iesjtapiro\/wp-json\/wp\/v2\/types\/page"}],"author":[{"embeddable":true,"href":"https:\/\/agora.xtec.cat\/iesjtapiro\/wp-json\/wp\/v2\/users\/1"}],"replies":[{"embeddable":true,"href":"https:\/\/agora.xtec.cat\/iesjtapiro\/wp-json\/wp\/v2\/comments?post=14244"}],"version-history":[{"count":6,"href":"https:\/\/agora.xtec.cat\/iesjtapiro\/wp-json\/wp\/v2\/pages\/14244\/revisions"}],"predecessor-version":[{"id":15579,"href":"https:\/\/agora.xtec.cat\/iesjtapiro\/wp-json\/wp\/v2\/pages\/14244\/revisions\/15579"}],"wp:featuredmedia":[{"embeddable":true,"href":"https:\/\/agora.xtec.cat\/iesjtapiro\/wp-json\/wp\/v2\/media\/14237"}],"wp:attachment":[{"href":"https:\/\/agora.xtec.cat\/iesjtapiro\/wp-json\/wp\/v2\/media?parent=14244"}],"curies":[{"name":"wp","href":"https:\/\/api.w.org\/{rel}","templated":true}]}}