{"id":12061,"date":"2024-01-30T14:43:43","date_gmt":"2024-01-30T13:43:43","guid":{"rendered":"https:\/\/agora.xtec.cat\/iesjtapiro\/?page_id=12061"},"modified":"2026-03-02T16:19:10","modified_gmt":"2026-03-02T15:19:10","slug":"proves-per-obtenir-el-graduat-en-eso-geso","status":"publish","type":"page","link":"https:\/\/agora.xtec.cat\/iesjtapiro\/proves-per-obtenir-el-graduat-en-eso-geso\/","title":{"rendered":"Proves per obtenir el graduat en ESO (GESO)"},"content":{"rendered":"<p>El Departament d\u2019Educaci\u00f3 i Formaci\u00f3 Professional fa dues convocat\u00f2ries anuals de la prova lliure per obtenir el t\u00edtol de graduat en educaci\u00f3 secund\u00e0ria obligat\u00f2ria (GESO) per a majors de 18 anys sense haver de cursar aquests estudis en un centre. En aquest apartat hi trobareu tota la informaci\u00f3 necess\u00e0ria per a l&#8217;organitzaci\u00f3 d&#8217;aquestes proves.<\/p>\n<h3>Alumnes que poden presentar-s&#8217;hi<\/h3>\n<p>Els alumnes han de complir els dos requisits seg\u00fcents per poder presentar-se a aquesta prova:<\/p>\n<ol>\n<li>T\u200benir almenys 18 anys o complir-los dins de l&#8217;any 2026. L\u2019edat requerida es podr\u00e0 rebaixar fins als setze anys sempre que l\u2019alumne o alumna compleixi alguna de les condicions seg\u00fcents:\n<ol>\n<li>Tenir un contracte laboral que l\u2019impedeixi assistir al centre en r\u00e8gim ordinari.<\/li>\n<li>Trobar-se en proc\u00e9s d&#8217;obtenci\u00f3 d&#8217;un perm\u00eds de treball.<\/li>\n<li>Ser esportista d&#8217;alt rendiment. En aquest cas, caldr\u00e0 presentar una certifica\u200bci\u00f3 del Consell Catal\u00e0 de l\u2019Esport que acrediti que aquests esportistes figuren en el programa de tecnificaci\u00f3 (ARC) de la federaci\u00f3 catalana corresponent.<\/li>\n<li>Tenir un exp\u200bedient d\u2019homologaci\u00f3 obert d\u2019estudis estrangers al t\u00edtol de GESO.<\/li>\n<\/ol>\n<\/li>\n<li>Haver finalitzat l\u2019ESO l\u2019any 2024 o 2025 sense haver obtingut el t\u00edtol o haver finalitzat l\u2019equivalent del quart curs de l\u2019educaci\u00f3 secund\u00e0ria obligat\u00f2ria en un sistema educatiu estranger amb mat\u00e8ries amb avaluaci\u00f3 negativa en cursos anteriors.<\/li>\n<\/ol>\n<p>En aplicaci\u00f3 d\u2019aquests requisits, queden exclosos de la prova els alumnes inscrits per repetir quart d\u2019ESO en el present curs 2025-2026.<\/p>\n<p>D\u2019altra banda, els alumnes que estan matriculats en ensenyaments d&#8217;adults o a l&#8217;Institut Obert de Catalunya hi poden conc\u00f3rrer, sempre que compleixin els requisits abans esmentats.<\/p>\n<h2 id=\"h22\">Calendari del procediment<\/h2>\n<table class=\"ms-rteTable-5\" style=\"width: 100%; height: 242px;\" width=\"100%\" cellspacing=\"1\" cellpadding=\"3\">\n<tbody>\n<tr class=\"ms-rteTableHeaderRow-5\" style=\"height: 23px;\">\n<th class=\"ms-rteTableHeaderEvenCol-5\" style=\"height: 23px; width: 59.881%;\"><span class=\"ms-rteThemeForeColor-1-0\"><strong>\u200bTasque\u200bs<\/strong><br \/><\/span><\/th>\n<th class=\"ms-rteTableHeaderOddCol-5\" style=\"height: 23px; width: 39.881%;\"><span class=\"ms-rteThemeForeColor-1-0\"><strong>\u200bCalendari 2026<\/strong><\/span><\/th>\n<\/tr>\n<tr class=\"ms-rteTableOddRow-5\" style=\"height: 46px;\">\n<td class=\"ms-rteTableEvenCol-5\" style=\"height: 46px; width: 59.881%;\" width=\"60%\">Els centres informen, per mitj\u00e0 dels canals que tinguin establerts, del curr\u00edculum de cadascuna de les mat\u00e8ries<\/td>\n<td class=\"ms-rteTableOddCol-5\" style=\"height: 46px; width: 39.881%;\">Abans d&#8217;obrir-se el per\u00edode d&#8217;inscripci\u00f3<\/td>\n<\/tr>\n<tr class=\"ms-rteTableEvenRow-5\" style=\"height: 23px;\">\n<td class=\"ms-rteTableEvenCol-5\" style=\"height: 23px; width: 59.881%;\">Termini de presentaci\u00f3 de <a href=\"https:\/\/agora.xtec.cat\/iesjtapiro\/wp-content\/uploads\/usu514\/2025\/01\/A665.pdf\">sol\u00b7licituds d&#8217;inscripci\u00f3<\/a><\/td>\n<td class=\"ms-rteTableOddCol-5\" style=\"height: 23px; width: 39.881%;\">Entre el 20 i el 27 de gener de 2026<\/td>\n<\/tr>\n<tr class=\"ms-rteTableOddRow-5\" style=\"height: 70px;\">\n<td class=\"ms-rteTableEvenCol-5\" style=\"height: 70px; width: 59.881%;\">Els centres publiquen, per mitj\u00e0 dels canals que tinguin establerts, el calendari de realitzaci\u00f3 de la prova i la relaci\u00f3 d&#8217;admesos, amb les mat\u00e8ries objecte de la prova, i d\u2019exclosos<\/td>\n<td class=\"ms-rteTableOddCol-5\" style=\"height: 70px; width: 39.881%;\">Fins al 26 de febrer de 2026<\/td>\n<\/tr>\n<tr class=\"ms-rteTableEvenRow-5\" style=\"height: 46px;\">\n<td class=\"ms-rteTableEvenCol-5\" style=\"height: 46px; width: 59.881%;\">Termini de presentaci\u00f3 de reclamacions a les llistes d&#8217;admesos i exclosos<\/td>\n<td class=\"ms-rteTableOddCol-5\" style=\"height: 46px; width: 39.881%;\">Del 4 al 6 de mar\u00e7<\/td>\n<\/tr>\n<tr class=\"ms-rteTableEvenRow-5\" style=\"height: 11px;\">\n<td class=\"ms-rteTableEvenCol-5\" style=\"height: 11px; width: 59.881%;\">Realitzaci\u00f3 de la prova<\/td>\n<td class=\"ms-rteTableOddCol-5\" style=\"height: 11px; width: 39.881%;\">El 23, 24 i 25 de mar\u00e7<\/td>\n<\/tr>\n<tr class=\"ms-rteTableOddRow-5\" style=\"height: 23px;\">\n<td class=\"ms-rteTableEvenCol-5\" style=\"height: 23px; width: 59.881%;\">\u200bRelaci\u00f3 d\u2019alumnes presentats i de les qualificaci\u200bons obtingudes<\/td>\n<td class=\"ms-rteTableOddCol-5\" style=\"height: 23px; width: 39.881%;\"><span style=\"color: revert; font-size: revert; font-weight: revert;\">Deu dies lectius seg\u00fcents a la realitzaci\u00f3 de la prova.<\/span><\/td>\n<\/tr>\n<tr>\n<td style=\"width: 59.881%;\">Termini de presentaci\u00f3 de reclamacions a les qualificacions obtingudes<\/td>\n<td style=\"width: 39.881%;\"><span style=\"color: revert; font-size: revert; font-weight: revert;\">Durant els tres dies h\u00e0bils seg\u00fcents a la data d\u2019informaci\u00f3 dels resultats obtinguts<\/span><\/td>\n<\/tr>\n<tr>\n<td style=\"width: 59.881%;\">Si hi ha reclamacions, la direcci\u00f3 del centre convoca una reuni\u00f3 extraordin\u00e0ria de la sessi\u00f3 d\u2019avaluaci\u00f3<\/td>\n<td style=\"width: 39.881%;\"><span style=\"color: revert; font-size: revert; font-weight: revert;\">En un termini de 48 hores despr\u00e9s que acabi el termini de presentaci\u00f3 de reclamacions<\/span><\/td>\n<\/tr>\n<\/tbody>\n<\/table>\n<h3>Calendari:<\/h3>\n<table style=\"height: 138px; width: 100%; border-collapse: collapse; border-color: #d4d4d4; border-style: solid;\">\n<tbody>\n<tr style=\"height: 23px;\">\n<td style=\"width: 19.7781%; height: 23px; border-color: #d4d4d4; border-style: solid; text-align: center; background-color: #f2b137;\"><strong>Horari<\/strong><\/td>\n<td style=\"width: 26.1749%; height: 23px; border-color: #d4d4d4; border-style: solid; text-align: center; background-color: #f2b137;\"><strong>Dilluns, 23 de mar\u00e7<\/strong><\/td>\n<td style=\"width: 27.4804%; height: 23px; border-color: #d4d4d4; border-style: solid; text-align: center; background-color: #f2b137;\"><strong>Dimarts, 24 de mar\u00e7<\/strong><\/td>\n<td style=\"width: 26.5666%; height: 23px; border-color: #d4d4d4; border-style: solid; text-align: center; background-color: #f2b137;\"><strong>Dimecres,<\/strong><strong> 25 de mar\u00e7<\/strong><\/td>\n<\/tr>\n<tr style=\"height: 23px;\">\n<td style=\"width: 19.7781%; height: 23px; border-color: #d4d4d4; border-style: solid;\"><strong>9.30 -10.30 h<\/strong><\/td>\n<td style=\"width: 26.1749%; height: 23px; border-color: #d4d4d4; border-style: solid; text-align: center;\">\u00a0<\/td>\n<td style=\"width: 27.4804%; height: 23px; border-color: #d4d4d4; border-style: solid; text-align: center;\">Catal\u00e0 4t<\/td>\n<td style=\"width: 26.5666%; height: 23px; border-color: #d4d4d4; border-style: solid; text-align: center;\">Pl\u00e0stica 3r<\/td>\n<\/tr>\n<tr style=\"height: 23px;\">\n<td style=\"width: 19.7781%; height: 23px; border-color: #d4d4d4; border-style: solid;\"><strong>10.30 &#8211; 11.30 h<\/strong><\/td>\n<td style=\"width: 26.1749%; height: 23px; border-color: #d4d4d4; border-style: solid; text-align: center;\">Socials 4t<\/td>\n<td style=\"width: 27.4804%; height: 23px; border-color: #d4d4d4; border-style: solid; text-align: center;\">Angl\u00e8s 4t<\/td>\n<td style=\"width: 26.5666%; height: 23px; border-color: #d4d4d4; border-style: solid; text-align: center;\">Ed. F\u00edsica 4t<\/td>\n<\/tr>\n<tr style=\"height: 23px;\">\n<td style=\"width: 19.7781%; height: 23px; border-color: #d4d4d4; border-style: solid;\"><strong>11.30 &#8211; 12.00 h\u00a0<\/strong><\/td>\n<td style=\"width: 26.1749%; height: 23px; border-color: #d4d4d4; border-style: solid; text-align: center;\">\u00a0<\/td>\n<td style=\"width: 27.4804%; height: 23px; border-color: #d4d4d4; border-style: solid; text-align: center;\">\u00a0<\/td>\n<td style=\"width: 26.5666%; height: 23px; border-color: #d4d4d4; border-style: solid; text-align: center;\">\u00a0<\/td>\n<\/tr>\n<tr style=\"height: 23px;\">\n<td style=\"width: 19.7781%; height: 23px; border-color: #d4d4d4; border-style: solid;\"><strong>12.00 &#8211; 13.00 h<\/strong><\/td>\n<td style=\"width: 26.1749%; height: 23px; border-color: #d4d4d4; border-style: solid; text-align: center;\">Tecnologia 3r + Digitalitzaci\u00f3 4t<\/td>\n<td style=\"width: 27.4804%; height: 23px; border-color: #d4d4d4; border-style: solid; text-align: center;\">\u00c8tica i valors 4t<\/td>\n<td style=\"width: 26.5666%; height: 23px; border-color: #d4d4d4; border-style: solid; text-align: center;\">\u00a0<\/td>\n<\/tr>\n<tr style=\"height: 23px;\">\n<td style=\"width: 19.7781%; height: 23px; border-color: #d4d4d4; border-style: solid;\"><strong>13.00 &#8211; 14.00 h<\/strong><\/td>\n<td style=\"width: 26.1749%; height: 23px; border-color: #d4d4d4; border-style: solid; text-align: center;\">Castell\u00e0 4t<\/td>\n<td style=\"width: 27.4804%; height: 23px; border-color: #d4d4d4; border-style: solid; text-align: center;\">FOPP \/ Matem\u00e0tiques<\/td>\n<td style=\"width: 26.5666%; height: 23px; border-color: #d4d4d4; border-style: solid; text-align: center;\">\u00a0<\/td>\n<\/tr>\n<\/tbody>\n<\/table>\n\n\n<p><\/p>\n","protected":false},"excerpt":{"rendered":"<p>El Departament d\u2019Educaci\u00f3 i Formaci\u00f3 Professional fa dues convocat\u00f2ries anuals de la prova lliure per obtenir el t\u00edtol de graduat en educaci\u00f3 secund\u00e0ria obligat\u00f2ria (GESO) per a majors de 18 anys sense haver de cursar aquests estudis en un centre. En aquest apartat hi trobareu tota la informaci\u00f3 necess\u00e0ria per a l&#8217;organitzaci\u00f3 d&#8217;aquestes proves. Alumnes [&hellip;]<\/p>\n","protected":false},"author":1,"featured_media":0,"parent":0,"menu_order":0,"comment_status":"closed","ping_status":"closed","template":"","meta":{"_bbp_topic_count":0,"_bbp_reply_count":0,"_bbp_total_topic_count":0,"_bbp_total_reply_count":0,"_bbp_voice_count":0,"_bbp_anonymous_reply_count":0,"_bbp_topic_count_hidden":0,"_bbp_reply_count_hidden":0,"_bbp_forum_subforum_count":0,"site-sidebar-layout":"default","site-content-layout":"","ast-site-content-layout":"default","site-content-style":"default","site-sidebar-style":"default","ast-global-header-display":"","ast-banner-title-visibility":"","ast-main-header-display":"","ast-hfb-above-header-display":"","ast-hfb-below-header-display":"","ast-hfb-mobile-header-display":"","site-post-title":"","ast-breadcrumbs-content":"","ast-featured-img":"","footer-sml-layout":"","theme-transparent-header-meta":"","adv-header-id-meta":"","stick-header-meta":"","header-above-stick-meta":"","header-main-stick-meta":"","header-below-stick-meta":"","astra-migrate-meta-layouts":"set","ast-page-background-enabled":"default","ast-page-background-meta":{"desktop":{"background-color":"var(--ast-global-color-4)","background-image":"","background-repeat":"repeat","background-position":"center center","background-size":"auto","background-attachment":"scroll","background-type":"","background-media":"","overlay-type":"","overlay-color":"","overlay-opacity":"","overlay-gradient":""},"tablet":{"background-color":"","background-image":"","background-repeat":"repeat","background-position":"center center","background-size":"auto","background-attachment":"scroll","background-type":"","background-media":"","overlay-type":"","overlay-color":"","overlay-opacity":"","overlay-gradient":""},"mobile":{"background-color":"","background-image":"","background-repeat":"repeat","background-position":"center center","background-size":"auto","background-attachment":"scroll","background-type":"","background-media":"","overlay-type":"","overlay-color":"","overlay-opacity":"","overlay-gradient":""}},"ast-content-background-meta":{"desktop":{"background-color":"var(--ast-global-color-5)","background-image":"","background-repeat":"repeat","background-position":"center center","background-size":"auto","background-attachment":"scroll","background-type":"","background-media":"","overlay-type":"","overlay-color":"","overlay-opacity":"","overlay-gradient":""},"tablet":{"background-color":"var(--ast-global-color-5)","background-image":"","background-repeat":"repeat","background-position":"center center","background-size":"auto","background-attachment":"scroll","background-type":"","background-media":"","overlay-type":"","overlay-color":"","overlay-opacity":"","overlay-gradient":""},"mobile":{"background-color":"var(--ast-global-color-5)","background-image":"","background-repeat":"repeat","background-position":"center center","background-size":"auto","background-attachment":"scroll","background-type":"","background-media":"","overlay-type":"","overlay-color":"","overlay-opacity":"","overlay-gradient":""}},"footnotes":""},"class_list":["post-12061","page","type-page","status-publish","hentry"],"post_mailing_queue_ids":[],"_links":{"self":[{"href":"https:\/\/agora.xtec.cat\/iesjtapiro\/wp-json\/wp\/v2\/pages\/12061","targetHints":{"allow":["GET"]}}],"collection":[{"href":"https:\/\/agora.xtec.cat\/iesjtapiro\/wp-json\/wp\/v2\/pages"}],"about":[{"href":"https:\/\/agora.xtec.cat\/iesjtapiro\/wp-json\/wp\/v2\/types\/page"}],"author":[{"embeddable":true,"href":"https:\/\/agora.xtec.cat\/iesjtapiro\/wp-json\/wp\/v2\/users\/1"}],"replies":[{"embeddable":true,"href":"https:\/\/agora.xtec.cat\/iesjtapiro\/wp-json\/wp\/v2\/comments?post=12061"}],"version-history":[{"count":6,"href":"https:\/\/agora.xtec.cat\/iesjtapiro\/wp-json\/wp\/v2\/pages\/12061\/revisions"}],"predecessor-version":[{"id":16441,"href":"https:\/\/agora.xtec.cat\/iesjtapiro\/wp-json\/wp\/v2\/pages\/12061\/revisions\/16441"}],"wp:attachment":[{"href":"https:\/\/agora.xtec.cat\/iesjtapiro\/wp-json\/wp\/v2\/media?parent=12061"}],"curies":[{"name":"wp","href":"https:\/\/api.w.org\/{rel}","templated":true}]}}