{"id":861,"date":"2025-01-17T13:05:50","date_gmt":"2025-01-17T12:05:50","guid":{"rendered":"https:\/\/agora.xtec.cat\/iesjplafarreras\/?page_id=861"},"modified":"2025-01-17T13:10:51","modified_gmt":"2025-01-17T12:10:51","slug":"aula-oberta","status":"publish","type":"page","link":"https:\/\/agora.xtec.cat\/iesjplafarreras\/projecte-educatiu\/aula-oberta\/","title":{"rendered":"Aula oberta"},"content":{"rendered":"<p><span style=\"font-weight: 400;\">El programa de diversificaci\u00f3 curricular en format aula oberta de l\u2019institut Joaquima Pla i Farreras \u00e9s un programa educatiu que t\u00e9 com a objectiu <\/span><span style=\"font-weight: 400;\">acompanyar als alumnes i augmentar la seva motivaci\u00f3 i el seu creixement personal.<\/span><\/p>\n<p><a href=\"https:\/\/agora.xtec.cat\/iesjplafarreras\/wp-content\/uploads\/usu2960\/2025\/01\/kantina.jpg\"><img loading=\"lazy\" decoding=\"async\" class=\"alignnone wp-image-862\" src=\"https:\/\/agora.xtec.cat\/iesjplafarreras\/wp-content\/uploads\/usu2960\/2025\/01\/kantina.jpg\" alt=\"\" width=\"767\" height=\"405\" srcset=\"https:\/\/agora.xtec.cat\/iesjplafarreras\/wp-content\/uploads\/usu2960\/2025\/01\/kantina.jpg 875w, https:\/\/agora.xtec.cat\/iesjplafarreras\/wp-content\/uploads\/usu2960\/2025\/01\/kantina-300x158.jpg 300w, https:\/\/agora.xtec.cat\/iesjplafarreras\/wp-content\/uploads\/usu2960\/2025\/01\/kantina-768x406.jpg 768w\" sizes=\"auto, (max-width: 767px) 100vw, 767px\" \/><\/a><\/p>\n<p><strong>Objectius:<\/strong><\/p>\n<ul>\n<li style=\"font-weight: 400;\" aria-level=\"1\"><span style=\"font-weight: 400;\">Desenvolupar les <\/span><b>compet\u00e8ncies b\u00e0siques<\/b><span style=\"font-weight: 400;\">:\u00a0<\/span><\/li>\n<\/ul>\n<p><span style=\"font-weight: 400;\">\u00a0 \u00a0 \u00a0&#8211; Comprensi\u00f3 i expressi\u00f3 orals i escrites\u00a0<\/span><\/p>\n<p><span style=\"font-weight: 400;\">\u00a0 \u00a0 \u00a0&#8211; Coneixements essencials de l\u2019\u00e0mbit social\u00a0<\/span><\/p>\n<p><span style=\"font-weight: 400;\">\u00a0 \u00a0 \u00a0&#8211; Autonomia en el treball escolar<\/span><\/p>\n<ul>\n<li style=\"font-weight: 400;\" aria-level=\"1\"><span style=\"font-weight: 400;\">Establir <\/span><b>relacions personals positives<\/b><span style=\"font-weight: 400;\">, amb l\u2019objectiu d\u2019incrementar:\u00a0<\/span><\/li>\n<\/ul>\n<p><span style=\"font-weight: 400;\">\u00a0 \u00a0 \u00a0&#8211; El nivell d\u2019autoestima\u00a0<\/span><\/p>\n<p><span style=\"font-weight: 400;\">\u00a0 \u00a0 \u00a0&#8211; La motivaci\u00f3 pels aprenentatges\u00a0<\/span><\/p>\n<p><span style=\"font-weight: 400;\">\u00a0 \u00a0 \u00a0&#8211; Les expectatives de futur<\/span><\/p>\n<ul>\n<li style=\"font-weight: 400;\" aria-level=\"1\"><span style=\"font-weight: 400;\">Ajudar els alumnes a sentir <\/span><b>el centre com un espai propi i acollidor<\/b><span style=\"font-weight: 400;\">, on poden fer aportacions i demostrar les pr\u00f2pies habilitats de maneres diverses.<\/span><\/li>\n<li style=\"font-weight: 400;\" aria-level=\"1\">Desenvolupar <b style=\"font-family: inherit; font-size: 1em;\">habilitats per a la inserci\u00f3 escolar,\u00a0 social i laboral<\/b><span style=\"font-weight: 400;\">.<\/span><\/li>\n<\/ul>\n","protected":false},"excerpt":{"rendered":"<p>El programa de diversificaci\u00f3 curricular en format aula oberta de l\u2019institut Joaquima Pla i Farreras \u00e9s un programa educatiu que t\u00e9 com a objectiu acompanyar als alumnes i augmentar la seva motivaci\u00f3 i el seu creixement personal.<br \/>\n<a href=\"https:\/\/agora.xtec.cat\/iesjplafarreras\/wp-content\/uploads\/usu2960\/2025\/01\/kantina.jpg\"><\/a><br \/>\nObjectius:<\/p>\n<ul>\n<li style=\"font-weight: 400;\" aria-level=\"1\">Desenvolupar les compet\u00e8ncies b\u00e0siques:\u00a0<\/li>\n<\/ul>\n<p>\u00a0 \u00a0&hellip;  <a href=\"https:\/\/agora.xtec.cat\/iesjplafarreras\/projecte-educatiu\/aula-oberta\/\" title=\"Read Aula oberta\">Llegeix m\u00e9s\u00bb<\/a><\/p>\n","protected":false},"author":1,"featured_media":0,"parent":57,"menu_order":1,"comment_status":"closed","ping_status":"closed","template":"","meta":{"_bbp_topic_count":0,"_bbp_reply_count":0,"_bbp_total_topic_count":0,"_bbp_total_reply_count":0,"_bbp_voice_count":0,"_bbp_anonymous_reply_count":0,"_bbp_topic_count_hidden":0,"_bbp_reply_count_hidden":0,"_bbp_forum_subforum_count":0,"footnotes":""},"class_list":["post-861","page","type-page","status-publish","hentry"],"post_mailing_queue_ids":[],"_links":{"self":[{"href":"https:\/\/agora.xtec.cat\/iesjplafarreras\/wp-json\/wp\/v2\/pages\/861","targetHints":{"allow":["GET"]}}],"collection":[{"href":"https:\/\/agora.xtec.cat\/iesjplafarreras\/wp-json\/wp\/v2\/pages"}],"about":[{"href":"https:\/\/agora.xtec.cat\/iesjplafarreras\/wp-json\/wp\/v2\/types\/page"}],"author":[{"embeddable":true,"href":"https:\/\/agora.xtec.cat\/iesjplafarreras\/wp-json\/wp\/v2\/users\/1"}],"replies":[{"embeddable":true,"href":"https:\/\/agora.xtec.cat\/iesjplafarreras\/wp-json\/wp\/v2\/comments?post=861"}],"version-history":[{"count":1,"href":"https:\/\/agora.xtec.cat\/iesjplafarreras\/wp-json\/wp\/v2\/pages\/861\/revisions"}],"predecessor-version":[{"id":863,"href":"https:\/\/agora.xtec.cat\/iesjplafarreras\/wp-json\/wp\/v2\/pages\/861\/revisions\/863"}],"up":[{"embeddable":true,"href":"https:\/\/agora.xtec.cat\/iesjplafarreras\/wp-json\/wp\/v2\/pages\/57"}],"wp:attachment":[{"href":"https:\/\/agora.xtec.cat\/iesjplafarreras\/wp-json\/wp\/v2\/media?parent=861"}],"curies":[{"name":"wp","href":"https:\/\/api.w.org\/{rel}","templated":true}]}}

<p><span style="font-weight: 400;">El programa de diversificació curricular en format aula oberta de l’institut Joaquima Pla i Farreras és un programa educatiu que té com a objectiu </span><span style="font-weight: 400;">acompanyar als alumnes i augmentar la seva motivació i el seu creixement personal.</span></p>
<p><a href="https://agora.xtec.cat/iesjplafarreras/wp-content/uploads/usu2960/2025/01/kantina.jpg"><img loading="lazy" decoding="async" class="alignnone wp-image-862" src="https://agora.xtec.cat/iesjplafarreras/wp-content/uploads/usu2960/2025/01/kantina.jpg" alt="" width="767" height="405" srcset="https://agora.xtec.cat/iesjplafarreras/wp-content/uploads/usu2960/2025/01/kantina.jpg 875w, https://agora.xtec.cat/iesjplafarreras/wp-content/uploads/usu2960/2025/01/kantina-300x158.jpg 300w, https://agora.xtec.cat/iesjplafarreras/wp-content/uploads/usu2960/2025/01/kantina-768x406.jpg 768w" sizes="auto, (max-width: 767px) 100vw, 767px" /></a></p>
<p><strong>Objectius:</strong></p>
<ul>
<li style="font-weight: 400;" aria-level="1"><span style="font-weight: 400;">Desenvolupar les </span><b>competències bàsiques</b><span style="font-weight: 400;">: </span></li>
</ul>
<p><span style="font-weight: 400;">     &#8211; Comprensió i expressió orals i escrites </span></p>
<p><span style="font-weight: 400;">     &#8211; Coneixements essencials de l’àmbit social </span></p>
<p><span style="font-weight: 400;">     &#8211; Autonomia en el treball escolar</span></p>
<ul>
<li style="font-weight: 400;" aria-level="1"><span style="font-weight: 400;">Establir </span><b>relacions personals positives</b><span style="font-weight: 400;">, amb l’objectiu d’incrementar: </span></li>
</ul>
<p><span style="font-weight: 400;">     &#8211; El nivell d’autoestima </span></p>
<p><span style="font-weight: 400;">     &#8211; La motivació pels aprenentatges </span></p>
<p><span style="font-weight: 400;">     &#8211; Les expectatives de futur</span></p>
<ul>
<li style="font-weight: 400;" aria-level="1"><span style="font-weight: 400;">Ajudar els alumnes a sentir </span><b>el centre com un espai propi i acollidor</b><span style="font-weight: 400;">, on poden fer aportacions i demostrar les pròpies habilitats de maneres diverses.</span></li>
<li style="font-weight: 400;" aria-level="1">Desenvolupar <b style="font-family: inherit; font-size: 1em;">habilitats per a la inserció escolar,  social i laboral</b><span style="font-weight: 400;">.</span></li>
</ul>

<p>El programa de diversificació curricular en format aula oberta de l’institut Joaquima Pla i Farreras és un programa educatiu que té com a objectiu acompanyar als alumnes i augmentar la seva motivació i el seu creixement personal.<br />
<a href="https://agora.xtec.cat/iesjplafarreras/wp-content/uploads/usu2960/2025/01/kantina.jpg"></a><br />
Objectius:</p>
<ul>
<li style="font-weight: 400;" aria-level="1">Desenvolupar les competències bàsiques: </li>
</ul>
<p>   &hellip;  <a href="https://agora.xtec.cat/iesjplafarreras/projecte-educatiu/aula-oberta/" title="Read Aula oberta">Llegeix més»</a></p>
