{"id":69,"date":"2014-09-18T10:15:07","date_gmt":"2014-09-18T09:15:07","guid":{"rendered":"http:\/\/agora.xtec.cat\/iesjplafarreras\/?page_id=69"},"modified":"2025-01-10T12:29:24","modified_gmt":"2025-01-10T11:29:24","slug":"menjador-escolar","status":"publish","type":"page","link":"https:\/\/agora.xtec.cat\/iesjplafarreras\/serveis\/menjador-escolar\/","title":{"rendered":"Menjador escolar"},"content":{"rendered":"<p>El menjador est\u00e0 gestionat per l&#8217;empresa <a href=\"https:\/\/paidos.fundesplai.org\/escoles\/institut-pla-i-farreras\/\" target=\"_blank\" rel=\"noopener\">PAIDOS.<\/a> Al seu web trobareu la informaci\u00f3 detallada aix\u00ed com els men\u00fas de cada mes.<\/p>\n<p><a href=\"https:\/\/paidos.fundesplai.org\/escoles\/institut-pla-i-farreras\/\" target=\"_blank\" rel=\"noopener\"><img loading=\"lazy\" decoding=\"async\" class=\"aligncenter size-full wp-image-825\" src=\"https:\/\/agora.xtec.cat\/iesjplafarreras\/wp-content\/uploads\/usu2960\/2025\/01\/Paidos.png\" alt=\"\" width=\"1012\" height=\"448\" srcset=\"https:\/\/agora.xtec.cat\/iesjplafarreras\/wp-content\/uploads\/usu2960\/2025\/01\/Paidos.png 1012w, https:\/\/agora.xtec.cat\/iesjplafarreras\/wp-content\/uploads\/usu2960\/2025\/01\/Paidos-300x133.png 300w, https:\/\/agora.xtec.cat\/iesjplafarreras\/wp-content\/uploads\/usu2960\/2025\/01\/Paidos-768x340.png 768w\" sizes=\"auto, (max-width: 1012px) 100vw, 1012px\" \/><\/a><\/p>\n<p>&nbsp;<\/p>\n","protected":false},"excerpt":{"rendered":"<p>El menjador est\u00e0 gestionat per l&#8217;empresa <a href=\"https:\/\/paidos.fundesplai.org\/escoles\/institut-pla-i-farreras\/\" target=\"_blank\" rel=\"noopener\">PAIDOS.<\/a> Al seu web trobareu la informaci\u00f3 detallada aix\u00ed com els men\u00fas de cada mes.<br \/>\n<a href=\"https:\/\/paidos.fundesplai.org\/escoles\/institut-pla-i-farreras\/\" target=\"_blank\" rel=\"noopener\"><\/a><br \/>\n&nbsp;<\/p>\n","protected":false},"author":1,"featured_media":0,"parent":63,"menu_order":1,"comment_status":"closed","ping_status":"closed","template":"page-templates\/side-menu.php","meta":{"_bbp_topic_count":0,"_bbp_reply_count":0,"_bbp_total_topic_count":0,"_bbp_total_reply_count":0,"_bbp_voice_count":0,"_bbp_anonymous_reply_count":0,"_bbp_topic_count_hidden":0,"_bbp_reply_count_hidden":0,"_bbp_forum_subforum_count":0,"footnotes":""},"class_list":["post-69","page","type-page","status-publish","hentry"],"post_mailing_queue_ids":[],"_links":{"self":[{"href":"https:\/\/agora.xtec.cat\/iesjplafarreras\/wp-json\/wp\/v2\/pages\/69","targetHints":{"allow":["GET"]}}],"collection":[{"href":"https:\/\/agora.xtec.cat\/iesjplafarreras\/wp-json\/wp\/v2\/pages"}],"about":[{"href":"https:\/\/agora.xtec.cat\/iesjplafarreras\/wp-json\/wp\/v2\/types\/page"}],"author":[{"embeddable":true,"href":"https:\/\/agora.xtec.cat\/iesjplafarreras\/wp-json\/wp\/v2\/users\/1"}],"replies":[{"embeddable":true,"href":"https:\/\/agora.xtec.cat\/iesjplafarreras\/wp-json\/wp\/v2\/comments?post=69"}],"version-history":[{"count":4,"href":"https:\/\/agora.xtec.cat\/iesjplafarreras\/wp-json\/wp\/v2\/pages\/69\/revisions"}],"predecessor-version":[{"id":852,"href":"https:\/\/agora.xtec.cat\/iesjplafarreras\/wp-json\/wp\/v2\/pages\/69\/revisions\/852"}],"up":[{"embeddable":true,"href":"https:\/\/agora.xtec.cat\/iesjplafarreras\/wp-json\/wp\/v2\/pages\/63"}],"wp:attachment":[{"href":"https:\/\/agora.xtec.cat\/iesjplafarreras\/wp-json\/wp\/v2\/media?parent=69"}],"curies":[{"name":"wp","href":"https:\/\/api.w.org\/{rel}","templated":true}]}}

<p>El menjador està gestionat per l&#8217;empresa <a href="https://paidos.fundesplai.org/escoles/institut-pla-i-farreras/" target="_blank" rel="noopener">PAIDOS.</a> Al seu web trobareu la informació detallada així com els menús de cada mes.</p>
<p><a href="https://paidos.fundesplai.org/escoles/institut-pla-i-farreras/" target="_blank" rel="noopener"><img loading="lazy" decoding="async" class="aligncenter size-full wp-image-825" src="https://agora.xtec.cat/iesjplafarreras/wp-content/uploads/usu2960/2025/01/Paidos.png" alt="" width="1012" height="448" srcset="https://agora.xtec.cat/iesjplafarreras/wp-content/uploads/usu2960/2025/01/Paidos.png 1012w, https://agora.xtec.cat/iesjplafarreras/wp-content/uploads/usu2960/2025/01/Paidos-300x133.png 300w, https://agora.xtec.cat/iesjplafarreras/wp-content/uploads/usu2960/2025/01/Paidos-768x340.png 768w" sizes="auto, (max-width: 1012px) 100vw, 1012px" /></a></p>
<p>&nbsp;</p>

<p>El menjador està gestionat per l&#8217;empresa <a href="https://paidos.fundesplai.org/escoles/institut-pla-i-farreras/" target="_blank" rel="noopener">PAIDOS.</a> Al seu web trobareu la informació detallada així com els menús de cada mes.<br />
<a href="https://paidos.fundesplai.org/escoles/institut-pla-i-farreras/" target="_blank" rel="noopener"></a><br />
&nbsp;</p>
