{"id":683,"date":"2024-12-18T15:57:08","date_gmt":"2024-12-18T14:57:08","guid":{"rendered":"https:\/\/agora.xtec.cat\/iesjplafarreras\/?page_id=683"},"modified":"2025-01-17T13:00:59","modified_gmt":"2025-01-17T12:00:59","slug":"estrategia-digital-de-centre","status":"publish","type":"page","link":"https:\/\/agora.xtec.cat\/iesjplafarreras\/projecte-educatiu\/estrategia-digital-de-centre\/","title":{"rendered":"Estrat\u00e8gia digital de centre"},"content":{"rendered":"<p>L\u2019objectiu \u00faltim \u00e9s posar les tecnologies al servei d\u2019una millora en els processos d\u2019ensenyament-aprenentatge, d\u2019avaluaci\u00f3 i d\u2019organitzaci\u00f3, que de forma quotidiana es desenvolupen a l\u2019entorn, al centre i a l\u2019aula (veure <a class=\"customize-unpreviewable\" href=\"https:\/\/agora.xtec.cat\/iesjplafarreras\/docs\/estrategia-digital-de-centre\/?bp-attachment=Document-EDC-Joaquima-Pla-i-Farreras.pdf\" target=\"_blank\" rel=\"noopener\">document<\/a>)<\/p>\n<p>Aquesta finalitat es defineix i es desplega en l\u2019estrat\u00e8gia digital de centre que t\u00e9 com a l\u00ednies d\u2019actuaci\u00f3 priorit\u00e0ries:<\/p>\n<ul>\n<li>Utilitzaci\u00f3 de Chromebooks a tots els nivells del centre<\/li>\n<li>\u00das de recursos digitals (materials, webs, llibres,\u2026) i plataformes (Moodle i Classroom) de suport a l\u2019aprenentatge<\/li>\n<li>Vetllar per l\u2019assoliment de les compet\u00e8ncies digitals dels alumnes<\/li>\n<li>\u00das de la Plataforma digital com a eina de comunicaci\u00f3 i gesti\u00f3<\/li>\n<li>Seguiment dels diferents recursos inform\u00e0tics del centre<\/li>\n<\/ul>\n","protected":false},"excerpt":{"rendered":"<p>L\u2019objectiu \u00faltim \u00e9s posar les tecnologies al servei d\u2019una millora en els processos d\u2019ensenyament-aprenentatge, d\u2019avaluaci\u00f3 i d\u2019organitzaci\u00f3, que de forma quotidiana es desenvolupen a l\u2019entorn, al centre i a l\u2019aula (veure <a class=\"customize-unpreviewable\" href=\"https:\/\/agora.xtec.cat\/iesjplafarreras\/docs\/estrategia-digital-de-centre\/?bp-attachment=Document-EDC-Joaquima-Pla-i-Farreras.pdf\" target=\"_blank\" rel=\"noopener\">document<\/a>)<br \/>\nAquesta finalitat es defineix i es desplega en l\u2019estrat\u00e8gia digital&hellip;  <a href=\"https:\/\/agora.xtec.cat\/iesjplafarreras\/projecte-educatiu\/estrategia-digital-de-centre\/\" title=\"Read Estrat\u00e8gia digital de centre\">Llegeix m\u00e9s\u00bb<\/a><\/p>\n","protected":false},"author":1,"featured_media":0,"parent":57,"menu_order":2,"comment_status":"closed","ping_status":"closed","template":"","meta":{"_bbp_topic_count":0,"_bbp_reply_count":0,"_bbp_total_topic_count":0,"_bbp_total_reply_count":0,"_bbp_voice_count":0,"_bbp_anonymous_reply_count":0,"_bbp_topic_count_hidden":0,"_bbp_reply_count_hidden":0,"_bbp_forum_subforum_count":0,"footnotes":""},"class_list":["post-683","page","type-page","status-publish","hentry"],"post_mailing_queue_ids":[],"_links":{"self":[{"href":"https:\/\/agora.xtec.cat\/iesjplafarreras\/wp-json\/wp\/v2\/pages\/683","targetHints":{"allow":["GET"]}}],"collection":[{"href":"https:\/\/agora.xtec.cat\/iesjplafarreras\/wp-json\/wp\/v2\/pages"}],"about":[{"href":"https:\/\/agora.xtec.cat\/iesjplafarreras\/wp-json\/wp\/v2\/types\/page"}],"author":[{"embeddable":true,"href":"https:\/\/agora.xtec.cat\/iesjplafarreras\/wp-json\/wp\/v2\/users\/1"}],"replies":[{"embeddable":true,"href":"https:\/\/agora.xtec.cat\/iesjplafarreras\/wp-json\/wp\/v2\/comments?post=683"}],"version-history":[{"count":2,"href":"https:\/\/agora.xtec.cat\/iesjplafarreras\/wp-json\/wp\/v2\/pages\/683\/revisions"}],"predecessor-version":[{"id":744,"href":"https:\/\/agora.xtec.cat\/iesjplafarreras\/wp-json\/wp\/v2\/pages\/683\/revisions\/744"}],"up":[{"embeddable":true,"href":"https:\/\/agora.xtec.cat\/iesjplafarreras\/wp-json\/wp\/v2\/pages\/57"}],"wp:attachment":[{"href":"https:\/\/agora.xtec.cat\/iesjplafarreras\/wp-json\/wp\/v2\/media?parent=683"}],"curies":[{"name":"wp","href":"https:\/\/api.w.org\/{rel}","templated":true}]}}

Estratègia digital de centre

<p>L’objectiu últim és posar les tecnologies al servei d’una millora en els processos d’ensenyament-aprenentatge, d’avaluació i d’organització, que de forma quotidiana es desenvolupen a l’entorn, al centre i a l’aula (veure <a class="customize-unpreviewable" href="https://agora.xtec.cat/iesjplafarreras/docs/estrategia-digital-de-centre/?bp-attachment=Document-EDC-Joaquima-Pla-i-Farreras.pdf" target="_blank" rel="noopener">document</a>)</p>
<p>Aquesta finalitat es defineix i es desplega en l’estratègia digital de centre que té com a línies d’actuació prioritàries:</p>
<ul>
<li>Utilització de Chromebooks a tots els nivells del centre</li>
<li>Ús de recursos digitals (materials, webs, llibres,…) i plataformes (Moodle i Classroom) de suport a l’aprenentatge</li>
<li>Vetllar per l’assoliment de les competències digitals dels alumnes</li>
<li>Ús de la Plataforma digital com a eina de comunicació i gestió</li>
<li>Seguiment dels diferents recursos informàtics del centre</li>
</ul>

<p>L’objectiu últim és posar les tecnologies al servei d’una millora en els processos d’ensenyament-aprenentatge, d’avaluació i d’organització, que de forma quotidiana es desenvolupen a l’entorn, al centre i a l’aula (veure <a class="customize-unpreviewable" href="https://agora.xtec.cat/iesjplafarreras/docs/estrategia-digital-de-centre/?bp-attachment=Document-EDC-Joaquima-Pla-i-Farreras.pdf" target="_blank" rel="noopener">document</a>)<br />
Aquesta finalitat es defineix i es desplega en l’estratègia digital&hellip;  <a href="https://agora.xtec.cat/iesjplafarreras/projecte-educatiu/estrategia-digital-de-centre/" title="Read Estratègia digital de centre">Llegeix més»</a></p>
