{"id":55,"date":"2014-09-17T16:59:49","date_gmt":"2014-09-17T16:59:49","guid":{"rendered":"http:\/\/agora.xtec.cat\/iesjplafarreras\/?page_id=55"},"modified":"2024-12-04T10:37:56","modified_gmt":"2024-12-04T09:37:56","slug":"horaris","status":"publish","type":"page","link":"https:\/\/agora.xtec.cat\/iesjplafarreras\/linstitut\/horaris\/","title":{"rendered":"Horaris"},"content":{"rendered":"<p>L&#8217;horari normal de classes \u00e9s de 8 h\u00a0 a 14:30 h.<\/p>\n<p>L&#8217;entrada al centre es regula de la manera seg\u00fcent:<\/p>\n<p style=\"padding-left: 40px;\">\n1. Al mat\u00ed s&#8217;obre la porta del pati per permetre l&#8217;entrada a l\u2019alumnat 15 minuts abans de l\u2019inici de les classes.<br \/>\n2. L\u2019alumnat que arriba tard ha d\u2019esperar a les 8:15 h, moment en qu\u00e8 es tornar\u00e0 a obrir la porta i podr\u00e0 anar a classe, quedant anotat el seu retard en el full de registre.<br \/>\n3. Durant el temps de migdia l\u2019alumnat d\u2019ESO que utilitzi el servei de menjador escolar haur\u00e0 de romandre al centre.<\/p>\n","protected":false},"excerpt":{"rendered":"<p>L&#8217;horari normal de classes \u00e9s de 8 h\u00a0 a 14:30 h.<br \/>\nL&#8217;entrada al centre es regula de la manera seg\u00fcent:<\/p>\n<p>1. Al mat\u00ed s&#8217;obre la porta del pati per permetre l&#8217;entrada a l\u2019alumnat 15 minuts abans de l\u2019inici de les classes.<br \/>\n2. L\u2019alumnat que arriba tard ha d\u2019esperar&hellip;  <a href=\"https:\/\/agora.xtec.cat\/iesjplafarreras\/linstitut\/horaris\/\" title=\"Read Horaris\">Llegeix m\u00e9s\u00bb<\/a><\/p>\n","protected":false},"author":1,"featured_media":0,"parent":19,"menu_order":80,"comment_status":"closed","ping_status":"closed","template":"page-templates\/side-menu.php","meta":{"_bbp_topic_count":0,"_bbp_reply_count":0,"_bbp_total_topic_count":0,"_bbp_total_reply_count":0,"_bbp_voice_count":0,"_bbp_anonymous_reply_count":0,"_bbp_topic_count_hidden":0,"_bbp_reply_count_hidden":0,"_bbp_forum_subforum_count":0,"footnotes":""},"class_list":["post-55","page","type-page","status-publish","hentry"],"post_mailing_queue_ids":[],"_links":{"self":[{"href":"https:\/\/agora.xtec.cat\/iesjplafarreras\/wp-json\/wp\/v2\/pages\/55","targetHints":{"allow":["GET"]}}],"collection":[{"href":"https:\/\/agora.xtec.cat\/iesjplafarreras\/wp-json\/wp\/v2\/pages"}],"about":[{"href":"https:\/\/agora.xtec.cat\/iesjplafarreras\/wp-json\/wp\/v2\/types\/page"}],"author":[{"embeddable":true,"href":"https:\/\/agora.xtec.cat\/iesjplafarreras\/wp-json\/wp\/v2\/users\/1"}],"replies":[{"embeddable":true,"href":"https:\/\/agora.xtec.cat\/iesjplafarreras\/wp-json\/wp\/v2\/comments?post=55"}],"version-history":[{"count":2,"href":"https:\/\/agora.xtec.cat\/iesjplafarreras\/wp-json\/wp\/v2\/pages\/55\/revisions"}],"predecessor-version":[{"id":666,"href":"https:\/\/agora.xtec.cat\/iesjplafarreras\/wp-json\/wp\/v2\/pages\/55\/revisions\/666"}],"up":[{"embeddable":true,"href":"https:\/\/agora.xtec.cat\/iesjplafarreras\/wp-json\/wp\/v2\/pages\/19"}],"wp:attachment":[{"href":"https:\/\/agora.xtec.cat\/iesjplafarreras\/wp-json\/wp\/v2\/media?parent=55"}],"curies":[{"name":"wp","href":"https:\/\/api.w.org\/{rel}","templated":true}]}}

<p>L&#8217;horari normal de classes és de 8 h  a 14:30 h.</p>
<p>L&#8217;entrada al centre es regula de la manera següent:</p>
<p style="padding-left: 40px;">
1. Al matí s&#8217;obre la porta del pati per permetre l&#8217;entrada a l’alumnat 15 minuts abans de l’inici de les classes.<br />
2. L’alumnat que arriba tard ha d’esperar a les 8:15 h, moment en què es tornarà a obrir la porta i podrà anar a classe, quedant anotat el seu retard en el full de registre.<br />
3. Durant el temps de migdia l’alumnat d’ESO que utilitzi el servei de menjador escolar haurà de romandre al centre.</p>

<p>L&#8217;horari normal de classes és de 8 h  a 14:30 h.<br />
L&#8217;entrada al centre es regula de la manera següent:</p>
<p>1. Al matí s&#8217;obre la porta del pati per permetre l&#8217;entrada a l’alumnat 15 minuts abans de l’inici de les classes.<br />
2. L’alumnat que arriba tard ha d’esperar&hellip;  <a href="https://agora.xtec.cat/iesjplafarreras/linstitut/horaris/" title="Read Horaris">Llegeix més»</a></p>
