{"id":49,"date":"2014-09-17T16:55:55","date_gmt":"2014-09-17T16:55:55","guid":{"rendered":"http:\/\/agora.xtec.cat\/iesjplafarreras\/?page_id=49"},"modified":"2026-03-10T23:32:25","modified_gmt":"2026-03-10T22:32:25","slug":"normes-dorganitzacio-i-funcionament","status":"publish","type":"page","link":"https:\/\/agora.xtec.cat\/iesjplafarreras\/linstitut\/normes-dorganitzacio-i-funcionament\/","title":{"rendered":"Conviv\u00e8ncia"},"content":{"rendered":"<div>\n<h3 id=\"convivencia\" class=\"pagename\">NORMES D&#8217;ORGANITZACI\u00d3 I FUNCIONAMENT DEL CENTRE (NOFC)<\/h3>\n<\/div>\n<div id=\"red_box_container\">\n<div id=\"red_box_container-deco01\">\n<div id=\"red-box01\" class=\"red_box_frame big-red-box \">\n<div class=\"red_box_frame-deco01\">\n<div class=\"red_box_frame-deco02\">\n<div class=\"red_box_frame-deco03\">\n<div class=\"red-box-inner\">\n<div id=\"pr_602591\" class=\"red_box\">\n<div class=\"red-box-content\">\n<div>\n<p>&nbsp;<\/p>\n<p>En aquest apartat us mostrem un breu resum de les NOFC de l&#8217;Institut. Podeu consultar el document complet en l\u2019enlla\u00e7 que es troba al final d&#8217;aquest bloc. Tamb\u00e9 trobareu\u00a0l\u2019enlla\u00e7 del document de funcionament de la Comissi\u00f3 de Conviv\u00e8ncia<\/p>\n<p><strong>ASSIST\u00c8NCIA<\/strong><\/p>\n<ul>\n<li aria-level=\"1\">L&#8217;assist\u00e8ncia a classe i a la resta d&#8217;activitats \u00e9s obligat\u00f2ria. Una activitat nom\u00e9s \u00e9s volunt\u00e0ria quan aix\u00ed s&#8217;especifiqui.<\/li>\n<li><span style=\"color: #339966;\">Les fam\u00edlies han de justificar les abs\u00e8ncies dels seus fills\/es mitjan\u00e7ant la Plataforma iEduca.<\/span><\/li>\n<li>En cas d\u2019acumulaci\u00f3 de faltes no justificades se seguir\u00e0 el funcionament establert dins del reglament de la Comissi\u00f3 de Conviv\u00e8ncia.<\/li>\n<li aria-level=\"1\">Pels\u00a0alumnes de Batxillerat, a m\u00e9s, per cada falta injustificada en una mat\u00e8ria es resten 0,25 punts de la nota trimestral final, a aplicar a partir de la 4a falta.<\/li>\n<\/ul>\n<p><strong>RETARDS I PUNTUALITAT<\/strong><\/p>\n<ul>\n<li aria-level=\"1\">Els alumnes podran entrar a l\u2019institut a les 07:45 h. A les 08:00 h es tanca la porta d\u2019acc\u00e9s a l\u2019institut (porta del parc)<\/li>\n<li aria-level=\"1\">Els alumnes que no arribin a temps s\u2019hauran d\u2019esperar fora (al parc)\u00a0 fins a les 08:15\u202fh.<\/li>\n<li aria-level=\"1\">A les 08:15 h, el professor de gu\u00e0rdia\u00a0obrir\u00e0 la porta a tots aquells alumnes que estiguin fora. Abans que els alumnes vagin a classe s&#8217;anota el seu nom en el full de registre de retards de 1a hora.<\/li>\n<li aria-level=\"1\">Aquest full passar\u00e0 a consergeria per poder fer la comprovaci\u00f3 i enviar una notificaci\u00f3 a les fam\u00edlies dels absents. Posteriorment, passar\u00e0 a Cap d\u2019estudis on es comptabilitzaran els retards d\u2019aquest tipus i seran sancionats oportunament.<\/li>\n<li aria-level=\"1\">A les 8:55 h, el conserge tornar\u00e0 a obrir les portes perqu\u00e8 entrin els alumnes que han quedat fora.<\/li>\n<li aria-level=\"1\">Nom\u00e9s es permetr\u00e0 l\u2019entrada fora dels terminis dels horaris establerts a aquells alumnes que portin una justificaci\u00f3 oficial del retard (ENTRARAN PER AVINGUDA RAGULL i hauran d\u2019ensenyar el justificant a consergeria). L\u2019alumne haur\u00e0 de dirigir-se a l\u2019aula que li toqui i mostrar tamb\u00e9 el justificant al professor.<\/li>\n<\/ul>\n<p><strong>COMPORTAMENT<\/strong><\/p>\n<ul>\n<li aria-level=\"1\">Les conductes contr\u00e0ries a les normes de conviv\u00e8ncia seran tractades per la Comissi\u00f3 de Conviv\u00e8ncia. Si la conducta es considera greument perjudicial, el Director pot ordenar la incoaci\u00f3 d&#8217;un expedient sense haver de passar per la Comissi\u00f3 de Conviv\u00e8ncia.<\/li>\n<li aria-level=\"1\">L&#8217;alumnat ha de tenir cura del material mobiliari i de l&#8217;espai que utilitza di\u00e0riament.<\/li>\n<li aria-level=\"1\"><span style=\"color: #000000;\">L&#8217;alumnat no pot utilitzar el tel\u00e8fon m\u00f2bil dins de les instal\u00b7lacions de l&#8217;Institut i en les sortides acad\u00e8miques, seguint la normativa d&#8217;\u00fas de dispositius m\u00f2bils recollida a les NOFC<\/span><\/li>\n<\/ul>\n<p>En cas de no compliment de les normes de comportament i conviv\u00e8ncia, es generar\u00e0 un full d&#8217;incid\u00e8ncia.<\/p>\n<p><span style=\"color: #3366ff;\"><a href=\"https:\/\/agora.xtec.cat\/iesjplafarreras\/wp-content\/uploads\/usu2960\/2026\/03\/NOFC-revisades-a-9-de-marc-de-2026.pdf\">Document de les NOFC<\/a><\/span><\/p>\n<\/div>\n<div><span style=\"color: #3366ff;\"><a style=\"color: #3366ff;\" href=\"https:\/\/agora.xtec.cat\/iesjplafarreras\/docs\/comissio-de-convivencia\/?bp-attachment=Funcionament-Comissio-de-Convivencia.pdf\" target=\"_blank\" rel=\"noopener\">Funcionament de la COMISSI\u00d3 DE CONVIV\u00c8NCIA<\/a><\/span><\/div>\n<\/div>\n<\/div>\n<\/div>\n<\/div>\n<\/div>\n<\/div>\n<\/div>\n<\/div>\n<\/div>\n<p><!----comment node----><!--a=1--><\/p>\n<p><!----comment node----><!--a=1--><\/p>\n<p><!----comment node----><!--a=1--><\/p>\n<p><!----comment node----><!--a=1--><\/p>\n<p><!----comment node----><!--a=1--><\/p>\n<p><!----comment node----><!--a=1--><\/p>\n","protected":false},"excerpt":{"rendered":"<p>NORMES D&#8217;ORGANITZACI\u00d3 I FUNCIONAMENT DEL CENTRE (NOFC)<\/p>\n<p>&nbsp;<br \/>\nEn aquest apartat us mostrem un breu resum de les NOFC de l&#8217;Institut. Podeu consultar el document complet en l\u2019enlla\u00e7 que es troba al final d&#8217;aquest bloc. Tamb\u00e9 trobareu\u00a0l\u2019enlla\u00e7 del document de funcionament de la Comissi\u00f3 de Conviv\u00e8ncia<br \/>\nASSIST\u00c8NCIA<\/p>\n<ul>\n<li aria-level=\"1\">L&#8217;assist\u00e8ncia&hellip;  <a href=\"https:\/\/agora.xtec.cat\/iesjplafarreras\/linstitut\/normes-dorganitzacio-i-funcionament\/\" title=\"Read Conviv\u00e8ncia\">Llegeix m\u00e9s\u00bb<\/a><br \/>\n","protected":false},"author":1,"featured_media":0,"parent":19,"menu_order":45,"comment_status":"closed","ping_status":"closed","template":"page-templates\/side-menu.php","meta":{"_bbp_topic_count":0,"_bbp_reply_count":0,"_bbp_total_topic_count":0,"_bbp_total_reply_count":0,"_bbp_voice_count":0,"_bbp_anonymous_reply_count":0,"_bbp_topic_count_hidden":0,"_bbp_reply_count_hidden":0,"_bbp_forum_subforum_count":0,"footnotes":""},"class_list":["post-49","page","type-page","status-publish","hentry"],"post_mailing_queue_ids":[],"_links":{"self":[{"href":"https:\/\/agora.xtec.cat\/iesjplafarreras\/wp-json\/wp\/v2\/pages\/49","targetHints":{"allow":["GET"]}}],"collection":[{"href":"https:\/\/agora.xtec.cat\/iesjplafarreras\/wp-json\/wp\/v2\/pages"}],"about":[{"href":"https:\/\/agora.xtec.cat\/iesjplafarreras\/wp-json\/wp\/v2\/types\/page"}],"author":[{"embeddable":true,"href":"https:\/\/agora.xtec.cat\/iesjplafarreras\/wp-json\/wp\/v2\/users\/1"}],"replies":[{"embeddable":true,"href":"https:\/\/agora.xtec.cat\/iesjplafarreras\/wp-json\/wp\/v2\/comments?post=49"}],"version-history":[{"count":6,"href":"https:\/\/agora.xtec.cat\/iesjplafarreras\/wp-json\/wp\/v2\/pages\/49\/revisions"}],"predecessor-version":[{"id":1134,"href":"https:\/\/agora.xtec.cat\/iesjplafarreras\/wp-json\/wp\/v2\/pages\/49\/revisions\/1134"}],"up":[{"embeddable":true,"href":"https:\/\/agora.xtec.cat\/iesjplafarreras\/wp-json\/wp\/v2\/pages\/19"}],"wp:attachment":[{"href":"https:\/\/agora.xtec.cat\/iesjplafarreras\/wp-json\/wp\/v2\/media?parent=49"}],"curies":[{"name":"wp","href":"https:\/\/api.w.org\/{rel}","templated":true}]}}

Convivència

<div>
<h3 id="convivencia" class="pagename">NORMES D&#8217;ORGANITZACIÓ I FUNCIONAMENT DEL CENTRE (NOFC)</h3>
</div>
<div id="red_box_container">
<div id="red_box_container-deco01">
<div id="red-box01" class="red_box_frame big-red-box ">
<div class="red_box_frame-deco01">
<div class="red_box_frame-deco02">
<div class="red_box_frame-deco03">
<div class="red-box-inner">
<div id="pr_602591" class="red_box">
<div class="red-box-content">
<div>
<p>&nbsp;</p>
<p>En aquest apartat us mostrem un breu resum de les NOFC de l&#8217;Institut. Podeu consultar el document complet en l’enllaç que es troba al final d&#8217;aquest bloc. També trobareu l’enllaç del document de funcionament de la Comissió de Convivència</p>
<p><strong>ASSISTÈNCIA</strong></p>
<ul>
<li aria-level="1">L&#8217;assistència a classe i a la resta d&#8217;activitats és obligatòria. Una activitat només és voluntària quan així s&#8217;especifiqui.</li>
<li><span style="color: #339966;">Les famílies han de justificar les absències dels seus fills/es mitjançant la Plataforma iEduca.</span></li>
<li>En cas d’acumulació de faltes no justificades se seguirà el funcionament establert dins del reglament de la Comissió de Convivència.</li>
<li aria-level="1">Pels alumnes de Batxillerat, a més, per cada falta injustificada en una matèria es resten 0,25 punts de la nota trimestral final, a aplicar a partir de la 4a falta.</li>
</ul>
<p><strong>RETARDS I PUNTUALITAT</strong></p>
<ul>
<li aria-level="1">Els alumnes podran entrar a l’institut a les 07:45 h. A les 08:00 h es tanca la porta d’accés a l’institut (porta del parc)</li>
<li aria-level="1">Els alumnes que no arribin a temps s’hauran d’esperar fora (al parc)  fins a les 08:15 h.</li>
<li aria-level="1">A les 08:15 h, el professor de guàrdia obrirà la porta a tots aquells alumnes que estiguin fora. Abans que els alumnes vagin a classe s&#8217;anota el seu nom en el full de registre de retards de 1a hora.</li>
<li aria-level="1">Aquest full passarà a consergeria per poder fer la comprovació i enviar una notificació a les famílies dels absents. Posteriorment, passarà a Cap d’estudis on es comptabilitzaran els retards d’aquest tipus i seran sancionats oportunament.</li>
<li aria-level="1">A les 8:55 h, el conserge tornarà a obrir les portes perquè entrin els alumnes que han quedat fora.</li>
<li aria-level="1">Només es permetrà l’entrada fora dels terminis dels horaris establerts a aquells alumnes que portin una justificació oficial del retard (ENTRARAN PER AVINGUDA RAGULL i hauran d’ensenyar el justificant a consergeria). L’alumne haurà de dirigir-se a l’aula que li toqui i mostrar també el justificant al professor.</li>
</ul>
<p><strong>COMPORTAMENT</strong></p>
<ul>
<li aria-level="1">Les conductes contràries a les normes de convivència seran tractades per la Comissió de Convivència. Si la conducta es considera greument perjudicial, el Director pot ordenar la incoació d&#8217;un expedient sense haver de passar per la Comissió de Convivència.</li>
<li aria-level="1">L&#8217;alumnat ha de tenir cura del material mobiliari i de l&#8217;espai que utilitza diàriament.</li>
<li aria-level="1"><span style="color: #000000;">L&#8217;alumnat no pot utilitzar el telèfon mòbil dins de les instal·lacions de l&#8217;Institut i en les sortides acadèmiques, seguint la normativa d&#8217;ús de dispositius mòbils recollida a les NOFC</span></li>
</ul>
<p>En cas de no compliment de les normes de comportament i convivència, es generarà un full d&#8217;incidència.</p>
<p><span style="color: #3366ff;"><a href="https://agora.xtec.cat/iesjplafarreras/wp-content/uploads/usu2960/2026/03/NOFC-revisades-a-9-de-marc-de-2026.pdf">Document de les NOFC</a></span></p>
</div>
<div><span style="color: #3366ff;"><a style="color: #3366ff;" href="https://agora.xtec.cat/iesjplafarreras/docs/comissio-de-convivencia/?bp-attachment=Funcionament-Comissio-de-Convivencia.pdf" target="_blank" rel="noopener">Funcionament de la COMISSIÓ DE CONVIVÈNCIA</a></span></div>
</div>
</div>
</div>
</div>
</div>
</div>
</div>
</div>
</div>
<p><!----comment node----><!--a=1--></p>
<p><!----comment node----><!--a=1--></p>
<p><!----comment node----><!--a=1--></p>
<p><!----comment node----><!--a=1--></p>
<p><!----comment node----><!--a=1--></p>
<p><!----comment node----><!--a=1--></p>

<p>NORMES D&#8217;ORGANITZACIÓ I FUNCIONAMENT DEL CENTRE (NOFC)</p>
<p>&nbsp;<br />
En aquest apartat us mostrem un breu resum de les NOFC de l&#8217;Institut. Podeu consultar el document complet en l’enllaç que es troba al final d&#8217;aquest bloc. També trobareu l’enllaç del document de funcionament de la Comissió de Convivència<br />
ASSISTÈNCIA</p>
<ul>
<li aria-level="1">L&#8217;assistència&hellip;  <a href="https://agora.xtec.cat/iesjplafarreras/linstitut/normes-dorganitzacio-i-funcionament/" title="Read Convivència">Llegeix més»</a><br />
