{"id":649,"date":"2016-12-30T13:56:52","date_gmt":"2016-12-30T12:56:52","guid":{"rendered":"http:\/\/agora.xtec.cat\/iesjpla\/?page_id=649"},"modified":"2023-03-13T12:30:57","modified_gmt":"2023-03-13T11:30:57","slug":"estudis-postobligatoris-amb-el-graduat-deso","status":"publish","type":"page","link":"https:\/\/agora.xtec.cat\/iesjpla\/estudis\/estudis-postobligatoris-amb-el-graduat-deso\/","title":{"rendered":"Estudis postobligatoris amb el graduat d&#8217;ESO"},"content":{"rendered":"<p><a href=\"http:\/\/agora.xtec.cat\/iesjpla\/wp-content\/uploads\/usu1249\/2016\/12\/itineraris-futur.jpg\"><img loading=\"lazy\" decoding=\"async\" class=\"aligncenter wp-image-615\" src=\"http:\/\/agora.xtec.cat\/iesjpla\/wp-content\/uploads\/usu1249\/2016\/12\/itineraris-futur.jpg\" alt=\"itineraris-futur\" width=\"676\" height=\"366\" srcset=\"https:\/\/agora.xtec.cat\/iesjpla\/wp-content\/uploads\/usu1249\/2016\/12\/itineraris-futur.jpg 1000w, https:\/\/agora.xtec.cat\/iesjpla\/wp-content\/uploads\/usu1249\/2016\/12\/itineraris-futur-300x163.jpg 300w, https:\/\/agora.xtec.cat\/iesjpla\/wp-content\/uploads\/usu1249\/2016\/12\/itineraris-futur-768x416.jpg 768w\" sizes=\"auto, (max-width: 676px) 100vw, 676px\" \/><\/a><\/p>\n<p><a href=\"https:\/\/triaeducativa.gencat.cat\/ca\/inici\/\" target=\"_blank\" rel=\"noopener\">P\u00e0gina web Tria educativa de la Generalitat de Catalunya<\/a><\/p>\n<p><a href=\"http:\/\/www.informat.cat\/\" target=\"_blank\" rel=\"noopener\">Activitats d&#8217;Orientaci\u00f3 de l&#8217;Ajuntament de Barcelona<\/a><\/p>\n<p><a href=\"https:\/\/www.edubcn.cat\/ca\/centres_serveis_educatius\/centres_educatius\/cercador#\/cerca\" target=\"_blank\" rel=\"noopener\">Guia de centres educatius de l&#8217;Ajuntament de Barcelona<\/a><\/p>\n<p style=\"text-align: justify;\"><a href=\"http:\/\/agora.xtec.cat\/iesjpla\/wp-content\/uploads\/usu1249\/2016\/12\/batx.jpg\"><img loading=\"lazy\" decoding=\"async\" class=\" wp-image-625 alignleft\" src=\"http:\/\/agora.xtec.cat\/iesjpla\/wp-content\/uploads\/usu1249\/2016\/12\/batx.jpg\" alt=\"batx\" width=\"302\" height=\"209\" srcset=\"https:\/\/agora.xtec.cat\/iesjpla\/wp-content\/uploads\/usu1249\/2016\/12\/batx.jpg 538w, https:\/\/agora.xtec.cat\/iesjpla\/wp-content\/uploads\/usu1249\/2016\/12\/batx-300x207.jpg 300w\" sizes=\"auto, (max-width: 302px) 100vw, 302px\" \/><\/a><\/p>\n<p style=\"text-align: justify;\"><a href=\"http:\/\/agora.xtec.cat\/iesjpla\/estudis\/lorganitzacio-del-batxillerat\/\" target=\"_blank\" rel=\"noopener noreferrer\">El batxillerat en el nostre institut<\/a><br \/>\n<a href=\"http:\/\/www.gencat.cat\/ensenyament\/eac\/pdf\/BATXLOE_CA.pdf\" target=\"_blank\" rel=\"noopener noreferrer\">Departament d&#8217;Ensenyament: Estudiar a Catalunya. Batxillerat<\/a><br \/>\n(Darrera revisi\u00f3 mar\u00e7 2023. PDF)<\/p>\n<p style=\"text-align: left;\"><a href=\"http:\/\/agora.xtec.cat\/iesjpla\/wp-content\/uploads\/usu1249\/2016\/12\/cfgm_s.jpg\"><img loading=\"lazy\" decoding=\"async\" class=\"wp-image-627 alignleft\" src=\"http:\/\/agora.xtec.cat\/iesjpla\/wp-content\/uploads\/usu1249\/2016\/12\/cfgm_s.jpg\" alt=\"cfgm_s\" width=\"308\" height=\"245\" srcset=\"https:\/\/agora.xtec.cat\/iesjpla\/wp-content\/uploads\/usu1249\/2016\/12\/cfgm_s.jpg 427w, https:\/\/agora.xtec.cat\/iesjpla\/wp-content\/uploads\/usu1249\/2016\/12\/cfgm_s-300x239.jpg 300w\" sizes=\"auto, (max-width: 308px) 100vw, 308px\" \/><\/a><a href=\"https:\/\/triaeducativa.gencat.cat\/ca\/fp\/\" target=\"_blank\" rel=\"noopener noreferrer\">Tria educativa (Gencat). Formaci\u00f3 Professional<\/a><br \/>\n<a href=\"http:\/\/www.gencat.cat\/ensenyament\/eac\/pdf\/CFP_CGGM_CA.pdf\" target=\"_blank\" rel=\"noopener noreferrer\">Formaci\u00f3 professional. Grau mitj\u00e0: Guia informativa<\/a> (Darrera revisi\u00f3 mar\u00e7 2023. PDF)<br \/>\n<a href=\"http:\/\/www.gencat.cat\/ensenyament\/eac\/pdf\/CFP_CGGS_CA.pdf\" target=\"_blank\" rel=\"noopener noreferrer\">Formaci\u00f3 professional. Grau superior: Guia informativa<\/a> (Darrera revisi\u00f3 mar\u00e7 2023. PDF)<br \/>\n<a href=\"http:\/\/ensenyament.gencat.cat\/ca\/arees-actuacio\/empreses-fpdual\/\" target=\"_blank\" rel=\"noopener noreferrer\">Formaci\u00f3 professional dual<\/a><br \/>\n<a href=\"http:\/\/www.edubcn.cat\/ca\/alumnat_i_familia\/etapes_educatives_i_ensenyaments\/fp_per_families\" target=\"_blank\" rel=\"noopener noreferrer\">Les fam\u00edlies professionals<\/a> (Consorci d&#8217;Educaci\u00f3 de Barcelona)<\/p>\n<p><a href=\"https:\/\/fp.edubcn.cat\/\" target=\"_blank\" rel=\"noopener\">Formaci\u00f3 professional a la ciutat de Barcelona<\/a><\/p>\n<p style=\"text-align: left;\">\u00a0 \u00a0 \u00a0 \u00a0 \u00a0 \u00a0 \u00a0 \u00a0 \u00a0 \u00a0 \u00a0 \u00a0 \u00a0 \u00a0 \u00a0 \u00a0 \u00a0 \u00a0 \u00a0 \u00a0 \u00a0 \u00a0 \u00a0 \u00a0 \u00a0 \u00a0 \u00a0 \u00a0 \u00a0 \u00a0 \u00a0 \u00a0 \u00a0 \u00a0 \u00a0 \u00a0 \u00a0 \u00a0 \u00a0 \u00a0 \u00a0 \u00a0 \u00a0 \u00a0 \u00a0 \u00a0 \u00a0 \u00a0 \u00a0 \u00a0 \u00a0 \u00a0 \u00a0 \u00a0 \u00a0 \u00a0 \u00a0 \u00a0 \u00a0 \u00a0 \u00a0 \u00a0 \u00a0 \u00a0 \u00a0 \u00a0 \u00a0 \u00a0 \u00a0 \u00a0 \u00a0 \u00a0 Unportal: <a href=\"https:\/\/www.unportal.net\/\" target=\"_blank\" rel=\"noopener\">\u00a0Web de l&#8217;Educaci\u00f3 Postobligat\u00f2ria a Catalunya <\/a><\/p>\n<p style=\"text-align: left;\"><a href=\"http:\/\/www.fundaciobcnfp.cat\/index.php\/ca\/\" target=\"_blank\" rel=\"noopener noreferrer\"><img loading=\"lazy\" decoding=\"async\" class=\" wp-image-629 alignleft\" src=\"http:\/\/agora.xtec.cat\/iesjpla\/wp-content\/uploads\/usu1249\/2016\/12\/fundacioFP.jpg\" alt=\"fundaciofp\" width=\"298\" height=\"190\" srcset=\"https:\/\/agora.xtec.cat\/iesjpla\/wp-content\/uploads\/usu1249\/2016\/12\/fundacioFP.jpg 559w, https:\/\/agora.xtec.cat\/iesjpla\/wp-content\/uploads\/usu1249\/2016\/12\/fundacioFP-300x191.jpg 300w\" sizes=\"auto, (max-width: 298px) 100vw, 298px\" \/><\/a><br \/>\n<a href=\"http:\/\/www.fundaciobcnfp.cat\/index.php\/ca\/\" target=\"_blank\" rel=\"noopener noreferrer\">Fundaci\u00f3 BCN. Formaci\u00f3 Professional<\/a>. Web amb molta informaci\u00f3 sobre la formaci\u00f3 professional, una p\u00e0gina amb <a href=\"https:\/\/www.fundaciobcnfp.cat\/alumnat\/\" target=\"_blank\" rel=\"noopener\">recursos d&#8217;orientaci\u00f3<\/a> i una <a href=\"http:\/\/guiafp.fundaciobcnfp.cat\/\" target=\"_blank\" rel=\"noopener noreferrer\">guia<\/a> que es renova cada any on es troba tota la informaci\u00f3 sobre Barcelona<\/p>\n<p>&nbsp;<\/p>\n<p>&nbsp;<\/p>\n<p><a href=\"http:\/\/agora.xtec.cat\/iesjpla\/wp-content\/uploads\/usu1249\/2016\/12\/altres-1.jpg\"><img loading=\"lazy\" decoding=\"async\" class=\"size-full wp-image-680 alignleft\" src=\"http:\/\/agora.xtec.cat\/iesjpla\/wp-content\/uploads\/usu1249\/2016\/12\/altres-1.jpg\" alt=\"altres\" width=\"335\" height=\"214\" srcset=\"https:\/\/agora.xtec.cat\/iesjpla\/wp-content\/uploads\/usu1249\/2016\/12\/altres-1.jpg 335w, https:\/\/agora.xtec.cat\/iesjpla\/wp-content\/uploads\/usu1249\/2016\/12\/altres-1-300x192.jpg 300w\" sizes=\"auto, (max-width: 335px) 100vw, 335px\" \/><\/a><a href=\"https:\/\/triaeducativa.gencat.cat\/ca\/artistics\/\" target=\"_blank\" rel=\"noopener noreferrer\">Tria Educativa (Gencat). Ensenyaments art\u00edstics<\/a><\/p>\n<p><a href=\"http:\/\/queestudiar.gencat.cat\/ca\/estudis\/esportius\/\" target=\"_blank\" rel=\"noopener noreferrer\">Tria Educativa (Gencat). Ensenyaments esportius<\/a><\/p>\n","protected":false},"excerpt":{"rendered":"<p>P\u00e0gina web Tria educativa de la Generalitat de Catalunya Activitats d&#8217;Orientaci\u00f3 de l&#8217;Ajuntament de Barcelona Guia de centres educatius de l&#8217;Ajuntament de Barcelona El batxillerat en el nostre institut Departament d&#8217;Ensenyament: Estudiar a Catalunya. Batxillerat (Darrera revisi\u00f3 mar\u00e7 2023. PDF) Tria educativa (Gencat). Formaci\u00f3 Professional Formaci\u00f3 professional. Grau mitj\u00e0: Guia informativa (Darrera revisi\u00f3 mar\u00e7 2023. [&hellip;]<\/p>\n","protected":false},"author":1,"featured_media":0,"parent":195,"menu_order":32,"comment_status":"closed","ping_status":"closed","template":"","meta":{"_bbp_topic_count":0,"_bbp_reply_count":0,"_bbp_total_topic_count":0,"_bbp_total_reply_count":0,"_bbp_voice_count":0,"_bbp_anonymous_reply_count":0,"_bbp_topic_count_hidden":0,"_bbp_reply_count_hidden":0,"_bbp_forum_subforum_count":0,"site-sidebar-layout":"default","site-content-layout":"","ast-site-content-layout":"","site-content-style":"default","site-sidebar-style":"default","ast-global-header-display":"","ast-banner-title-visibility":"","ast-main-header-display":"","ast-hfb-above-header-display":"","ast-hfb-below-header-display":"","ast-hfb-mobile-header-display":"","site-post-title":"","ast-breadcrumbs-content":"","ast-featured-img":"","footer-sml-layout":"","theme-transparent-header-meta":"","adv-header-id-meta":"","stick-header-meta":"","header-above-stick-meta":"","header-main-stick-meta":"","header-below-stick-meta":"","astra-migrate-meta-layouts":"default","ast-page-background-enabled":"default","ast-page-background-meta":{"desktop":{"background-color":"var(--ast-global-color-4)","background-image":"","background-repeat":"repeat","background-position":"center center","background-size":"auto","background-attachment":"scroll","background-type":"","background-media":"","overlay-type":"","overlay-color":"","overlay-opacity":"","overlay-gradient":""},"tablet":{"background-color":"","background-image":"","background-repeat":"repeat","background-position":"center center","background-size":"auto","background-attachment":"scroll","background-type":"","background-media":"","overlay-type":"","overlay-color":"","overlay-opacity":"","overlay-gradient":""},"mobile":{"background-color":"","background-image":"","background-repeat":"repeat","background-position":"center center","background-size":"auto","background-attachment":"scroll","background-type":"","background-media":"","overlay-type":"","overlay-color":"","overlay-opacity":"","overlay-gradient":""}},"ast-content-background-meta":{"desktop":{"background-color":"var(--ast-global-color-5)","background-image":"","background-repeat":"repeat","background-position":"center center","background-size":"auto","background-attachment":"scroll","background-type":"","background-media":"","overlay-type":"","overlay-color":"","overlay-opacity":"","overlay-gradient":""},"tablet":{"background-color":"var(--ast-global-color-5)","background-image":"","background-repeat":"repeat","background-position":"center center","background-size":"auto","background-attachment":"scroll","background-type":"","background-media":"","overlay-type":"","overlay-color":"","overlay-opacity":"","overlay-gradient":""},"mobile":{"background-color":"var(--ast-global-color-5)","background-image":"","background-repeat":"repeat","background-position":"center center","background-size":"auto","background-attachment":"scroll","background-type":"","background-media":"","overlay-type":"","overlay-color":"","overlay-opacity":"","overlay-gradient":""}},"footnotes":""},"class_list":["post-649","page","type-page","status-publish","hentry"],"post_mailing_queue_ids":[],"_links":{"self":[{"href":"https:\/\/agora.xtec.cat\/iesjpla\/wp-json\/wp\/v2\/pages\/649","targetHints":{"allow":["GET"]}}],"collection":[{"href":"https:\/\/agora.xtec.cat\/iesjpla\/wp-json\/wp\/v2\/pages"}],"about":[{"href":"https:\/\/agora.xtec.cat\/iesjpla\/wp-json\/wp\/v2\/types\/page"}],"author":[{"embeddable":true,"href":"https:\/\/agora.xtec.cat\/iesjpla\/wp-json\/wp\/v2\/users\/1"}],"replies":[{"embeddable":true,"href":"https:\/\/agora.xtec.cat\/iesjpla\/wp-json\/wp\/v2\/comments?post=649"}],"version-history":[{"count":6,"href":"https:\/\/agora.xtec.cat\/iesjpla\/wp-json\/wp\/v2\/pages\/649\/revisions"}],"predecessor-version":[{"id":7785,"href":"https:\/\/agora.xtec.cat\/iesjpla\/wp-json\/wp\/v2\/pages\/649\/revisions\/7785"}],"up":[{"embeddable":true,"href":"https:\/\/agora.xtec.cat\/iesjpla\/wp-json\/wp\/v2\/pages\/195"}],"wp:attachment":[{"href":"https:\/\/agora.xtec.cat\/iesjpla\/wp-json\/wp\/v2\/media?parent=649"}],"curies":[{"name":"wp","href":"https:\/\/api.w.org\/{rel}","templated":true}]}}