{"id":531,"date":"2016-12-08T20:48:21","date_gmt":"2016-12-08T19:48:21","guid":{"rendered":"http:\/\/agora.xtec.cat\/iesjpla\/?page_id=531"},"modified":"2026-02-12T13:14:39","modified_gmt":"2026-02-12T12:14:39","slug":"llibres-de-text-i-material-per-al-batxillerat","status":"publish","type":"page","link":"https:\/\/agora.xtec.cat\/iesjpla\/estudis\/llibres-de-text-i-material-per-al-batxillerat\/","title":{"rendered":"Llibres de text i material per al Batxillerat"},"content":{"rendered":"<h4 style=\"text-align: center;\"><em>EcoBooks<\/em> amb IDDINK<\/h4>\n<p>&nbsp;<\/p>\n<p><a href=\"http:\/\/agora.xtec.cat\/iesjpla\/wp-content\/uploads\/usu1249\/2016\/12\/logo_iddink.png\"><img loading=\"lazy\" decoding=\"async\" class=\"aligncenter wp-image-532\" src=\"http:\/\/agora.xtec.cat\/iesjpla\/wp-content\/uploads\/usu1249\/2016\/12\/logo_iddink.png\" alt=\"logo_iddink\" width=\"329\" height=\"180\" srcset=\"https:\/\/agora.xtec.cat\/iesjpla\/wp-content\/uploads\/usu1249\/2016\/12\/logo_iddink.png 800w, https:\/\/agora.xtec.cat\/iesjpla\/wp-content\/uploads\/usu1249\/2016\/12\/logo_iddink-300x164.png 300w, https:\/\/agora.xtec.cat\/iesjpla\/wp-content\/uploads\/usu1249\/2016\/12\/logo_iddink-768x420.png 768w\" sizes=\"auto, (max-width: 329px) 100vw, 329px\" \/><\/a><\/p>\n<p>Al batxillerat les fam\u00edlies poden optar per comprar els llibres amb el sistema <em>EcoBooks<\/em> de l&#8217;empresa\u00a0<a href=\"https:\/\/www.iddink.cat\/\" target=\"_blank\" rel=\"noopener noreferrer\">IDDINK<\/a>.<\/p>\n<p><a href=\"https:\/\/agora.xtec.cat\/iesjpla\/wp-content\/uploads\/usu1249\/2023\/06\/Benvolgudes-families-IDDINK.pdf\">Benvinguda a les fam\u00edlies-IDDINK<\/a><br \/>\n<a href=\"https:\/\/www.iddink.es\/?pagina=ecoBooks\" target=\"_blank\" rel=\"noopener noreferrer\">Com tractar ecoBooks<\/a><br \/>\n<a href=\"https:\/\/www.iddink.es\/?pagina=retornarEcoBooks\" target=\"_blank\" rel=\"noopener noreferrer\">Com retornar els ecoBooks<\/a><br \/>\n<a href=\"https:\/\/agora.xtec.cat\/iesjpla\/wp-content\/uploads\/usu1249\/2026\/02\/158-2023-CAT-COM-COMPRAR-ecoBooks-estandard-sin-VP.pdf\">Instruccions com comprar a IDDINK\u00a0<\/a><\/p>\n<h4>V\u00eddeos Tutorials Iddink<\/h4>\n<p class=\"p1\"><span class=\"s1\">Per acabar, volem adjuntar-vos els links als diferents v\u00eddeos que han preparat a Iddink, per tal que, un cop m\u00e9s, les fam\u00edlies disposeu de tota la informaci\u00f3 en diferents formats.<\/span><\/p>\n<p class=\"p1\"><a href=\"https:\/\/vimeo.com\/346361089\" target=\"_blank\" rel=\"noopener noreferrer\"><span class=\"s1\"><b><i>Presentaci\u00f3 Iddink <\/i><\/b><\/span><\/a><\/p>\n<p class=\"p1\"><a href=\"https:\/\/vimeo.com\/420992016\" target=\"_blank\" rel=\"noopener noreferrer\"><span class=\"s1\"><b><i>Presentaci\u00f3 Iddink Curta <\/i><\/b><\/span><\/a><\/p>\n<p class=\"p1\"><a href=\"https:\/\/agora.xtec.cat\/iesjpla\/wp-content\/uploads\/usu1249\/2024\/06\/CAT-Com-tractar-els-ecoBooks.png\" target=\"_blank\" rel=\"noopener noreferrer\"><span class=\"s1\"><b><i>Com tractar els ecoBooks<\/i><\/b><\/span><\/a><\/p>\n<p class=\"p1\"><a href=\"https:\/\/agora.xtec.cat\/iesjpla\/wp-content\/uploads\/usu1249\/2024\/06\/CAT-Com-retornar-els-ecoBooks-2-1.png\" target=\"_blank\" rel=\"noopener noreferrer\"><span class=\"s2\"><b><i>Com retornar ecoBooks<\/i><\/b><\/span><\/a><\/p>\n<p class=\"p1\"><a href=\"https:\/\/vimeo.com\/427671538\" target=\"_blank\" rel=\"noopener noreferrer\"><span class=\"s1\"><b><i>Com fer una comanda<\/i><\/b><\/span><\/a><\/p>\n<h4><\/h4>\n<h2 style=\"text-align: center;\">Llibres curs 2025-2026<\/h2>\n<p><a href=\"http:\/\/agora.xtec.cat\/iesjpla\/wp-content\/uploads\/usu1249\/2016\/12\/llibres.jpg\"><img loading=\"lazy\" decoding=\"async\" class=\"aligncenter wp-image-525\" src=\"http:\/\/agora.xtec.cat\/iesjpla\/wp-content\/uploads\/usu1249\/2016\/12\/llibres.jpg\" alt=\"llibres\" width=\"361\" height=\"214\" srcset=\"https:\/\/agora.xtec.cat\/iesjpla\/wp-content\/uploads\/usu1249\/2016\/12\/llibres.jpg 758w, https:\/\/agora.xtec.cat\/iesjpla\/wp-content\/uploads\/usu1249\/2016\/12\/llibres-300x178.jpg 300w\" sizes=\"auto, (max-width: 361px) 100vw, 361px\" \/><\/a><\/p>\n<h4><a href=\"https:\/\/agora.xtec.cat\/iesjpla\/wp-content\/uploads\/usu1249\/2025\/06\/158_llista-1.0.pdf\" target=\"_blank\" rel=\"noopener\">LLIBRES TEXT BATXILLERAT. Curs 2025-2026<\/a><\/h4>\n<p>Aqu\u00ed trobareu m\u00e9s informaci\u00f3 sobre com fer la comanda per internet i el CODI: <a href=\"https:\/\/agora.xtec.cat\/iesjpla\/wp-content\/uploads\/usu1249\/2025\/06\/158_CC_2025.pdf\">158_CC_2025<\/a><\/p>\n<p><a href=\"https:\/\/agora.xtec.cat\/iesjpla\/wp-content\/uploads\/usu1249\/2025\/07\/Lectures-angles-Curs-25-26.docx.pdf\">Lectures angl\u00e8s- Curs 25-26.docx<\/a><\/p>\n<p><a href=\"https:\/\/agora.xtec.cat\/iesjpla\/wp-content\/uploads\/usu1249\/2025\/07\/Lectures-llengua-catalana-Curs-25-26.docx.pdf\">Lectures llengua catalana- Curs 25-26.docx<\/a><\/p>\n<h4><\/h4>\n<h3 style=\"text-align: center;\">Material curs 2025-2026<\/h3>\n<p>&nbsp;<\/p>\n<p><a href=\"http:\/\/agora.xtec.cat\/iesjpla\/wp-content\/uploads\/usu1249\/2016\/12\/Material-Escolar.jpg\"><img loading=\"lazy\" decoding=\"async\" class=\"wp-image-526 aligncenter\" src=\"http:\/\/agora.xtec.cat\/iesjpla\/wp-content\/uploads\/usu1249\/2016\/12\/Material-Escolar.jpg\" alt=\"Stationery set on white background.\" width=\"371\" height=\"277\" srcset=\"https:\/\/agora.xtec.cat\/iesjpla\/wp-content\/uploads\/usu1249\/2016\/12\/Material-Escolar.jpg 909w, https:\/\/agora.xtec.cat\/iesjpla\/wp-content\/uploads\/usu1249\/2016\/12\/Material-Escolar-300x223.jpg 300w, https:\/\/agora.xtec.cat\/iesjpla\/wp-content\/uploads\/usu1249\/2016\/12\/Material-Escolar-768x572.jpg 768w, https:\/\/agora.xtec.cat\/iesjpla\/wp-content\/uploads\/usu1249\/2016\/12\/Material-Escolar-200x150.jpg 200w\" sizes=\"auto, (max-width: 371px) 100vw, 371px\" \/><\/a><\/p>\n<h5>Cal comprar el material d&#8217;Educaci\u00f3 Visual i Pl\u00e0stica per a \u00a0la mat\u00e8ria de dibuix t\u00e8cnic i una calculadora per a Matem\u00e0tiques segons el llistat seg\u00fcent:<\/h5>\n<p>&nbsp;<\/p>\n<h5><a href=\"https:\/\/agora.xtec.cat\/iesjpla\/wp-content\/uploads\/usu1249\/2024\/06\/MATES-i-FiQ-Material-complementari-BTX-24-25.pdf\"><strong>Material MATEM\u00c0TIQUES i F\u00cdSICA I QU\u00cdMICA BATXILLERAT (calculadora)<\/strong><\/a><\/h5>\n<h5><strong><a href=\"https:\/\/agora.xtec.cat\/iesjpla\/wp-content\/uploads\/usu1249\/2024\/06\/EVP-Material-complementari-BTX-24-25.pdf\">Material DIBUIX BATXILLERAT<\/a><\/strong><\/h5>\n<p>&nbsp;<\/p>\n<h4><\/h4>\n<p class=\"p1\">\n","protected":false},"excerpt":{"rendered":"<p>EcoBooks amb IDDINK &nbsp; Al batxillerat les fam\u00edlies poden optar per comprar els llibres amb el sistema EcoBooks de l&#8217;empresa\u00a0IDDINK. Benvinguda a les fam\u00edlies-IDDINK Com tractar ecoBooks Com retornar els ecoBooks Instruccions com comprar a IDDINK\u00a0 V\u00eddeos Tutorials Iddink Per acabar, volem adjuntar-vos els links als diferents v\u00eddeos que han preparat a Iddink, per tal [&hellip;]<\/p>\n","protected":false},"author":1,"featured_media":0,"parent":195,"menu_order":60,"comment_status":"closed","ping_status":"closed","template":"","meta":{"_bbp_topic_count":0,"_bbp_reply_count":0,"_bbp_total_topic_count":0,"_bbp_total_reply_count":0,"_bbp_voice_count":0,"_bbp_anonymous_reply_count":0,"_bbp_topic_count_hidden":0,"_bbp_reply_count_hidden":0,"_bbp_forum_subforum_count":0,"site-sidebar-layout":"default","site-content-layout":"","ast-site-content-layout":"default","site-content-style":"default","site-sidebar-style":"default","ast-global-header-display":"","ast-banner-title-visibility":"","ast-main-header-display":"","ast-hfb-above-header-display":"","ast-hfb-below-header-display":"","ast-hfb-mobile-header-display":"","site-post-title":"","ast-breadcrumbs-content":"","ast-featured-img":"","footer-sml-layout":"","theme-transparent-header-meta":"default","adv-header-id-meta":"","stick-header-meta":"","header-above-stick-meta":"","header-main-stick-meta":"","header-below-stick-meta":"","astra-migrate-meta-layouts":"set","ast-page-background-enabled":"default","ast-page-background-meta":{"desktop":{"background-color":"var(--ast-global-color-4)","background-image":"","background-repeat":"repeat","background-position":"center center","background-size":"auto","background-attachment":"scroll","background-type":"","background-media":"","overlay-type":"","overlay-color":"","overlay-opacity":"","overlay-gradient":""},"tablet":{"background-color":"","background-image":"","background-repeat":"repeat","background-position":"center center","background-size":"auto","background-attachment":"scroll","background-type":"","background-media":"","overlay-type":"","overlay-color":"","overlay-opacity":"","overlay-gradient":""},"mobile":{"background-color":"","background-image":"","background-repeat":"repeat","background-position":"center center","background-size":"auto","background-attachment":"scroll","background-type":"","background-media":"","overlay-type":"","overlay-color":"","overlay-opacity":"","overlay-gradient":""}},"ast-content-background-meta":{"desktop":{"background-color":"var(--ast-global-color-5)","background-image":"","background-repeat":"repeat","background-position":"center center","background-size":"auto","background-attachment":"scroll","background-type":"","background-media":"","overlay-type":"","overlay-color":"","overlay-opacity":"","overlay-gradient":""},"tablet":{"background-color":"var(--ast-global-color-5)","background-image":"","background-repeat":"repeat","background-position":"center center","background-size":"auto","background-attachment":"scroll","background-type":"","background-media":"","overlay-type":"","overlay-color":"","overlay-opacity":"","overlay-gradient":""},"mobile":{"background-color":"var(--ast-global-color-5)","background-image":"","background-repeat":"repeat","background-position":"center center","background-size":"auto","background-attachment":"scroll","background-type":"","background-media":"","overlay-type":"","overlay-color":"","overlay-opacity":"","overlay-gradient":""}},"footnotes":""},"class_list":["post-531","page","type-page","status-publish","hentry"],"post_mailing_queue_ids":[],"_links":{"self":[{"href":"https:\/\/agora.xtec.cat\/iesjpla\/wp-json\/wp\/v2\/pages\/531","targetHints":{"allow":["GET"]}}],"collection":[{"href":"https:\/\/agora.xtec.cat\/iesjpla\/wp-json\/wp\/v2\/pages"}],"about":[{"href":"https:\/\/agora.xtec.cat\/iesjpla\/wp-json\/wp\/v2\/types\/page"}],"author":[{"embeddable":true,"href":"https:\/\/agora.xtec.cat\/iesjpla\/wp-json\/wp\/v2\/users\/1"}],"replies":[{"embeddable":true,"href":"https:\/\/agora.xtec.cat\/iesjpla\/wp-json\/wp\/v2\/comments?post=531"}],"version-history":[{"count":11,"href":"https:\/\/agora.xtec.cat\/iesjpla\/wp-json\/wp\/v2\/pages\/531\/revisions"}],"predecessor-version":[{"id":11027,"href":"https:\/\/agora.xtec.cat\/iesjpla\/wp-json\/wp\/v2\/pages\/531\/revisions\/11027"}],"up":[{"embeddable":true,"href":"https:\/\/agora.xtec.cat\/iesjpla\/wp-json\/wp\/v2\/pages\/195"}],"wp:attachment":[{"href":"https:\/\/agora.xtec.cat\/iesjpla\/wp-json\/wp\/v2\/media?parent=531"}],"curies":[{"name":"wp","href":"https:\/\/api.w.org\/{rel}","templated":true}]}}