{"id":2719,"date":"2018-04-13T15:45:58","date_gmt":"2018-04-13T13:45:58","guid":{"rendered":"http:\/\/agora.xtec.cat\/iesjpla\/?page_id=2719"},"modified":"2022-01-20T09:55:46","modified_gmt":"2022-01-20T08:55:46","slug":"neteja","status":"publish","type":"page","link":"https:\/\/agora.xtec.cat\/iesjpla\/secretaria\/neteja\/","title":{"rendered":"Neteja"},"content":{"rendered":"<p>Licitaci\u00f3 contracte neteja procediment obert:<\/p>\n<p><a href=\"https:\/\/agora.xtec.cat\/iesjpla\/wp-content\/uploads\/usu1249\/2021\/11\/ANNEX-1-model-PCAP-licitacio-Neteja-procediment-obert-NO-HARMONITZAT-centre-INS-Josep-Pla.pdf\">ANNEX 1 model PCAP licitaci\u00f3 Neteja procediment obert NO HARMONITZAT centre INS Josep Pla<\/a><\/p>\n<p><a href=\"https:\/\/agora.xtec.cat\/iesjpla\/wp-content\/uploads\/usu1249\/2021\/11\/ANNEX-2-model-PPT-licitacio-Neteja-centre-INS-Josep-Pla.pdf\">ANNEX 2 model PPT licitaci\u00f3 Neteja centre INS Josep Pla<\/a><\/p>\n<p>Data visita t\u00e8cnica al centre: dijous 2 de desembre de 2021 a les 9:00h.<\/p>\n<p>Data termini m\u00e0xim pel lliurament d&#8217;ofertes: dilluns 13 de desembre de 2021 fins a les 14:00h (3 sobres lliurats a la secretaria del centre).<\/p>\n<p>Data d&#8217;obertura p\u00fablica del sobre C (ofertes econ\u00f2miques presentades pels licitadors): dimecres 19 de gener de 2022 a les 11:15h al centre.<\/p>\n<p><a href=\"https:\/\/agora.xtec.cat\/iesjpla\/wp-content\/uploads\/usu1249\/2022\/01\/ACTA-PROPOSTA-TECNICA-SOBRE-B.pdf\">ACTA PROPOSTA T\u00c8CNICA SOBRE B<\/a><\/p>\n<p><a href=\"https:\/\/agora.xtec.cat\/iesjpla\/wp-content\/uploads\/usu1249\/2022\/01\/Acta-proposta-adjudicacio-servei-neteja-SOBRE-C.pdf\">Acta proposta adjudicaci\u00f3 servei neteja SOBRE C<\/a><\/p>\n","protected":false},"excerpt":{"rendered":"<p>Licitaci\u00f3 contracte neteja procediment obert: ANNEX 1 model PCAP licitaci\u00f3 Neteja procediment obert NO HARMONITZAT centre INS Josep Pla ANNEX 2 model PPT licitaci\u00f3 Neteja centre INS Josep Pla Data visita t\u00e8cnica al centre: dijous 2 de desembre de 2021 a les 9:00h. Data termini m\u00e0xim pel lliurament d&#8217;ofertes: dilluns 13 de desembre de 2021 [&hellip;]<\/p>\n","protected":false},"author":1,"featured_media":0,"parent":81,"menu_order":20,"comment_status":"closed","ping_status":"closed","template":"","meta":{"_bbp_topic_count":0,"_bbp_reply_count":0,"_bbp_total_topic_count":0,"_bbp_total_reply_count":0,"_bbp_voice_count":0,"_bbp_anonymous_reply_count":0,"_bbp_topic_count_hidden":0,"_bbp_reply_count_hidden":0,"_bbp_forum_subforum_count":0,"site-sidebar-layout":"default","site-content-layout":"","ast-site-content-layout":"","site-content-style":"default","site-sidebar-style":"default","ast-global-header-display":"","ast-banner-title-visibility":"","ast-main-header-display":"","ast-hfb-above-header-display":"","ast-hfb-below-header-display":"","ast-hfb-mobile-header-display":"","site-post-title":"","ast-breadcrumbs-content":"","ast-featured-img":"","footer-sml-layout":"","theme-transparent-header-meta":"","adv-header-id-meta":"","stick-header-meta":"","header-above-stick-meta":"","header-main-stick-meta":"","header-below-stick-meta":"","astra-migrate-meta-layouts":"default","ast-page-background-enabled":"default","ast-page-background-meta":{"desktop":{"background-color":"var(--ast-global-color-4)","background-image":"","background-repeat":"repeat","background-position":"center center","background-size":"auto","background-attachment":"scroll","background-type":"","background-media":"","overlay-type":"","overlay-color":"","overlay-opacity":"","overlay-gradient":""},"tablet":{"background-color":"","background-image":"","background-repeat":"repeat","background-position":"center center","background-size":"auto","background-attachment":"scroll","background-type":"","background-media":"","overlay-type":"","overlay-color":"","overlay-opacity":"","overlay-gradient":""},"mobile":{"background-color":"","background-image":"","background-repeat":"repeat","background-position":"center center","background-size":"auto","background-attachment":"scroll","background-type":"","background-media":"","overlay-type":"","overlay-color":"","overlay-opacity":"","overlay-gradient":""}},"ast-content-background-meta":{"desktop":{"background-color":"var(--ast-global-color-5)","background-image":"","background-repeat":"repeat","background-position":"center center","background-size":"auto","background-attachment":"scroll","background-type":"","background-media":"","overlay-type":"","overlay-color":"","overlay-opacity":"","overlay-gradient":""},"tablet":{"background-color":"var(--ast-global-color-5)","background-image":"","background-repeat":"repeat","background-position":"center center","background-size":"auto","background-attachment":"scroll","background-type":"","background-media":"","overlay-type":"","overlay-color":"","overlay-opacity":"","overlay-gradient":""},"mobile":{"background-color":"var(--ast-global-color-5)","background-image":"","background-repeat":"repeat","background-position":"center center","background-size":"auto","background-attachment":"scroll","background-type":"","background-media":"","overlay-type":"","overlay-color":"","overlay-opacity":"","overlay-gradient":""}},"footnotes":""},"class_list":["post-2719","page","type-page","status-publish","hentry"],"post_mailing_queue_ids":[],"_links":{"self":[{"href":"https:\/\/agora.xtec.cat\/iesjpla\/wp-json\/wp\/v2\/pages\/2719","targetHints":{"allow":["GET"]}}],"collection":[{"href":"https:\/\/agora.xtec.cat\/iesjpla\/wp-json\/wp\/v2\/pages"}],"about":[{"href":"https:\/\/agora.xtec.cat\/iesjpla\/wp-json\/wp\/v2\/types\/page"}],"author":[{"embeddable":true,"href":"https:\/\/agora.xtec.cat\/iesjpla\/wp-json\/wp\/v2\/users\/1"}],"replies":[{"embeddable":true,"href":"https:\/\/agora.xtec.cat\/iesjpla\/wp-json\/wp\/v2\/comments?post=2719"}],"version-history":[{"count":5,"href":"https:\/\/agora.xtec.cat\/iesjpla\/wp-json\/wp\/v2\/pages\/2719\/revisions"}],"predecessor-version":[{"id":6874,"href":"https:\/\/agora.xtec.cat\/iesjpla\/wp-json\/wp\/v2\/pages\/2719\/revisions\/6874"}],"up":[{"embeddable":true,"href":"https:\/\/agora.xtec.cat\/iesjpla\/wp-json\/wp\/v2\/pages\/81"}],"wp:attachment":[{"href":"https:\/\/agora.xtec.cat\/iesjpla\/wp-json\/wp\/v2\/media?parent=2719"}],"curies":[{"name":"wp","href":"https:\/\/api.w.org\/{rel}","templated":true}]}}