{"id":764,"date":"2016-11-28T11:40:47","date_gmt":"2016-11-28T10:40:47","guid":{"rendered":"http:\/\/agora.xtec.cat\/iesjonqueres\/?page_id=764"},"modified":"2021-11-04T12:30:23","modified_gmt":"2021-11-04T11:30:23","slug":"departament-dorientacio","status":"publish","type":"page","link":"https:\/\/agora.xtec.cat\/iesjonqueres\/elcentre\/departaments\/departament-dorientacio\/","title":{"rendered":"Departament d&#8217;Orientaci\u00f3"},"content":{"rendered":"<p><a href=\"http:\/\/agora.xtec.cat\/iesjonqueres\/wp-content\/uploads\/usu447\/2016\/11\/Orientaci\u00f3-1.jpg\"><img loading=\"lazy\" decoding=\"async\" class=\"alignright size-large wp-image-1208\" src=\"http:\/\/agora.xtec.cat\/iesjonqueres\/wp-content\/uploads\/usu447\/2016\/11\/Orientaci\u00f3-1-768x1024.jpg\" alt=\"Vapor Llonch\" width=\"512\" height=\"683\" srcset=\"https:\/\/agora.xtec.cat\/iesjonqueres\/wp-content\/uploads\/usu447\/2016\/11\/Orientaci\u00f3-1-768x1024.jpg 768w, https:\/\/agora.xtec.cat\/iesjonqueres\/wp-content\/uploads\/usu447\/2016\/11\/Orientaci\u00f3-1-225x300.jpg 225w, https:\/\/agora.xtec.cat\/iesjonqueres\/wp-content\/uploads\/usu447\/2016\/11\/Orientaci\u00f3-1.jpg 1200w\" sizes=\"auto, (max-width: 512px) 100vw, 512px\" \/><\/a><\/p>\n<p><strong>Components<\/strong><\/p>\n<p><span style=\"font-weight: 400;\">1 psicopedagog\/a a 1r d\u2019ESO<\/span><\/p>\n<p><span style=\"font-weight: 400;\">1 psicopedagog\/a a 2n d\u2019ESO<\/span><\/p>\n<p><span style=\"font-weight: 400;\">1 psicopedagog\/a a 3r d\u2019ESO<\/span><\/p>\n<p><span style=\"font-weight: 400;\">1 psicopedagog\/a a 4t d\u2019ESO i Batxillerat<\/span><\/p>\n<p><span style=\"font-weight: 400;\">1 TIS<\/span><\/p>\n<p><span style=\"font-weight: 400;\">SIEI ( 3 psicopedagogues i 2 educadores socials)<\/span><\/p>\n<p><strong>Funcions<\/strong><br \/>\nAtenci\u00f3 alumnat<br \/>\nAtencions individuals a alumnes amb Necessitats Educatives Especials<br \/>\nRefor\u00e7 lectura<br \/>\nSeguiment d&#8217;alumnat amb risc d&#8217;exclusi\u00f3 social<\/p>\n<p><strong>Doc\u00e8ncia<\/strong><\/p>\n<p>Assesorament TDR<br \/>\nDoc\u00e8ncia i tutoria a l\u2019aula oberta de 3 d&#8217;ESO (hort) i 4t d&#8217;ESO (cuina)<br \/>\nSuport dins l&#8217;aula ordin\u00e0ria<br \/>\nPIM 1r ESO<br \/>\nPsicologia a 1r de Batxillerat<br \/>\nCultura i valors<\/p>\n<p><strong>Programes (centre)<\/strong><\/p>\n<p>PDC Ajuntament (Programa de Diversificaci\u00f3 Curricular)<br \/>\n\u201cConeixement d\u2019Oficis\u201d del Vapor Llonch<br \/>\nPrograma \u201cPosa-t\u2019hi\u201d<br \/>\nPOAP (Programa d\u2019Orientaci\u00f3 Acad\u00e8mica i Professional\u201d<br \/>\nSessions a les tutories.<br \/>\nXerrades fam\u00edlies i alumnes<br \/>\nAjuda a la presa de decisi\u00f3<br \/>\nCoordinaci\u00f3 del projecte \u201cMentories\u201d<\/p>\n","protected":false},"excerpt":{"rendered":"<p>Components 1 psicopedagog\/a a 1r d\u2019ESO 1 psicopedagog\/a a 2n d\u2019ESO 1 psicopedagog\/a a 3r d\u2019ESO 1 psicopedagog\/a a 4t d\u2019ESO i Batxillerat 1 TIS SIEI ( 3 psicopedagogues i 2 educadores socials) Funcions Atenci\u00f3 alumnat Atencions individuals a alumnes amb Necessitats Educatives Especials Refor\u00e7 lectura Seguiment d&#8217;alumnat amb risc d&#8217;exclusi\u00f3 social Doc\u00e8ncia Assesorament TDR [&hellip;]<\/p>\n","protected":false},"author":1,"featured_media":0,"parent":717,"menu_order":0,"comment_status":"closed","ping_status":"closed","template":"page-templates\/side-menu.php","meta":{"_bbp_topic_count":0,"_bbp_reply_count":0,"_bbp_total_topic_count":0,"_bbp_total_reply_count":0,"_bbp_voice_count":0,"_bbp_anonymous_reply_count":0,"_bbp_topic_count_hidden":0,"_bbp_reply_count_hidden":0,"_bbp_forum_subforum_count":0,"site-sidebar-layout":"default","site-content-layout":"","ast-site-content-layout":"","site-content-style":"default","site-sidebar-style":"default","ast-global-header-display":"","ast-banner-title-visibility":"","ast-main-header-display":"","ast-hfb-above-header-display":"","ast-hfb-below-header-display":"","ast-hfb-mobile-header-display":"","site-post-title":"","ast-breadcrumbs-content":"","ast-featured-img":"","footer-sml-layout":"","theme-transparent-header-meta":"","adv-header-id-meta":"","stick-header-meta":"","header-above-stick-meta":"","header-main-stick-meta":"","header-below-stick-meta":"","astra-migrate-meta-layouts":"default","ast-page-background-enabled":"default","ast-page-background-meta":{"desktop":{"background-color":"var(--ast-global-color-4)","background-image":"","background-repeat":"repeat","background-position":"center center","background-size":"auto","background-attachment":"scroll","background-type":"","background-media":"","overlay-type":"","overlay-color":"","overlay-opacity":"","overlay-gradient":""},"tablet":{"background-color":"","background-image":"","background-repeat":"repeat","background-position":"center center","background-size":"auto","background-attachment":"scroll","background-type":"","background-media":"","overlay-type":"","overlay-color":"","overlay-opacity":"","overlay-gradient":""},"mobile":{"background-color":"","background-image":"","background-repeat":"repeat","background-position":"center center","background-size":"auto","background-attachment":"scroll","background-type":"","background-media":"","overlay-type":"","overlay-color":"","overlay-opacity":"","overlay-gradient":""}},"ast-content-background-meta":{"desktop":{"background-color":"var(--ast-global-color-5)","background-image":"","background-repeat":"repeat","background-position":"center center","background-size":"auto","background-attachment":"scroll","background-type":"","background-media":"","overlay-type":"","overlay-color":"","overlay-opacity":"","overlay-gradient":""},"tablet":{"background-color":"var(--ast-global-color-5)","background-image":"","background-repeat":"repeat","background-position":"center center","background-size":"auto","background-attachment":"scroll","background-type":"","background-media":"","overlay-type":"","overlay-color":"","overlay-opacity":"","overlay-gradient":""},"mobile":{"background-color":"var(--ast-global-color-5)","background-image":"","background-repeat":"repeat","background-position":"center center","background-size":"auto","background-attachment":"scroll","background-type":"","background-media":"","overlay-type":"","overlay-color":"","overlay-opacity":"","overlay-gradient":""}},"footnotes":""},"class_list":["post-764","page","type-page","status-publish","hentry"],"post_mailing_queue_ids":[],"_links":{"self":[{"href":"https:\/\/agora.xtec.cat\/iesjonqueres\/wp-json\/wp\/v2\/pages\/764","targetHints":{"allow":["GET"]}}],"collection":[{"href":"https:\/\/agora.xtec.cat\/iesjonqueres\/wp-json\/wp\/v2\/pages"}],"about":[{"href":"https:\/\/agora.xtec.cat\/iesjonqueres\/wp-json\/wp\/v2\/types\/page"}],"author":[{"embeddable":true,"href":"https:\/\/agora.xtec.cat\/iesjonqueres\/wp-json\/wp\/v2\/users\/1"}],"replies":[{"embeddable":true,"href":"https:\/\/agora.xtec.cat\/iesjonqueres\/wp-json\/wp\/v2\/comments?post=764"}],"version-history":[{"count":6,"href":"https:\/\/agora.xtec.cat\/iesjonqueres\/wp-json\/wp\/v2\/pages\/764\/revisions"}],"predecessor-version":[{"id":15589,"href":"https:\/\/agora.xtec.cat\/iesjonqueres\/wp-json\/wp\/v2\/pages\/764\/revisions\/15589"}],"up":[{"embeddable":true,"href":"https:\/\/agora.xtec.cat\/iesjonqueres\/wp-json\/wp\/v2\/pages\/717"}],"wp:attachment":[{"href":"https:\/\/agora.xtec.cat\/iesjonqueres\/wp-json\/wp\/v2\/media?parent=764"}],"curies":[{"name":"wp","href":"https:\/\/api.w.org\/{rel}","templated":true}]}}