{"id":717,"date":"2016-11-25T12:48:32","date_gmt":"2016-11-25T11:48:32","guid":{"rendered":"http:\/\/agora.xtec.cat\/iesjonqueres\/?page_id=717"},"modified":"2023-02-19T21:26:29","modified_gmt":"2023-02-19T20:26:29","slug":"departaments","status":"publish","type":"page","link":"https:\/\/agora.xtec.cat\/iesjonqueres\/elcentre\/departaments\/","title":{"rendered":"Departaments"},"content":{"rendered":"<table style=\"border-collapse: collapse; width: 100%; background: #edf0ee; color: #fffff;\">\n<tbody>\n<tr>\n<td style=\"width: 25%; text-align: center;\"><strong><a class=\"btn\" href=\".\/departament-matematiques-i-economia\"><span style=\"color: #1c1b17;\">Departament de Matem\u00e0tiques<\/span><\/a><\/strong><\/td>\n<td style=\"width: 25%; text-align: center;\"><strong><a class=\"btn\" href=\".\/departament-de-tecnologia\"><span style=\"color: #1c1b17;\">Departament de Tecnologia<\/span><\/a><\/strong><\/td>\n<td style=\"width: 25%; text-align: center;\"><strong><a class=\"btn\" href=\".\/departament-de-ciencies-socials\"><span style=\"color: #1c1b17;\">Departament de Ci\u00e8ncies Socials<\/span><\/a><\/strong><\/td>\n<td style=\"width: 25%; text-align: center;\"><strong><a class=\"btn\" href=\".\/departament-dexperimentals\"><span style=\"color: #1c1b17;\">Departament d&#8217;Experimentals<\/span><\/a><\/strong><\/td>\n<\/tr>\n<tr>\n<td style=\"width: 25%; text-align: center; background: #edf0ee;\"><strong><a class=\"btn\" href=\".\/departament-de-llengues\"><span style=\"color: #1c1b17;\">Departament de Lleng\u00fces<\/span><\/a><\/strong><\/td>\n<td style=\"width: 25%; text-align: center; background: #edf0ee;\"><strong><a class=\"btn\" href=\".\/departament-dexpressio\"><span style=\"color: #1c1b17;\">Departament d&#8217;Expressi\u00f3<\/span><\/a><\/strong><\/td>\n<td style=\"width: 25%; text-align: center; background: #edf0ee;\"><strong><a class=\"btn\" href=\".\/departament-didiomes\"><span style=\"color: #1c1b17;\">Departament de Lleng\u00fces Estrangeres<\/span><\/a><\/strong><\/td>\n<td style=\"width: 25%; text-align: center; background: #edf0ee;\"><strong><a class=\"btn\" href=\".\/departament-dorientacio\"><span style=\"color: #1c1b17;\">Departament d&#8217;Orientaci\u00f3<\/span><\/a><\/strong><\/td>\n<\/tr>\n<\/tbody>\n<\/table>\n<p>&nbsp;<\/p>\n","protected":false},"excerpt":{"rendered":"<p>Departament de Matem\u00e0tiques Departament de Tecnologia Departament de Ci\u00e8ncies Socials Departament d&#8217;Experimentals Departament de Lleng\u00fces Departament d&#8217;Expressi\u00f3 Departament de Lleng\u00fces Estrangeres Departament d&#8217;Orientaci\u00f3 &nbsp;<\/p>\n","protected":false},"author":1,"featured_media":0,"parent":19,"menu_order":0,"comment_status":"closed","ping_status":"closed","template":"page-templates\/side-menu.php","meta":{"_bbp_topic_count":0,"_bbp_reply_count":0,"_bbp_total_topic_count":0,"_bbp_total_reply_count":0,"_bbp_voice_count":0,"_bbp_anonymous_reply_count":0,"_bbp_topic_count_hidden":0,"_bbp_reply_count_hidden":0,"_bbp_forum_subforum_count":0,"site-sidebar-layout":"default","site-content-layout":"","ast-site-content-layout":"","site-content-style":"default","site-sidebar-style":"default","ast-global-header-display":"","ast-banner-title-visibility":"","ast-main-header-display":"","ast-hfb-above-header-display":"","ast-hfb-below-header-display":"","ast-hfb-mobile-header-display":"","site-post-title":"","ast-breadcrumbs-content":"","ast-featured-img":"","footer-sml-layout":"","theme-transparent-header-meta":"","adv-header-id-meta":"","stick-header-meta":"","header-above-stick-meta":"","header-main-stick-meta":"","header-below-stick-meta":"","astra-migrate-meta-layouts":"default","ast-page-background-enabled":"default","ast-page-background-meta":{"desktop":{"background-color":"var(--ast-global-color-4)","background-image":"","background-repeat":"repeat","background-position":"center center","background-size":"auto","background-attachment":"scroll","background-type":"","background-media":"","overlay-type":"","overlay-color":"","overlay-opacity":"","overlay-gradient":""},"tablet":{"background-color":"","background-image":"","background-repeat":"repeat","background-position":"center center","background-size":"auto","background-attachment":"scroll","background-type":"","background-media":"","overlay-type":"","overlay-color":"","overlay-opacity":"","overlay-gradient":""},"mobile":{"background-color":"","background-image":"","background-repeat":"repeat","background-position":"center center","background-size":"auto","background-attachment":"scroll","background-type":"","background-media":"","overlay-type":"","overlay-color":"","overlay-opacity":"","overlay-gradient":""}},"ast-content-background-meta":{"desktop":{"background-color":"var(--ast-global-color-5)","background-image":"","background-repeat":"repeat","background-position":"center center","background-size":"auto","background-attachment":"scroll","background-type":"","background-media":"","overlay-type":"","overlay-color":"","overlay-opacity":"","overlay-gradient":""},"tablet":{"background-color":"var(--ast-global-color-5)","background-image":"","background-repeat":"repeat","background-position":"center center","background-size":"auto","background-attachment":"scroll","background-type":"","background-media":"","overlay-type":"","overlay-color":"","overlay-opacity":"","overlay-gradient":""},"mobile":{"background-color":"var(--ast-global-color-5)","background-image":"","background-repeat":"repeat","background-position":"center center","background-size":"auto","background-attachment":"scroll","background-type":"","background-media":"","overlay-type":"","overlay-color":"","overlay-opacity":"","overlay-gradient":""}},"footnotes":""},"class_list":["post-717","page","type-page","status-publish","hentry"],"post_mailing_queue_ids":[],"_links":{"self":[{"href":"https:\/\/agora.xtec.cat\/iesjonqueres\/wp-json\/wp\/v2\/pages\/717","targetHints":{"allow":["GET"]}}],"collection":[{"href":"https:\/\/agora.xtec.cat\/iesjonqueres\/wp-json\/wp\/v2\/pages"}],"about":[{"href":"https:\/\/agora.xtec.cat\/iesjonqueres\/wp-json\/wp\/v2\/types\/page"}],"author":[{"embeddable":true,"href":"https:\/\/agora.xtec.cat\/iesjonqueres\/wp-json\/wp\/v2\/users\/1"}],"replies":[{"embeddable":true,"href":"https:\/\/agora.xtec.cat\/iesjonqueres\/wp-json\/wp\/v2\/comments?post=717"}],"version-history":[{"count":7,"href":"https:\/\/agora.xtec.cat\/iesjonqueres\/wp-json\/wp\/v2\/pages\/717\/revisions"}],"predecessor-version":[{"id":16502,"href":"https:\/\/agora.xtec.cat\/iesjonqueres\/wp-json\/wp\/v2\/pages\/717\/revisions\/16502"}],"up":[{"embeddable":true,"href":"https:\/\/agora.xtec.cat\/iesjonqueres\/wp-json\/wp\/v2\/pages\/19"}],"wp:attachment":[{"href":"https:\/\/agora.xtec.cat\/iesjonqueres\/wp-json\/wp\/v2\/media?parent=717"}],"curies":[{"name":"wp","href":"https:\/\/api.w.org\/{rel}","templated":true}]}}