{"id":322,"date":"2016-09-30T08:22:26","date_gmt":"2016-09-30T06:22:26","guid":{"rendered":"http:\/\/agora.xtec.cat\/iesjonqueres\/?page_id=322"},"modified":"2018-10-23T11:28:08","modified_gmt":"2018-10-23T09:28:08","slug":"projecte-de-lectura","status":"publish","type":"page","link":"https:\/\/agora.xtec.cat\/iesjonqueres\/projectes-de-centre\/projecte-de-lectura\/","title":{"rendered":"Entrellibres"},"content":{"rendered":"<p>Al nostre centre comptem amb un Pla lector: l\u2019Entrellibres, l\u2019objectiu del qual \u00e9s fomentar el gust per la lectura i desenvolupar el sentit cr\u00edtic, compartint punts de vista amb els altres lectors.<\/p>\n<p>Definim els seg\u00fcents objectius:<\/p>\n<ul>\n<li>Potenciar l\u2019\u00fas i la dinamitzaci\u00f3 de la biblioteca de centre revisant la normativa de la biblioteca i donar-la a con\u00e8ixer a alumnes i professors. Ampliar, esporgar, catalogar i gestionar el fons bibliogr\u00e0fic de la biblioteca escolar.<\/li>\n<li>Fer con\u00e8ixer l\u2019espai i el sistema de catalogaci\u00f3 i pr\u00e9stec.<\/li>\n<li>Implicar altres agents de la comunitat educativa en el projecte educatiu en el Pla lector.Es programen al llarg del curs activitats vinculades a la biblioteca municipal<\/li>\n<li>Fomentar l\u2019h\u00e0bit lector, el gust per la lectura i la cultura liter\u00e0ria dedicant una part de l\u2019horari escolar a la lectura en silenci d\u2019obres liter\u00e0ries que els mateixos alumnes tri\u00efn.<\/li>\n<li>Promoure la col\u00b7laboraci\u00f3 i participaci\u00f3 de la comunitat educativa en les activitats de dimanitzaci\u00f3 lectora.<\/li>\n<\/ul>\n<p>Recomanem llibres, comentem llibres llegits al centre als Esmorzars literaris durant el pati i l&#8217;hora de lectura. Per poder dur a terme aquest recurs lector, comptem amb el suport dels alumnes de l&#8217;Aula de cuina. A m\u00e9s a m\u00e9s, es realitzen tert\u00falies liter\u00e0ries i cinef\u00f2rum amb la col\u00b7laboraci\u00f3 de la Biblioteca municipal del barri, lectures expressives a les aules, tallers de Lectura en Veu Alta i la participaci\u00f3 a posteriori al Certamen de Lectura en Veu Alta. Per a iniciar i ajudar a millorar l&#8217;h\u00e0bit lector s&#8217;organitzen parelles lectores.<\/p>\n\r\n\t<div class=\"slideshow_container slideshow_container_style-light\" style=\" \" data-slideshow-id=\"916\" data-style-name=\"style-light\" data-style-version=\"2.3.1\" >\r\n\r\n\t\t\t\t\t<div class=\"slideshow_loading_icon\"><\/div>\r\n\t\t\r\n\t\t<div class=\"slideshow_content\" style=\"display: none;\">\r\n\r\n\t\t\t<div class=\"slideshow_view\">\r\n\t\t\t\t<div class=\"slideshow_slide slideshow_slide_image\">\r\n\t\t\t\t\t\t\t\t\t\t\t<img src=\"https:\/\/agora.xtec.cat\/iesjonqueres\/wp-content\/uploads\/usu447\/2019\/12\/PHOTO-2019-12-12-11-47-16.jpg\" alt=\"PHOTO-2019-12-12-11-47-16\" width=\"1600\" height=\"1200\" \/>\r\n\t\t\t\t\t\t\t\t\t\t<div class=\"slideshow_description_box slideshow_transparent\">\r\n\t\t\t\t\t\t<div class=\"slideshow_title\">PHOTO-2019-12-12-11-47-16<\/div>\t\t\t\t\t\t\t\t\t\t\t<\/div>\r\n\t\t\t\t<\/div>\r\n\r\n\t\t\t\t\t\t<div style=\"clear: both;\"><\/div><\/div><div class=\"slideshow_view\">\r\n\t\t\t\t<div class=\"slideshow_slide slideshow_slide_image\">\r\n\t\t\t\t\t\t\t\t\t\t\t<img src=\"https:\/\/agora.xtec.cat\/iesjonqueres\/wp-content\/uploads\/usu447\/2019\/12\/PHOTO-2019-12-12-11-47-16_1.jpg\" alt=\"PHOTO-2019-12-12-11-47-16_1\" width=\"1600\" height=\"1200\" \/>\r\n\t\t\t\t\t\t\t\t\t\t<div class=\"slideshow_description_box slideshow_transparent\">\r\n\t\t\t\t\t\t<div class=\"slideshow_title\">PHOTO-2019-12-12-11-47-16_1<\/div>\t\t\t\t\t\t\t\t\t\t\t<\/div>\r\n\t\t\t\t<\/div>\r\n\r\n\t\t\t\t\t\t<div style=\"clear: both;\"><\/div><\/div><div class=\"slideshow_view\">\r\n\t\t\t\t<div class=\"slideshow_slide slideshow_slide_image\">\r\n\t\t\t\t\t\t\t\t\t\t\t<img src=\"https:\/\/agora.xtec.cat\/iesjonqueres\/wp-content\/uploads\/usu447\/2019\/12\/PHOTO-2019-12-12-11-47-16_2.jpg\" alt=\"PHOTO-2019-12-12-11-47-16_2\" width=\"1600\" height=\"1200\" \/>\r\n\t\t\t\t\t\t\t\t\t\t<div class=\"slideshow_description_box slideshow_transparent\">\r\n\t\t\t\t\t\t<div class=\"slideshow_title\">PHOTO-2019-12-12-11-47-16_2<\/div>\t\t\t\t\t\t\t\t\t\t\t<\/div>\r\n\t\t\t\t<\/div>\r\n\r\n\t\t\t\t\t\t<div style=\"clear: both;\"><\/div><\/div><div class=\"slideshow_view\">\r\n\t\t\t\t<div class=\"slideshow_slide slideshow_slide_image\">\r\n\t\t\t\t\t\t\t\t\t\t\t<img src=\"https:\/\/agora.xtec.cat\/iesjonqueres\/wp-content\/uploads\/usu447\/2019\/12\/PHOTO-2019-12-12-11-47-16_3.jpg\" alt=\"PHOTO-2019-12-12-11-47-16_3\" width=\"1600\" height=\"1200\" \/>\r\n\t\t\t\t\t\t\t\t\t\t<div class=\"slideshow_description_box slideshow_transparent\">\r\n\t\t\t\t\t\t<div class=\"slideshow_title\">PHOTO-2019-12-12-11-47-16_3<\/div>\t\t\t\t\t\t\t\t\t\t\t<\/div>\r\n\t\t\t\t<\/div>\r\n\r\n\t\t\t\t\t\t<div style=\"clear: both;\"><\/div><\/div>\r\n\t\t<\/div>\r\n\r\n\t\t<div class=\"slideshow_controlPanel slideshow_transparent\" style=\"display: none;\"><ul><li class=\"slideshow_togglePlay\" data-play-text=\"Visualitza\" data-pause-text=\"Pausa\"><\/li><\/ul><\/div>\r\n\r\n\t\t<div class=\"slideshow_button slideshow_previous slideshow_transparent\" role=\"button\" data-previous-text=\"Anterior\" style=\"display: none;\"><\/div>\r\n\t\t<div class=\"slideshow_button slideshow_next slideshow_transparent\" role=\"button\" data-next-text=\"Seg\u00fcent\" style=\"display: none;\"><\/div>\r\n\r\n\t\t<div class=\"slideshow_pagination\" style=\"display: none;\" data-go-to-text=\"V\u00e9s a la diapositiva\"><div class=\"slideshow_pagination_center\"><\/div><\/div>\r\n\r\n\t\t<!-- WordPress Slideshow Version 2.3.1 -->\r\n\r\n\t\t\t<\/div>\r\n\r\n\n<p>Abans de finalitzar cadascun dels tres trimestres es projecten pel\u00b7l\u00edcules basades en obres liter\u00e0ries.<\/p>\n<p>Per assolir els objectius d\u2019aquest Pla \u00e9s imprescindible entendre la lectura com a part dels objectius i continguts de totes i cadascuna de les \u00e0rees del curr\u00edculum, no \u00e9s nom\u00e9s un contingut de l\u2019\u00e0rea de llengua. I, a m\u00e9s, \u00e9s important treballar des del centre amb la col\u00b7laboraci\u00f3 activa de les fam\u00edlies i altres institucions.<\/p>\n<p><a href=\"https:\/\/drive.google.com\/file\/d\/1iiSnUlx-wzMQPCEbzBh3zAZNDJs6V5Z0\/view?usp=sharing\">Protocol de Lectura.<\/a><\/p>\n<p><a href=\"https:\/\/drive.google.com\/file\/d\/0B8uIZHWJVXxcbmN1MzNvMmpRcXc\/view?usp=sharing\">V\u00eddeo Entrellibres<\/a><\/p>\n","protected":false},"excerpt":{"rendered":"<p>Al nostre centre comptem amb un Pla lector: l\u2019Entrellibres, l\u2019objectiu del qual \u00e9s fomentar el gust per la lectura i desenvolupar el sentit cr\u00edtic, compartint punts de vista amb els altres lectors. Definim els seg\u00fcents objectius: Potenciar l\u2019\u00fas i la dinamitzaci\u00f3 de la biblioteca de centre revisant la normativa de la biblioteca i donar-la a [&hellip;]<\/p>\n","protected":false},"author":1,"featured_media":0,"parent":57,"menu_order":28,"comment_status":"closed","ping_status":"closed","template":"page-templates\/side-menu.php","meta":{"_bbp_topic_count":0,"_bbp_reply_count":0,"_bbp_total_topic_count":0,"_bbp_total_reply_count":0,"_bbp_voice_count":0,"_bbp_anonymous_reply_count":0,"_bbp_topic_count_hidden":0,"_bbp_reply_count_hidden":0,"_bbp_forum_subforum_count":0,"site-sidebar-layout":"default","site-content-layout":"","ast-site-content-layout":"","site-content-style":"default","site-sidebar-style":"default","ast-global-header-display":"","ast-banner-title-visibility":"","ast-main-header-display":"","ast-hfb-above-header-display":"","ast-hfb-below-header-display":"","ast-hfb-mobile-header-display":"","site-post-title":"","ast-breadcrumbs-content":"","ast-featured-img":"","footer-sml-layout":"","theme-transparent-header-meta":"","adv-header-id-meta":"","stick-header-meta":"","header-above-stick-meta":"","header-main-stick-meta":"","header-below-stick-meta":"","astra-migrate-meta-layouts":"default","ast-page-background-enabled":"default","ast-page-background-meta":{"desktop":{"background-color":"var(--ast-global-color-4)","background-image":"","background-repeat":"repeat","background-position":"center center","background-size":"auto","background-attachment":"scroll","background-type":"","background-media":"","overlay-type":"","overlay-color":"","overlay-opacity":"","overlay-gradient":""},"tablet":{"background-color":"","background-image":"","background-repeat":"repeat","background-position":"center center","background-size":"auto","background-attachment":"scroll","background-type":"","background-media":"","overlay-type":"","overlay-color":"","overlay-opacity":"","overlay-gradient":""},"mobile":{"background-color":"","background-image":"","background-repeat":"repeat","background-position":"center center","background-size":"auto","background-attachment":"scroll","background-type":"","background-media":"","overlay-type":"","overlay-color":"","overlay-opacity":"","overlay-gradient":""}},"ast-content-background-meta":{"desktop":{"background-color":"var(--ast-global-color-5)","background-image":"","background-repeat":"repeat","background-position":"center center","background-size":"auto","background-attachment":"scroll","background-type":"","background-media":"","overlay-type":"","overlay-color":"","overlay-opacity":"","overlay-gradient":""},"tablet":{"background-color":"var(--ast-global-color-5)","background-image":"","background-repeat":"repeat","background-position":"center center","background-size":"auto","background-attachment":"scroll","background-type":"","background-media":"","overlay-type":"","overlay-color":"","overlay-opacity":"","overlay-gradient":""},"mobile":{"background-color":"var(--ast-global-color-5)","background-image":"","background-repeat":"repeat","background-position":"center center","background-size":"auto","background-attachment":"scroll","background-type":"","background-media":"","overlay-type":"","overlay-color":"","overlay-opacity":"","overlay-gradient":""}},"footnotes":""},"class_list":["post-322","page","type-page","status-publish","hentry"],"post_mailing_queue_ids":[],"_links":{"self":[{"href":"https:\/\/agora.xtec.cat\/iesjonqueres\/wp-json\/wp\/v2\/pages\/322","targetHints":{"allow":["GET"]}}],"collection":[{"href":"https:\/\/agora.xtec.cat\/iesjonqueres\/wp-json\/wp\/v2\/pages"}],"about":[{"href":"https:\/\/agora.xtec.cat\/iesjonqueres\/wp-json\/wp\/v2\/types\/page"}],"author":[{"embeddable":true,"href":"https:\/\/agora.xtec.cat\/iesjonqueres\/wp-json\/wp\/v2\/users\/1"}],"replies":[{"embeddable":true,"href":"https:\/\/agora.xtec.cat\/iesjonqueres\/wp-json\/wp\/v2\/comments?post=322"}],"version-history":[{"count":5,"href":"https:\/\/agora.xtec.cat\/iesjonqueres\/wp-json\/wp\/v2\/pages\/322\/revisions"}],"predecessor-version":[{"id":13645,"href":"https:\/\/agora.xtec.cat\/iesjonqueres\/wp-json\/wp\/v2\/pages\/322\/revisions\/13645"}],"up":[{"embeddable":true,"href":"https:\/\/agora.xtec.cat\/iesjonqueres\/wp-json\/wp\/v2\/pages\/57"}],"wp:attachment":[{"href":"https:\/\/agora.xtec.cat\/iesjonqueres\/wp-json\/wp\/v2\/media?parent=322"}],"curies":[{"name":"wp","href":"https:\/\/api.w.org\/{rel}","templated":true}]}}