{"id":16197,"date":"2023-02-08T21:51:05","date_gmt":"2023-02-08T20:51:05","guid":{"rendered":"https:\/\/agora.xtec.cat\/iesjonqueres\/?page_id=16197"},"modified":"2025-09-04T12:09:59","modified_gmt":"2025-09-04T10:09:59","slug":"2021-2022","status":"publish","type":"page","link":"https:\/\/agora.xtec.cat\/iesjonqueres\/fotografies-i-videos-del-centre\/2021-2022\/","title":{"rendered":"2021-2022"},"content":{"rendered":"<h5>Centre<\/h5>\n<ul>\n<li><span style=\"color: #000000;\"><a style=\"color: #000000;\" href=\"https:\/\/photos.app.goo.gl\/9kEFNcLBegEjj8p4A\"><span style=\"color: #000000;\">Concurs pastissos Castanyada<\/span><\/a><\/span><\/li>\n<li><span style=\"color: #000000;\"><a style=\"color: #000000;\" href=\"https:\/\/photos.app.goo.gl\/PWaGRxT2fxr5rDBm8\"><span style=\"color: #000000;\">Coneixement d&#8217;oficis<\/span><\/a><\/span><\/li>\n<li><span style=\"color: #000000;\"><a style=\"color: #000000;\" href=\"https:\/\/photos.app.goo.gl\/EniYar5eCeEwabKK6\"><span style=\"color: #000000;\">Dia per a l&#8217;eliminaci\u00f3 de la viol\u00e8ncia envers les dones<\/span><\/a><\/span><\/li>\n<li><span style=\"color: #000000;\"><a style=\"color: #000000;\" href=\"https:\/\/photos.app.goo.gl\/bWE5av8G7WoNBtVc7\"><span style=\"color: #000000;\">Festa d&#8217;hivern<\/span><\/a><\/span><\/li>\n<\/ul>\n<h5>1r d&#8217;ESO<\/h5>\n<ul>\n<li><span style=\"color: #000000;\"><a style=\"color: #000000;\" href=\"https:\/\/photos.app.goo.gl\/2CELy1wWtdz8mvmAA\"><span style=\"color: #000000;\">Sortida Mol\u00ed de Torrella<\/span><\/a><\/span><\/li>\n<li><a href=\"https:\/\/drive.google.com\/drive\/folders\/1-07xJzUSXb6zH66LCiLbr0c-S6_8mqdA\"> <span style=\"color: #000000;\">TICHIT: recompensa final<\/span><\/a><\/li>\n<\/ul>\n<h5>2n d&#8217;ESO<\/h5>\n<ul>\n<li><span style=\"color: #000000;\"><a style=\"color: #000000;\" href=\"https:\/\/photos.app.goo.gl\/XXEKf8TRhJSxaJZZ8\"><span style=\"color: #000000;\">Torrent de Togores<\/span><\/a><\/span><\/li>\n<\/ul>\n<h5>3r d&#8217;ESO<\/h5>\n<ul>\n<li><span style=\"color: #000000;\"><a style=\"color: #000000;\" href=\"https:\/\/photos.app.goo.gl\/tou8yyc3tqcjcfsp7\"><span style=\"color: #000000;\">Sant Juli\u00e0 d&#8217;Altura<\/span><\/a><\/span><\/li>\n<li><span style=\"color: #000000;\"><a style=\"color: #000000;\" href=\"https:\/\/photos.app.goo.gl\/z4LSnqmwTurCTzEUA\"><span style=\"color: #000000;\">Taller Kapla<\/span><\/a><\/span><\/li>\n<li><a href=\"https:\/\/drive.google.com\/drive\/folders\/1C1Ey0e7OZHT4fpwgTw4HbzvSgAV3cPUf?usp=drive_link\"><span style=\"color: #000000;\">TEATRE MUSICAL: L&#8217;espectacle ha de continuar<\/span><\/a><\/li>\n<\/ul>\n<h5>4t d&#8217;ESO<\/h5>\n<ul style=\"list-style-type: disc;\">\n<li><span style=\"color: #000000;\"><a style=\"color: #000000;\" href=\"https:\/\/photos.app.goo.gl\/nYUGUjPL2QRe24qq8\"><span style=\"color: #000000;\">Vapor Buxeda-Casa Turull<\/span><\/a><\/span><\/li>\n<\/ul>\n<h5>Batxillerat<\/h5>\n<ul>\n<li><span style=\"color: #000000;\"><a style=\"color: #000000;\" href=\"https:\/\/photos.app.goo.gl\/5d8gXsBhZSeNZTgL8\"><span style=\"color: #000000;\">Confer\u00e8ncia inauguraci\u00f3 de Batxillerat<\/span><\/a><\/span><\/li>\n<li><span style=\"color: #000000;\"><a style=\"color: #000000;\" href=\"https:\/\/photos.app.goo.gl\/9A9vZJH5pqGcFuf19\"><span style=\"color: #000000;\">Cultural Schoolnet Project Erasmus<\/span><\/a><\/span><\/li>\n<\/ul>\n","protected":false},"excerpt":{"rendered":"<p>Centre Concurs pastissos Castanyada Coneixement d&#8217;oficis Dia per a l&#8217;eliminaci\u00f3 de la viol\u00e8ncia envers les dones Festa d&#8217;hivern 1r d&#8217;ESO Sortida Mol\u00ed de Torrella TICHIT: recompensa final 2n d&#8217;ESO Torrent de Togores 3r d&#8217;ESO Sant Juli\u00e0 d&#8217;Altura Taller Kapla TEATRE MUSICAL: L&#8217;espectacle ha de continuar 4t d&#8217;ESO Vapor Buxeda-Casa Turull Batxillerat Confer\u00e8ncia inauguraci\u00f3 de Batxillerat [&hellip;]<\/p>\n","protected":false},"author":12,"featured_media":0,"parent":1079,"menu_order":4,"comment_status":"closed","ping_status":"closed","template":"","meta":{"_bbp_topic_count":0,"_bbp_reply_count":0,"_bbp_total_topic_count":0,"_bbp_total_reply_count":0,"_bbp_voice_count":0,"_bbp_anonymous_reply_count":0,"_bbp_topic_count_hidden":0,"_bbp_reply_count_hidden":0,"_bbp_forum_subforum_count":0,"site-sidebar-layout":"default","site-content-layout":"","ast-site-content-layout":"default","site-content-style":"default","site-sidebar-style":"default","ast-global-header-display":"","ast-banner-title-visibility":"","ast-main-header-display":"","ast-hfb-above-header-display":"","ast-hfb-below-header-display":"","ast-hfb-mobile-header-display":"","site-post-title":"","ast-breadcrumbs-content":"","ast-featured-img":"","footer-sml-layout":"","theme-transparent-header-meta":"default","adv-header-id-meta":"","stick-header-meta":"","header-above-stick-meta":"","header-main-stick-meta":"","header-below-stick-meta":"","astra-migrate-meta-layouts":"set","ast-page-background-enabled":"default","ast-page-background-meta":{"desktop":{"background-color":"var(--ast-global-color-4)","background-image":"","background-repeat":"repeat","background-position":"center center","background-size":"auto","background-attachment":"scroll","background-type":"","background-media":"","overlay-type":"","overlay-color":"","overlay-opacity":"","overlay-gradient":""},"tablet":{"background-color":"","background-image":"","background-repeat":"repeat","background-position":"center center","background-size":"auto","background-attachment":"scroll","background-type":"","background-media":"","overlay-type":"","overlay-color":"","overlay-opacity":"","overlay-gradient":""},"mobile":{"background-color":"","background-image":"","background-repeat":"repeat","background-position":"center center","background-size":"auto","background-attachment":"scroll","background-type":"","background-media":"","overlay-type":"","overlay-color":"","overlay-opacity":"","overlay-gradient":""}},"ast-content-background-meta":{"desktop":{"background-color":"var(--ast-global-color-5)","background-image":"","background-repeat":"repeat","background-position":"center center","background-size":"auto","background-attachment":"scroll","background-type":"","background-media":"","overlay-type":"","overlay-color":"","overlay-opacity":"","overlay-gradient":""},"tablet":{"background-color":"var(--ast-global-color-5)","background-image":"","background-repeat":"repeat","background-position":"center center","background-size":"auto","background-attachment":"scroll","background-type":"","background-media":"","overlay-type":"","overlay-color":"","overlay-opacity":"","overlay-gradient":""},"mobile":{"background-color":"var(--ast-global-color-5)","background-image":"","background-repeat":"repeat","background-position":"center center","background-size":"auto","background-attachment":"scroll","background-type":"","background-media":"","overlay-type":"","overlay-color":"","overlay-opacity":"","overlay-gradient":""}},"footnotes":""},"class_list":["post-16197","page","type-page","status-publish","hentry"],"post_mailing_queue_ids":[],"_links":{"self":[{"href":"https:\/\/agora.xtec.cat\/iesjonqueres\/wp-json\/wp\/v2\/pages\/16197","targetHints":{"allow":["GET"]}}],"collection":[{"href":"https:\/\/agora.xtec.cat\/iesjonqueres\/wp-json\/wp\/v2\/pages"}],"about":[{"href":"https:\/\/agora.xtec.cat\/iesjonqueres\/wp-json\/wp\/v2\/types\/page"}],"author":[{"embeddable":true,"href":"https:\/\/agora.xtec.cat\/iesjonqueres\/wp-json\/wp\/v2\/users\/12"}],"replies":[{"embeddable":true,"href":"https:\/\/agora.xtec.cat\/iesjonqueres\/wp-json\/wp\/v2\/comments?post=16197"}],"version-history":[{"count":6,"href":"https:\/\/agora.xtec.cat\/iesjonqueres\/wp-json\/wp\/v2\/pages\/16197\/revisions"}],"predecessor-version":[{"id":16993,"href":"https:\/\/agora.xtec.cat\/iesjonqueres\/wp-json\/wp\/v2\/pages\/16197\/revisions\/16993"}],"up":[{"embeddable":true,"href":"https:\/\/agora.xtec.cat\/iesjonqueres\/wp-json\/wp\/v2\/pages\/1079"}],"wp:attachment":[{"href":"https:\/\/agora.xtec.cat\/iesjonqueres\/wp-json\/wp\/v2\/media?parent=16197"}],"curies":[{"name":"wp","href":"https:\/\/api.w.org\/{rel}","templated":true}]}}