{"id":15637,"date":"2021-11-16T09:57:04","date_gmt":"2021-11-16T08:57:04","guid":{"rendered":"https:\/\/agora.xtec.cat\/iesjonqueres\/?page_id=15637"},"modified":"2021-12-01T10:01:07","modified_gmt":"2021-12-01T09:01:07","slug":"siad-orientacio-a-la-dona","status":"publish","type":"page","link":"https:\/\/agora.xtec.cat\/iesjonqueres\/recursos-per-families-i-alumnat\/siad-orientacio-a-la-dona\/","title":{"rendered":"Servei de G\u00e8nere, Feminismes i LGTBI"},"content":{"rendered":"<h2><\/h2>\n<p><img loading=\"lazy\" decoding=\"async\" class=\"size-full wp-image-15716 aligncenter\" src=\"https:\/\/agora.xtec.cat\/iesjonqueres\/wp-content\/uploads\/usu447\/2021\/11\/Screenshot-2021-11-30-12.41.38.png\" alt=\"\" width=\"791\" height=\"552\" srcset=\"https:\/\/agora.xtec.cat\/iesjonqueres\/wp-content\/uploads\/usu447\/2021\/11\/Screenshot-2021-11-30-12.41.38.png 791w, https:\/\/agora.xtec.cat\/iesjonqueres\/wp-content\/uploads\/usu447\/2021\/11\/Screenshot-2021-11-30-12.41.38-300x209.png 300w, https:\/\/agora.xtec.cat\/iesjonqueres\/wp-content\/uploads\/usu447\/2021\/11\/Screenshot-2021-11-30-12.41.38-768x536.png 768w\" sizes=\"auto, (max-width: 791px) 100vw, 791px\" \/><\/p>\n<h3>SIAD<\/h3>\n<p>Ofereix atenci\u00f3 integral a les dones que pateixen algun tipus de discriminaci\u00f3 o viol\u00e8ncia, i als seus fills i filles<\/p>\n<h4>Servei d&#8217;informaci\u00f3,\u00a0 Atenci\u00f3 i Acompanyament LGTBI<\/h4>\n<p>Adre\u00e7at a persones lesbianes, gais, transsexuals, bisexuals i intersexuals, i a persones del seu voltant que necessitin assessorament o orientaci\u00f3 especialitzada<\/p>\n<h2>CONTACTE\u00a0\u00a0\u00a0\u00a0\u00a0\u00a0\u00a0\u00a0\u00a0\u00a0\u00a0\u00a0\u00a0\u00a0\u00a0\u00a0\u00a0\u00a0\u00a0\u00a0\u00a0\u00a0<wbr \/><\/h2>\n<ul style=\"list-style-type: circle;\">\n<li>Adre\u00e7a: C. de Vidal, 146<\/li>\n<li><a href=\"https:\/\/web.sabadell.cat\/genere\/siad\">Web<\/a><\/li>\n<li>Tel\u00e8fon: 93 724 61 67<\/li>\n<li>Correu-e:\u00a0<span id=\"m_8100479803223044521gmail-cloak220cc09732d15a9107395d690862ddf3\"><a href=\"mailto:genere@ajsabadell.cat\" target=\"_blank\" rel=\"noopener\">genere@ajsabadell.<wbr \/>cat<\/a><\/span><\/li>\n<li>Matins : de dilluns a divendres de 9 a 14 h<\/li>\n<li>Tardes: de dilluns a dijous de 15 a 17.30 h<\/li>\n<li>En per\u00edodes d&#8217;horari intensiu, de 9 a 14 h de dilluns a divendres<\/li>\n<\/ul>\n","protected":false},"excerpt":{"rendered":"<p>SIAD Ofereix atenci\u00f3 integral a les dones que pateixen algun tipus de discriminaci\u00f3 o viol\u00e8ncia, i als seus fills i filles Servei d&#8217;informaci\u00f3,\u00a0 Atenci\u00f3 i Acompanyament LGTBI Adre\u00e7at a persones lesbianes, gais, transsexuals, bisexuals i intersexuals, i a persones del seu voltant que necessitin assessorament o orientaci\u00f3 especialitzada CONTACTE\u00a0\u00a0\u00a0\u00a0\u00a0\u00a0\u00a0\u00a0\u00a0\u00a0\u00a0\u00a0\u00a0\u00a0\u00a0\u00a0\u00a0\u00a0\u00a0\u00a0\u00a0\u00a0 Adre\u00e7a: C. de Vidal, 146 Web [&hellip;]<\/p>\n","protected":false},"author":1,"featured_media":0,"parent":15595,"menu_order":0,"comment_status":"closed","ping_status":"closed","template":"","meta":{"_bbp_topic_count":0,"_bbp_reply_count":0,"_bbp_total_topic_count":0,"_bbp_total_reply_count":0,"_bbp_voice_count":0,"_bbp_anonymous_reply_count":0,"_bbp_topic_count_hidden":0,"_bbp_reply_count_hidden":0,"_bbp_forum_subforum_count":0,"site-sidebar-layout":"default","site-content-layout":"","ast-site-content-layout":"","site-content-style":"default","site-sidebar-style":"default","ast-global-header-display":"","ast-banner-title-visibility":"","ast-main-header-display":"","ast-hfb-above-header-display":"","ast-hfb-below-header-display":"","ast-hfb-mobile-header-display":"","site-post-title":"","ast-breadcrumbs-content":"","ast-featured-img":"","footer-sml-layout":"","theme-transparent-header-meta":"","adv-header-id-meta":"","stick-header-meta":"","header-above-stick-meta":"","header-main-stick-meta":"","header-below-stick-meta":"","astra-migrate-meta-layouts":"default","ast-page-background-enabled":"default","ast-page-background-meta":{"desktop":{"background-color":"var(--ast-global-color-4)","background-image":"","background-repeat":"repeat","background-position":"center center","background-size":"auto","background-attachment":"scroll","background-type":"","background-media":"","overlay-type":"","overlay-color":"","overlay-opacity":"","overlay-gradient":""},"tablet":{"background-color":"","background-image":"","background-repeat":"repeat","background-position":"center center","background-size":"auto","background-attachment":"scroll","background-type":"","background-media":"","overlay-type":"","overlay-color":"","overlay-opacity":"","overlay-gradient":""},"mobile":{"background-color":"","background-image":"","background-repeat":"repeat","background-position":"center center","background-size":"auto","background-attachment":"scroll","background-type":"","background-media":"","overlay-type":"","overlay-color":"","overlay-opacity":"","overlay-gradient":""}},"ast-content-background-meta":{"desktop":{"background-color":"var(--ast-global-color-5)","background-image":"","background-repeat":"repeat","background-position":"center center","background-size":"auto","background-attachment":"scroll","background-type":"","background-media":"","overlay-type":"","overlay-color":"","overlay-opacity":"","overlay-gradient":""},"tablet":{"background-color":"var(--ast-global-color-5)","background-image":"","background-repeat":"repeat","background-position":"center center","background-size":"auto","background-attachment":"scroll","background-type":"","background-media":"","overlay-type":"","overlay-color":"","overlay-opacity":"","overlay-gradient":""},"mobile":{"background-color":"var(--ast-global-color-5)","background-image":"","background-repeat":"repeat","background-position":"center center","background-size":"auto","background-attachment":"scroll","background-type":"","background-media":"","overlay-type":"","overlay-color":"","overlay-opacity":"","overlay-gradient":""}},"footnotes":""},"class_list":["post-15637","page","type-page","status-publish","hentry"],"post_mailing_queue_ids":[],"_links":{"self":[{"href":"https:\/\/agora.xtec.cat\/iesjonqueres\/wp-json\/wp\/v2\/pages\/15637","targetHints":{"allow":["GET"]}}],"collection":[{"href":"https:\/\/agora.xtec.cat\/iesjonqueres\/wp-json\/wp\/v2\/pages"}],"about":[{"href":"https:\/\/agora.xtec.cat\/iesjonqueres\/wp-json\/wp\/v2\/types\/page"}],"author":[{"embeddable":true,"href":"https:\/\/agora.xtec.cat\/iesjonqueres\/wp-json\/wp\/v2\/users\/1"}],"replies":[{"embeddable":true,"href":"https:\/\/agora.xtec.cat\/iesjonqueres\/wp-json\/wp\/v2\/comments?post=15637"}],"version-history":[{"count":3,"href":"https:\/\/agora.xtec.cat\/iesjonqueres\/wp-json\/wp\/v2\/pages\/15637\/revisions"}],"predecessor-version":[{"id":15720,"href":"https:\/\/agora.xtec.cat\/iesjonqueres\/wp-json\/wp\/v2\/pages\/15637\/revisions\/15720"}],"up":[{"embeddable":true,"href":"https:\/\/agora.xtec.cat\/iesjonqueres\/wp-json\/wp\/v2\/pages\/15595"}],"wp:attachment":[{"href":"https:\/\/agora.xtec.cat\/iesjonqueres\/wp-json\/wp\/v2\/media?parent=15637"}],"curies":[{"name":"wp","href":"https:\/\/api.w.org\/{rel}","templated":true}]}}