{"id":15459,"date":"2021-10-14T12:12:56","date_gmt":"2021-10-14T10:12:56","guid":{"rendered":"https:\/\/agora.xtec.cat\/iesjonqueres\/?page_id=15459"},"modified":"2023-02-21T08:10:13","modified_gmt":"2023-02-21T07:10:13","slug":"teatre-musical","status":"publish","type":"page","link":"https:\/\/agora.xtec.cat\/iesjonqueres\/projectes-de-centre\/teatre-musical\/","title":{"rendered":"Teatre Musical"},"content":{"rendered":"<p style=\"text-align: justify;\"><span style=\"font-weight: 400;\">El curs 2018-2019 comen\u00e7a a l\u2019institut el projecte de Teatre Musical per a l\u2019alumnat de 3r d\u2019ESO.<\/span><\/p>\n<p style=\"text-align: justify;\"><span style=\"font-weight: 400;\">L\u2019objectiu d\u2019aquest projecte \u00e9s dissenyar, produir i posar en escena un espectacle de teatre musical en el qual cada alumne de 3r d\u2019ESO desenvolupa una tasca que el fa sentir part integrant i imprescindible.<\/span><\/p>\n<p style=\"text-align: justify;\"><span style=\"font-size: 14pt;\"><b>Per qu\u00e8 teatre musical?<\/b><\/span><br \/>\n<a href=\"https:\/\/agora.xtec.cat\/iesjonqueres\/wp-content\/uploads\/usu447\/2023\/02\/3C-Alvarogirls-scaled.jpg\"><img loading=\"lazy\" decoding=\"async\" class=\"alignright wp-image-16343\" src=\"https:\/\/agora.xtec.cat\/iesjonqueres\/wp-content\/uploads\/usu447\/2023\/02\/3C-Alvarogirls-1024x659.jpg\" alt=\"\" width=\"495\" height=\"319\" \/><\/a><span style=\"font-weight: 400;\">Els beneficis de les arts en el desenvolupament integral de l\u2019alumne s\u00f3n molts i variats.\u00a0<\/span><\/p>\n<p style=\"text-align: justify;\"><span style=\"font-weight: 400;\">D\u2019una banda, la <span style=\"color: #c94444;\">m\u00fasica<\/span>, el <span style=\"color: #c94444;\">teatre<\/span> i la <span style=\"color: #c94444;\">dansa<\/span> milloren les capacitats comunicatives, afavoreixen la mem\u00f2ria, la concentraci\u00f3 i l&#8217;atenci\u00f3, alhora que desenvolupen l\u2019empatia, la capacitat d\u2019escoltar els altres i l\u2019autoconfian\u00e7a. Ajuden l\u2019alumnat a entendre la import\u00e0ncia del treball en equip i els permet establir vincles diferents, entre ells i amb el professorat, als que s\u2019estableixen en l\u2019\u00e0mbit purament acad\u00e8mic.<\/span><\/p>\n<p style=\"text-align: justify;\"><span style=\"font-weight: 400;\">D\u2019altra banda, la complexitat de la producci\u00f3 d\u2019un espectacle de teatre musical ens permet oferir un ampli ventall de tasques entre les quals cada alumne pot triar aquella amb qu\u00e8 implicar-se en el projecte.\u00a0<\/span><\/p>\n<p style=\"text-align: justify;\"><span style=\"font-size: 14pt;\"><b>Com \u00e9s aquest projecte?<br \/>\n<span style=\"font-weight: 400; font-size: 12pt;\"><span style=\"font-weight: 400;\"> El desenvolupament d\u2019aquest projecte ens ocupa tot un curs escolar.<a href=\"https:\/\/agora.xtec.cat\/iesjonqueres\/wp-content\/uploads\/usu447\/2023\/02\/TM-Cantant.png\"><img loading=\"lazy\" decoding=\"async\" class=\" wp-image-16352 alignleft\" src=\"https:\/\/agora.xtec.cat\/iesjonqueres\/wp-content\/uploads\/usu447\/2023\/02\/TM-Cantant.png\" alt=\"\" width=\"238\" height=\"338\" srcset=\"https:\/\/agora.xtec.cat\/iesjonqueres\/wp-content\/uploads\/usu447\/2023\/02\/TM-Cantant.png 466w, https:\/\/agora.xtec.cat\/iesjonqueres\/wp-content\/uploads\/usu447\/2023\/02\/TM-Cantant-211x300.png 211w\" sizes=\"auto, (max-width: 238px) 100vw, 238px\" \/><\/a><br \/>\n<\/span><\/span><\/b><\/span><\/p>\n<p style=\"text-align: justify;\">La gestaci\u00f3 i desenvolupament de l\u2019espectacle es treballa des de les assignatures de <strong><span style=\"color: #c94444;\">catal\u00e0<\/span> <\/strong>i <strong><span style=\"color: #c94444;\">m\u00fasica<\/span><\/strong>. En aquest primer moment, tots els alumnes treballen en la idea i construcci\u00f3 del gui\u00f3 i en la tria i execuci\u00f3 de les can\u00e7ons.\u00a0\u00a0<span style=\"font-weight: 400;\">Un cop ja s\u2019ha definit el gui\u00f3 de l\u2019espectacle, es comen\u00e7a a treballar des de la resta d\u2019assignatures implicades: a <span style=\"color: #c94444;\">educaci\u00f3 f\u00edsica<\/span>, la coreografia; a <span style=\"color: #c94444;\">tecnologia<\/span>, l\u2019escenografia digital i els efectes sonors; a <span style=\"color: #c94444;\">castell\u00e0<\/span>, el suport de la part interpretativa i a <span style=\"color: #c94444;\">angl\u00e8s<\/span>,\u00a0 les can\u00e7ons en aquest idioma.\u00a0\u00a0<\/span><\/p>\n<p style=\"text-align: justify;\"><span style=\"font-weight: 400;\">Cada alumne \u00e9s responsable d\u2019una part de l\u2019espectacle i \u00e9s per aquest motiu que tothom pot trobar el seu lloc en aquest projecte. Aquestes s\u00f3n les tasques necess\u00e0ries i imprescindibles per dur-lo\u00a0 a terme i que cadascun dels alumnes assumeix: actors principals i secundaris; t\u00e8cnics de so, de llums, d\u2019efectes digitals, d\u2019efectes especials; encarregats de vestuari, perruqueria, maquillatge; responsables de sala, de taquilla; regidor d\u2019escena, apuntador; responsable de comunicaci\u00f3 i publicitat.<\/span><\/p>\n<p>&nbsp;<\/p>\n<p style=\"text-align: justify;\"><span style=\"color: #e06565;\">Curs 21-22<\/span><\/p>\n<p style=\"text-align: justify;\"><iframe loading=\"lazy\" src=\"https:\/\/drive.google.com\/file\/d\/1TwnuTttEUdRzzF8CRL0-87GpDzsu3cIK\/preview\" width=\"720\" height=\"480\"><span data-mce-type=\"bookmark\" style=\"display: inline-block; width: 0px; overflow: hidden; line-height: 0;\" class=\"mce_SELRES_start\">\ufeff<\/span><\/iframe><\/p>\n<p style=\"text-align: justify;\"><iframe loading=\"lazy\" src=\"https:\/\/drive.google.com\/file\/d\/1rBq6J4_BYF8fGk4NE3yeP_yRSITc818_\/preview\" width=\"720\" height=\"480\"><span data-mce-type=\"bookmark\" style=\"display: inline-block; width: 0px; overflow: hidden; line-height: 0;\" class=\"mce_SELRES_start\">\ufeff<\/span><\/iframe><\/p>\n<p style=\"text-align: justify;\"><iframe loading=\"lazy\" src=\"https:\/\/drive.google.com\/file\/d\/1mNt2jrtJf9KAbt6SLxt_CwLUet5mnY-C\/preview\" width=\"720\" height=\"480\"><\/iframe><\/p>\n<p style=\"text-align: justify;\"><span style=\"color: #e06565;\">Curs 20-21<\/span><\/p>\n<p style=\"text-align: justify;\"><iframe loading=\"lazy\" src=\"https:\/\/drive.google.com\/file\/d\/1LcsXZRofDXLdHtHP2MbDt-z0rOFo9sRQ\/preview\" width=\"720\" height=\"480\"><\/iframe><\/p>\n<p style=\"text-align: justify;\"><iframe loading=\"lazy\" src=\"https:\/\/drive.google.com\/file\/d\/15g2WptGmK8YiyfnDL97OTqFncqZsYGCv\/preview\" width=\"720\" height=\"480\"><\/iframe><\/p>\n<p style=\"text-align: justify;\"><iframe loading=\"lazy\" src=\"https:\/\/drive.google.com\/file\/d\/12OjFmGdEbY7HLcKIUi4mIc9PPEIma91M\/preview\" width=\"720\" height=\"480\"><\/iframe><\/p>\n<p style=\"text-align: justify;\"><iframe loading=\"lazy\" src=\"https:\/\/drive.google.com\/file\/d\/1NmAs-lMcxfZtabdUKbr_3SSTaAl9e6mk\/preview\" width=\"720\" height=\"480\"><\/iframe><\/p>\n<p style=\"text-align: justify;\">\n","protected":false},"excerpt":{"rendered":"<p>El curs 2018-2019 comen\u00e7a a l\u2019institut el projecte de Teatre Musical per a l\u2019alumnat de 3r d\u2019ESO. L\u2019objectiu d\u2019aquest projecte \u00e9s dissenyar, produir i posar en escena un espectacle de teatre musical en el qual cada alumne de 3r d\u2019ESO desenvolupa una tasca que el fa sentir part integrant i imprescindible. Per qu\u00e8 teatre musical? [&hellip;]<\/p>\n","protected":false},"author":1,"featured_media":0,"parent":57,"menu_order":100,"comment_status":"closed","ping_status":"closed","template":"page-templates\/side-menu.php","meta":{"_bbp_topic_count":0,"_bbp_reply_count":0,"_bbp_total_topic_count":0,"_bbp_total_reply_count":0,"_bbp_voice_count":0,"_bbp_anonymous_reply_count":0,"_bbp_topic_count_hidden":0,"_bbp_reply_count_hidden":0,"_bbp_forum_subforum_count":0,"site-sidebar-layout":"default","site-content-layout":"","ast-site-content-layout":"","site-content-style":"default","site-sidebar-style":"default","ast-global-header-display":"","ast-banner-title-visibility":"","ast-main-header-display":"","ast-hfb-above-header-display":"","ast-hfb-below-header-display":"","ast-hfb-mobile-header-display":"","site-post-title":"","ast-breadcrumbs-content":"","ast-featured-img":"","footer-sml-layout":"","theme-transparent-header-meta":"","adv-header-id-meta":"","stick-header-meta":"","header-above-stick-meta":"","header-main-stick-meta":"","header-below-stick-meta":"","astra-migrate-meta-layouts":"default","ast-page-background-enabled":"default","ast-page-background-meta":{"desktop":{"background-color":"var(--ast-global-color-4)","background-image":"","background-repeat":"repeat","background-position":"center center","background-size":"auto","background-attachment":"scroll","background-type":"","background-media":"","overlay-type":"","overlay-color":"","overlay-opacity":"","overlay-gradient":""},"tablet":{"background-color":"","background-image":"","background-repeat":"repeat","background-position":"center center","background-size":"auto","background-attachment":"scroll","background-type":"","background-media":"","overlay-type":"","overlay-color":"","overlay-opacity":"","overlay-gradient":""},"mobile":{"background-color":"","background-image":"","background-repeat":"repeat","background-position":"center center","background-size":"auto","background-attachment":"scroll","background-type":"","background-media":"","overlay-type":"","overlay-color":"","overlay-opacity":"","overlay-gradient":""}},"ast-content-background-meta":{"desktop":{"background-color":"var(--ast-global-color-5)","background-image":"","background-repeat":"repeat","background-position":"center center","background-size":"auto","background-attachment":"scroll","background-type":"","background-media":"","overlay-type":"","overlay-color":"","overlay-opacity":"","overlay-gradient":""},"tablet":{"background-color":"var(--ast-global-color-5)","background-image":"","background-repeat":"repeat","background-position":"center center","background-size":"auto","background-attachment":"scroll","background-type":"","background-media":"","overlay-type":"","overlay-color":"","overlay-opacity":"","overlay-gradient":""},"mobile":{"background-color":"var(--ast-global-color-5)","background-image":"","background-repeat":"repeat","background-position":"center center","background-size":"auto","background-attachment":"scroll","background-type":"","background-media":"","overlay-type":"","overlay-color":"","overlay-opacity":"","overlay-gradient":""}},"footnotes":""},"class_list":["post-15459","page","type-page","status-publish","hentry"],"post_mailing_queue_ids":[],"_links":{"self":[{"href":"https:\/\/agora.xtec.cat\/iesjonqueres\/wp-json\/wp\/v2\/pages\/15459","targetHints":{"allow":["GET"]}}],"collection":[{"href":"https:\/\/agora.xtec.cat\/iesjonqueres\/wp-json\/wp\/v2\/pages"}],"about":[{"href":"https:\/\/agora.xtec.cat\/iesjonqueres\/wp-json\/wp\/v2\/types\/page"}],"author":[{"embeddable":true,"href":"https:\/\/agora.xtec.cat\/iesjonqueres\/wp-json\/wp\/v2\/users\/1"}],"replies":[{"embeddable":true,"href":"https:\/\/agora.xtec.cat\/iesjonqueres\/wp-json\/wp\/v2\/comments?post=15459"}],"version-history":[{"count":5,"href":"https:\/\/agora.xtec.cat\/iesjonqueres\/wp-json\/wp\/v2\/pages\/15459\/revisions"}],"predecessor-version":[{"id":16339,"href":"https:\/\/agora.xtec.cat\/iesjonqueres\/wp-json\/wp\/v2\/pages\/15459\/revisions\/16339"}],"up":[{"embeddable":true,"href":"https:\/\/agora.xtec.cat\/iesjonqueres\/wp-json\/wp\/v2\/pages\/57"}],"wp:attachment":[{"href":"https:\/\/agora.xtec.cat\/iesjonqueres\/wp-json\/wp\/v2\/media?parent=15459"}],"curies":[{"name":"wp","href":"https:\/\/api.w.org\/{rel}","templated":true}]}}