{"id":7806,"date":"2023-01-24T13:36:09","date_gmt":"2023-01-24T12:36:09","guid":{"rendered":"https:\/\/agora.xtec.cat\/iesjoaquimmir\/?page_id=7806"},"modified":"2024-10-29T16:24:52","modified_gmt":"2024-10-29T15:24:52","slug":"faqs-preguntes-frequents","status":"publish","type":"page","link":"https:\/\/agora.xtec.cat\/iesjoaquimmir\/intprojects\/erasmus\/faqs-preguntes-frequents\/","title":{"rendered":"FAQS: Preguntes Freq\u00fcents"},"content":{"rendered":"<ul>\n<li aria-level=\"1\"><b>N\u00famero beques:<\/b><\/li>\n<\/ul>\n<p>El n\u00famero de beques se sol\u00b7licita a la Uni\u00f3 Europea cada curs i varia d&#8217;un any a l&#8217;altre. Es sol\u00b7liciten beques per alumnat i professorat de grau mitj\u00e0 i de de grau superior.<\/p>\n<ul>\n<li aria-level=\"1\"><b>Reunions amb els alumnes:<\/b><\/li>\n<\/ul>\n<p><span style=\"font-weight: 400;\">S\u00f3n obligat\u00f2ries!<\/span><\/p>\n<p><span style=\"font-weight: 400;\">La idea en aquests tipus de programes \u00e9s que <strong>l&#8217;alumne\/a es responsabilitzi<\/strong> i vagi adquirint les capacitats clau que tot aix\u00f2 comporta, anar a reunions,\u00a0 preocupar-se dels documents i donar-los en els per\u00edodes que se&#8217;ls demana&#8230;\u00a0 prendre consci\u00e8ncia de que son els alumnes els que s&#8217;han de responsabilitzar, perqu\u00e8 en definitiva s\u00f3n els alumnes els que marxaran.<\/span><\/p>\n<ul>\n<li aria-level=\"1\"><b>Classes Angl\u00e8s<\/b><\/li>\n<\/ul>\n<p><b>Classe d\u2019angl\u00e8s presencials<\/b><span style=\"font-weight: 400;\">, com a valor afegit:<\/span><\/p>\n<ul>\n<li style=\"list-style-type: none;\">\n<ul>\n<li aria-level=\"1\">Amb un professor d&#8217;angl\u00e8s.<\/li>\n<li style=\"font-weight: 400;\" aria-level=\"1\"><span style=\"font-weight: 400;\">Generalment s\u00f3n de gener a maig, 1h\/setmana.<\/span><\/li>\n<li aria-level=\"1\">Obligat\u00f2ries si no es t\u00e9 un certificat\/t\u00edtol d&#8217;idiomes que demostri que t\u00e9 un cert nivell.<\/li>\n<\/ul>\n<\/li>\n<\/ul>\n<p><b>Qu\u00e8 \u00e9s el curs OLS:<\/b><\/p>\n<ul>\n<li style=\"list-style-type: none;\">\n<ul>\n<li style=\"font-weight: 400;\" aria-level=\"1\"><span style=\"font-weight: 400;\">Les sigles volen dir Online Language Support.<\/span><\/li>\n<li style=\"font-weight: 400;\" aria-level=\"1\"><span style=\"font-weight: 400;\">\u00c9s un curs on-line que proporciona la Uni\u00f3 Europea i on us podreu donar d&#8217;alta dins del programa Erasmus+ per tal de millorar una mica l&#8217;idioma del pa\u00eds dest\u00ed.<\/span><\/li>\n<\/ul>\n<\/li>\n<\/ul>\n<p>&nbsp;<\/p>\n<ul>\n<li><b>Quan rebre els diners de la beca?<\/b>\n<ul>\n<li>Els diners de la beca sempre es reben ABANS d&#8217;iniciar la mobilitat, de manera que si heu de comprar els vols, ja tingueu els diners per fer-ho.<\/li>\n<\/ul>\n<\/li>\n<\/ul>\n<p>&nbsp;<\/p>\n<ul>\n<li><b>Quan s&#8217;inicien les mobilitats?<\/b><\/li>\n<\/ul>\n<p>Generalment \u00e9s:<\/p>\n<ul>\n<li style=\"list-style-type: none;\">\n<ul>\n<li>GRAU MITJ\u00c0:\u00a0 \u00a0finals maig\/juny. La beca \u00e9s de 32 dies.<\/li>\n<li>GRAU SUPERIOR: finals maig\/juny i juliol. La beca \u00e9s de 60 dies.<\/li>\n<\/ul>\n<\/li>\n<\/ul>\n<p>&nbsp;<\/p>\n<ul>\n<li aria-level=\"1\"><b>Quines seran les destinacions? La puc triar?<\/b>\n<ul>\n<li><span style=\"font-weight: 400;\">Cada any poden variar ja que depenem de quins socis tenim aquell curs.<\/span><\/li>\n<li>Els pa\u00efsos a on han realitzat Erasmus+ els nostres alumnes des del 2015 s\u00f3n: <a style=\"font-family: inherit; font-size: 1em;\" href=\"https:\/\/www.google.com\/maps\/d\/u\/1\/edit?mid=1nzfG76t0oagdGKNNsL-vKiZPUyxTKMDw&amp;ll=42.60853955354681%2C8.289013799999967&amp;z=4\">pa\u00efsos socis<\/a><\/li>\n<li>No es pot triar la destinaci\u00f3 del Erasmus+, tot i que s&#8217;intentar\u00e0 tenir en compte les prefer\u00e8ncies de l&#8217;alumne\/a.<\/li>\n<\/ul>\n<\/li>\n<\/ul>\n<p>&nbsp;<\/p>\n<ul>\n<li><strong>De qu\u00e8 dependr\u00e0 un pa\u00eds o un altre?<\/strong>\n<ul>\n<li style=\"font-weight: 400;\" aria-level=\"2\"><span style=\"font-weight: 400;\">Dels diners de la beca, ja que a grau superior amb els diners de la beca no es cobreix les despeses de la mobilitat.<\/span><\/li>\n<li style=\"font-weight: 400;\" aria-level=\"2\"><span style=\"font-weight: 400;\">Trobar lloc de pr\u00e0ctiques adequats segons la fam\u00edlia professional.<\/span><\/li>\n<\/ul>\n<\/li>\n<\/ul>\n<ul>\n<li aria-level=\"1\"><b>Concurs bones pr\u00e0ctiques millor alumne\/a Erasmus+<\/b><\/li>\n<\/ul>\n<p><span style=\"font-weight: 400;\">\u00a0<\/span><a href=\"http:\/\/sepie.es\/\"><span style=\"font-weight: 400;\">Sepie<\/span><\/a><span style=\"font-weight: 400;\"> (<\/span><span style=\"font-weight: 400;\">Servicio Espa\u00f1ol para la Internacionalizaci\u00f3n de la Educaci\u00f3n<\/span><span style=\"font-weight: 400;\">) fa un reconeixement de Bones Pr\u00e0ctiques dels alumnes que han realitzat un Erasmus+. <\/span><\/p>\n<p><span style=\"font-weight: 400;\">L\u2019Institut Joaquim Mir hi participa cada any amb algun alumne\/a que hagin realitzat un Erasmus+ el curs anterior i que hagi destacat per algun tret; en quan a la realitzaci\u00f3 de bones pr\u00e0ctiques, les sinergies que s&#8217;hagin creat&#8230; Es redacta una mem\u00f2ria juntament amb l\u2019alumne\/a i la presentem en les jornades que es celebren a Madrid.<\/span><\/p>\n","protected":false},"excerpt":{"rendered":"<ul>\n<li aria-level=\"1\">N\u00famero beques:<\/li>\n<\/ul>\n<p>El n\u00famero de beques se sol\u00b7licita a la Uni\u00f3 Europea cada curs i varia d&#8217;un any a l&#8217;altre. Es sol\u00b7liciten beques per alumnat i professorat de grau mitj\u00e0 i de de grau superior.<\/p>\n<ul>\n<li aria-level=\"1\">Reunions amb els alumnes:<\/li>\n<\/ul>\n<p>S\u00f3n obligat\u00f2ries!<br \/>\nLa idea en aquests tipus de&hellip;  <a href=\"https:\/\/agora.xtec.cat\/iesjoaquimmir\/intprojects\/erasmus\/faqs-preguntes-frequents\/\" title=\"Read FAQS: Preguntes Freq\u00fcents\">Llegeix m\u00e9s\u00bb<\/a><\/p>\n","protected":false},"author":13,"featured_media":0,"parent":451,"menu_order":0,"comment_status":"closed","ping_status":"closed","template":"","meta":{"_bbp_topic_count":0,"_bbp_reply_count":0,"_bbp_total_topic_count":0,"_bbp_total_reply_count":0,"_bbp_voice_count":0,"_bbp_anonymous_reply_count":0,"_bbp_topic_count_hidden":0,"_bbp_reply_count_hidden":0,"_bbp_forum_subforum_count":0,"footnotes":""},"class_list":["post-7806","page","type-page","status-publish","hentry"],"post_mailing_queue_ids":[],"_links":{"self":[{"href":"https:\/\/agora.xtec.cat\/iesjoaquimmir\/wp-json\/wp\/v2\/pages\/7806","targetHints":{"allow":["GET"]}}],"collection":[{"href":"https:\/\/agora.xtec.cat\/iesjoaquimmir\/wp-json\/wp\/v2\/pages"}],"about":[{"href":"https:\/\/agora.xtec.cat\/iesjoaquimmir\/wp-json\/wp\/v2\/types\/page"}],"author":[{"embeddable":true,"href":"https:\/\/agora.xtec.cat\/iesjoaquimmir\/wp-json\/wp\/v2\/users\/13"}],"replies":[{"embeddable":true,"href":"https:\/\/agora.xtec.cat\/iesjoaquimmir\/wp-json\/wp\/v2\/comments?post=7806"}],"version-history":[{"count":4,"href":"https:\/\/agora.xtec.cat\/iesjoaquimmir\/wp-json\/wp\/v2\/pages\/7806\/revisions"}],"predecessor-version":[{"id":9910,"href":"https:\/\/agora.xtec.cat\/iesjoaquimmir\/wp-json\/wp\/v2\/pages\/7806\/revisions\/9910"}],"up":[{"embeddable":true,"href":"https:\/\/agora.xtec.cat\/iesjoaquimmir\/wp-json\/wp\/v2\/pages\/451"}],"wp:attachment":[{"href":"https:\/\/agora.xtec.cat\/iesjoaquimmir\/wp-json\/wp\/v2\/media?parent=7806"}],"curies":[{"name":"wp","href":"https:\/\/api.w.org\/{rel}","templated":true}]}}