{"id":721,"date":"2016-03-03T06:38:04","date_gmt":"2016-03-03T05:38:04","guid":{"rendered":"http:\/\/agora.xtec.cat\/iesjoaquimmir\/?page_id=721"},"modified":"2025-03-31T20:43:40","modified_gmt":"2025-03-31T18:43:40","slug":"desenvolupament-daplicacions-web","status":"publish","type":"page","link":"https:\/\/agora.xtec.cat\/iesjoaquimmir\/ensenyaments\/cicles-formatius\/grau-superior\/desenvolupament-daplicacions-web\/","title":{"rendered":"Desenvolupament d&#8217;Aplicacions Web"},"content":{"rendered":"<div id=\"textApartat\">\n<p><strong>T\u00e8cnic o t\u00e8cnica superior en desenvolupament d&#8217;aplicacions web<\/strong><\/p>\n<p><a href=\"https:\/\/agora.xtec.cat\/iesjoaquimmir\/wp-content\/uploads\/usu530\/2020\/05\/Tr\u00edptic-DAW-1.pdf\" target=\"_blank\" rel=\"noopener noreferrer\"><img loading=\"lazy\" decoding=\"async\" class=\"alignnone wp-image-344 size-full\" src=\"https:\/\/agora.xtec.cat\/iesjoaquimmir\/wp-content\/uploads\/usu530\/2015\/10\/logo_DAW.jpg\" alt=\"logo_DAW\" width=\"203\" height=\"249\" \/><\/a><\/p>\n<p>Aquests estudis postobligatoris capaciten per desenvolupar, implantar i mantenir aplicacions web, amb independ\u00e8ncia del model emprat i utilitzant tecnologies espec\u00edfiques, garantint l&#8217;acc\u00e9s a les dades de forma segura i complint els criteris d&#8217;accessibilitat, usabilitat i qualitat exigides en els est\u00e0ndards establerts.<\/p>\n<p>Tenen una durada de 2.000 hores (1485 hores en el centre educatiu i 515 hores <span lang=\"ca-ES\">d&#8217;estada a l&#8217;empresa simult\u00e0niament<\/span>) distribu\u00efdes en <strong>dos cursos <\/strong>acad\u00e8mics.<\/p>\n<p><strong>Continguts:<\/strong><\/p>\n<ul>\n<li>0373. Llenguatges de marques i sistemes de gesti\u00f3 d\u2019informaci\u00f3.<\/li>\n<li>0483. Sistemes inform\u00e0tics.<\/li>\n<li>0484. Bases de dades.<\/li>\n<li>0485. Programaci\u00f3.<\/li>\n<li>0487. Entorns de desenvolupament.<\/li>\n<li>0612. Desenvolupament web en entorn client.<\/li>\n<li>0613. Desenvolupament web en entorn servidor.<\/li>\n<li>0614. Desplegament d\u2019aplicacions web.<\/li>\n<li>0615. Disseny d\u2019interf\u00edcies web.<\/li>\n<li>0179. Angl\u00e8s professional.<\/li>\n<li>1665: Digitalitzaci\u00f3 aplicada als sectors productius.<\/li>\n<li>1708: Sostenibilitat aplicada al sistema productiu.<\/li>\n<li>1709: Itinerari per a l&#8217;ocupabilitat I.<\/li>\n<li>1710: Itinerari per a l&#8217;ocupabilitat II.<\/li>\n<li>0616. Projecte intermodular de desenvolupament d\u2019aplicacions web.<\/li>\n<li>MOPT: M\u00f2dul escollit pel centre.<\/li>\n<\/ul>\n<div class=\"bulletsGenerals\">\n<h3>Vies acc\u00e9s<\/h3>\n<p>Tenen <strong>acc\u00e9s directe <\/strong>al cicle les persones que compleixen algun dels requisits seg\u00fcents:<\/p>\n<ul>\n<li>tenir el t\u00edtol de batxillerat,<\/li>\n<li>tenir el t\u00edtol de t\u00e8cnic o t\u00e8cnica superior o especialista,<\/li>\n<li>haver superat el segon curs de batxillerat de qualsevol modalitat de batxillerat experimental,<\/li>\n<li>haver superat el curs d&#8217;orientaci\u00f3 universit\u00e0ria (COU) o el preuniversitari,<\/li>\n<li>tenir qualsevol titulaci\u00f3 universit\u00e0ria o una d\u2019equivalent o<\/li>\n<li>haver superat la prova d&#8217;acc\u00e9s a la universitat per a\u00a0m\u00e9s grans\u00a0de 25 anys.<\/li>\n<\/ul>\n<p>Les persones que superen el cicle formatiu obtenen el t\u00edtol de <strong>t\u00e8cnic superior o t\u00e8cnica superior que els permet accedir:<\/strong><\/p>\n<div class=\"bulletsGenerals\">\n<ul>\n<li>A qualsevol estudi universitari oficial de grau o al m\u00f3n laboral com a:\n<ul>\n<li>Programador web<\/li>\n<li>Programador Multim\u00e8dia<\/li>\n<li>Desenvolupador d&#8217;aplicacions en entorns web<\/li>\n<\/ul>\n<\/li>\n<\/ul>\n<h4 class=\"western\"><strong>Descarregar full informatiu<\/strong><\/h4>\n<p><a href=\"https:\/\/agora.xtec.cat\/iesjoaquimmir\/wp-content\/uploads\/usu530\/2025\/03\/DAW-DEF.pdf\" target=\"_blank\" rel=\"noopener\"><strong>Tr\u00edptic Disseny i aplicacions Web<\/strong><\/a><\/p>\n<\/div>\n<\/div>\n<\/div>\n<p>&nbsp;<\/p>\n","protected":false},"excerpt":{"rendered":"<p>T\u00e8cnic o t\u00e8cnica superior en desenvolupament d&#8217;aplicacions web<br \/>\n<a href=\"https:\/\/agora.xtec.cat\/iesjoaquimmir\/wp-content\/uploads\/usu530\/2020\/05\/Tr\u00edptic-DAW-1.pdf\" target=\"_blank\" rel=\"noopener noreferrer\"><\/a><br \/>\nAquests estudis postobligatoris capaciten per desenvolupar, implantar i mantenir aplicacions web, amb independ\u00e8ncia del model emprat i utilitzant tecnologies espec\u00edfiques, garantint l&#8217;acc\u00e9s a les dades de forma segura i complint els criteris d&#8217;accessibilitat, usabilitat&hellip;  <a href=\"https:\/\/agora.xtec.cat\/iesjoaquimmir\/ensenyaments\/cicles-formatius\/grau-superior\/desenvolupament-daplicacions-web\/\" title=\"Read Desenvolupament d&#8217;Aplicacions Web\">Llegeix m\u00e9s\u00bb<\/a><\/p>\n","protected":false},"author":4,"featured_media":0,"parent":711,"menu_order":0,"comment_status":"closed","ping_status":"closed","template":"","meta":{"_bbp_topic_count":0,"_bbp_reply_count":0,"_bbp_total_topic_count":0,"_bbp_total_reply_count":0,"_bbp_voice_count":0,"_bbp_anonymous_reply_count":0,"_bbp_topic_count_hidden":0,"_bbp_reply_count_hidden":0,"_bbp_forum_subforum_count":0,"footnotes":""},"class_list":["post-721","page","type-page","status-publish","hentry"],"post_mailing_queue_ids":[],"_links":{"self":[{"href":"https:\/\/agora.xtec.cat\/iesjoaquimmir\/wp-json\/wp\/v2\/pages\/721","targetHints":{"allow":["GET"]}}],"collection":[{"href":"https:\/\/agora.xtec.cat\/iesjoaquimmir\/wp-json\/wp\/v2\/pages"}],"about":[{"href":"https:\/\/agora.xtec.cat\/iesjoaquimmir\/wp-json\/wp\/v2\/types\/page"}],"author":[{"embeddable":true,"href":"https:\/\/agora.xtec.cat\/iesjoaquimmir\/wp-json\/wp\/v2\/users\/4"}],"replies":[{"embeddable":true,"href":"https:\/\/agora.xtec.cat\/iesjoaquimmir\/wp-json\/wp\/v2\/comments?post=721"}],"version-history":[{"count":8,"href":"https:\/\/agora.xtec.cat\/iesjoaquimmir\/wp-json\/wp\/v2\/pages\/721\/revisions"}],"predecessor-version":[{"id":10433,"href":"https:\/\/agora.xtec.cat\/iesjoaquimmir\/wp-json\/wp\/v2\/pages\/721\/revisions\/10433"}],"up":[{"embeddable":true,"href":"https:\/\/agora.xtec.cat\/iesjoaquimmir\/wp-json\/wp\/v2\/pages\/711"}],"wp:attachment":[{"href":"https:\/\/agora.xtec.cat\/iesjoaquimmir\/wp-json\/wp\/v2\/media?parent=721"}],"curies":[{"name":"wp","href":"https:\/\/api.w.org\/{rel}","templated":true}]}}