{"id":6752,"date":"2022-02-24T12:43:56","date_gmt":"2022-02-24T11:43:56","guid":{"rendered":"https:\/\/agora.xtec.cat\/iesjoaquimmir\/?page_id=6752"},"modified":"2022-02-25T19:18:52","modified_gmt":"2022-02-25T18:18:52","slug":"compra-de-llibres-iddink","status":"publish","type":"page","link":"https:\/\/agora.xtec.cat\/iesjoaquimmir\/compra-de-llibres-iddink\/","title":{"rendered":"Manual de compra de llibres IDDINK"},"content":{"rendered":"<p>Fullet\u00f3 informatiu i codi descompte Institut Joaquim Mir<\/p>\n<p><a href=\"https:\/\/agora.xtec.cat\/iesjoaquimmir\/wp-content\/uploads\/usu530\/2022\/02\/106-triptic-digital-PO22.pdf\" target=\"_blank\" rel=\"noopener\">Codi Descompte 2022-23 Joaquim Mir<\/a><\/p>\n<p>V\u00eddeos explicatius sobre el projecte de reutilitzaci\u00f3 i qu\u00e8 s\u00f3n els Ecobooks<\/p>\n<div id=\":or\" class=\"a3s aiL \">\n<div class=\"gmail_quote\">\n<div dir=\"ltr\">\n<div>\n<div class=\"gmail_quote\">\n<div>\n<div>\n<div dir=\"ltr\">\n<div dir=\"ltr\">\n<div>\n<table border=\"1\" width=\"652\" cellspacing=\"0\" cellpadding=\"0\">\n<tbody>\n<tr>\n<td>\n<div>Presentaci\u00f3 a pares curta<\/div>\n<\/td>\n<td>\n<div><a title=\"https:\/\/vimeo.com\/418474967\" href=\"https:\/\/vimeo.com\/418474967\" target=\"_blank\" rel=\"noopener noreferrer\" data-saferedirecturl=\"https:\/\/www.google.com\/url?q=https:\/\/vimeo.com\/418474967&amp;source=gmail&amp;ust=1645789322615000&amp;usg=AOvVaw2Ur18Wv2th3np6v4r7_U9r\">https:\/\/vimeo.com\/418474967<\/a><\/div>\n<\/td>\n<\/tr>\n<tr>\n<td>\n<div>Com fer una comanda<\/div>\n<\/td>\n<td>\n<div><a title=\"https:\/\/vimeo.com\/427671538\" href=\"https:\/\/vimeo.com\/427671538\" target=\"_blank\" rel=\"noopener noreferrer\" data-saferedirecturl=\"https:\/\/www.google.com\/url?q=https:\/\/vimeo.com\/427671538&amp;source=gmail&amp;ust=1645789322615000&amp;usg=AOvVaw3hcW6imp5s_mQO0V2hCTbX\">https:\/\/vimeo.com\/427671538<\/a><\/div>\n<\/td>\n<\/tr>\n<tr>\n<td>\n<div>Com tractar els ecoBooks<\/div>\n<\/td>\n<td>\n<div><a title=\"https:\/\/vimeo.com\/45076699\" href=\"https:\/\/vimeo.com\/45076699\" target=\"_blank\" rel=\"noopener noreferrer\" data-saferedirecturl=\"https:\/\/www.google.com\/url?q=https:\/\/vimeo.com\/45076699&amp;source=gmail&amp;ust=1645789322616000&amp;usg=AOvVaw2E2ql9Yu_XtDN0rESyIon9\">https:\/\/vimeo.com\/45076699<\/a><\/div>\n<\/td>\n<\/tr>\n<tr>\n<td>\n<div>Com retornar ecoBooks<\/div>\n<\/td>\n<td>\n<div><a title=\"https:\/\/vimeo.com\/437081582\" href=\"https:\/\/vimeo.com\/437081582\" target=\"_blank\" rel=\"noopener noreferrer\" data-saferedirecturl=\"https:\/\/www.google.com\/url?q=https:\/\/vimeo.com\/437081582&amp;source=gmail&amp;ust=1645789322616000&amp;usg=AOvVaw3MCeO08qmVlXgkO9NNC5gI\">https:\/\/vimeo.com\/437081582<\/a><\/div>\n<\/td>\n<\/tr>\n<\/tbody>\n<\/table>\n<div><\/div>\n<\/div>\n<\/div>\n<\/div>\n<\/div>\n<\/div>\n<\/div>\n<\/div>\n<\/div>\n<\/div>\n<\/div>\n","protected":false},"excerpt":{"rendered":"<p>Fullet\u00f3 informatiu i codi descompte Institut Joaquim Mir<br \/>\n<a href=\"https:\/\/agora.xtec.cat\/iesjoaquimmir\/wp-content\/uploads\/usu530\/2022\/02\/106-triptic-digital-PO22.pdf\" target=\"_blank\" rel=\"noopener\">Codi Descompte 2022-23 Joaquim Mir<\/a><br \/>\nV\u00eddeos explicatius sobre el projecte de reutilitzaci\u00f3 i qu\u00e8 s\u00f3n els Ecobooks<\/p>\n<p>Presentaci\u00f3 a pares curta<\/p>\n<p><a title=\"https:\/\/vimeo.com\/418474967\" href=\"https:\/\/vimeo.com\/418474967\" target=\"_blank\" rel=\"noopener noreferrer\" data-saferedirecturl=\"https:\/\/www.google.com\/url?q=https:\/\/vimeo.com\/418474967&amp;source=gmail&amp;ust=1645789322615000&amp;usg=AOvVaw2Ur18Wv2th3np6v4r7_U9r\">https:\/\/vimeo.com\/418474967<\/a><\/p>\n<p>Com fer una comanda<\/p>\n<p><a title=\"https:\/\/vimeo.com\/427671538\" href=\"https:\/\/vimeo.com\/427671538\" target=\"_blank\" rel=\"noopener noreferrer\" data-saferedirecturl=\"https:\/\/www.google.com\/url?q=https:\/\/vimeo.com\/427671538&amp;source=gmail&amp;ust=1645789322615000&amp;usg=AOvVaw3hcW6imp5s_mQO0V2hCTbX\">https:\/\/vimeo.com\/427671538<\/a><\/p>\n<p>Com tractar&hellip;  <a href=\"https:\/\/agora.xtec.cat\/iesjoaquimmir\/compra-de-llibres-iddink\/\" title=\"Read Manual de compra de llibres IDDINK\">Llegeix m\u00e9s\u00bb<\/a><\/p>\n","protected":false},"author":4,"featured_media":0,"parent":0,"menu_order":0,"comment_status":"closed","ping_status":"closed","template":"","meta":{"_bbp_topic_count":0,"_bbp_reply_count":0,"_bbp_total_topic_count":0,"_bbp_total_reply_count":0,"_bbp_voice_count":0,"_bbp_anonymous_reply_count":0,"_bbp_topic_count_hidden":0,"_bbp_reply_count_hidden":0,"_bbp_forum_subforum_count":0,"footnotes":""},"class_list":["post-6752","page","type-page","status-publish","hentry"],"post_mailing_queue_ids":[],"_links":{"self":[{"href":"https:\/\/agora.xtec.cat\/iesjoaquimmir\/wp-json\/wp\/v2\/pages\/6752","targetHints":{"allow":["GET"]}}],"collection":[{"href":"https:\/\/agora.xtec.cat\/iesjoaquimmir\/wp-json\/wp\/v2\/pages"}],"about":[{"href":"https:\/\/agora.xtec.cat\/iesjoaquimmir\/wp-json\/wp\/v2\/types\/page"}],"author":[{"embeddable":true,"href":"https:\/\/agora.xtec.cat\/iesjoaquimmir\/wp-json\/wp\/v2\/users\/4"}],"replies":[{"embeddable":true,"href":"https:\/\/agora.xtec.cat\/iesjoaquimmir\/wp-json\/wp\/v2\/comments?post=6752"}],"version-history":[{"count":3,"href":"https:\/\/agora.xtec.cat\/iesjoaquimmir\/wp-json\/wp\/v2\/pages\/6752\/revisions"}],"predecessor-version":[{"id":6776,"href":"https:\/\/agora.xtec.cat\/iesjoaquimmir\/wp-json\/wp\/v2\/pages\/6752\/revisions\/6776"}],"wp:attachment":[{"href":"https:\/\/agora.xtec.cat\/iesjoaquimmir\/wp-json\/wp\/v2\/media?parent=6752"}],"curies":[{"name":"wp","href":"https:\/\/api.w.org\/{rel}","templated":true}]}}