{"id":5300,"date":"2023-01-27T12:18:03","date_gmt":"2023-01-27T11:18:03","guid":{"rendered":"https:\/\/agora.xtec.cat\/iesjoanot\/?page_id=5300"},"modified":"2025-07-14T07:53:51","modified_gmt":"2025-07-14T05:53:51","slug":"salut-i-escola","status":"publish","type":"page","link":"https:\/\/agora.xtec.cat\/iesjoanot\/projectes-de-centre-2015-16\/salut-i-escola\/","title":{"rendered":"Salut i Escola"},"content":{"rendered":"<p>Aqu\u00ed trobareu tots els articles amb l&#8217;etiqueta <a href=\"https:\/\/agora.xtec.cat\/iesjoanot\/tag\/salut-i-escola\/\">Salut i Escola<\/a>.<\/p>\n<p><img loading=\"lazy\" decoding=\"async\" class=\"aligncenter size-full wp-image-5429\" src=\"https:\/\/agora.xtec.cat\/iesjoanot\/wp-content\/uploads\/usu589\/2023\/02\/salut.png\" alt=\"\" width=\"300\" height=\"109\" \/><\/p>\n<p>El Programa Salut i Escola (PSiE) \u00e9s una col\u00b7laboraci\u00f3 entre les escoles del barri i els serveis de salut comunit\u00e0ria, com el CAP de refer\u00e8ncia, amb l&#8217;objectiu de refor\u00e7ar coneixements i fer prevenci\u00f3 de la salut en els adolescents.<\/p>\n<p>L\u2019objectiu \u00e9s millorar la salut dels adolescents mitjan\u00e7ant accions de promoci\u00f3 de la salut, de prevenci\u00f3 de les situacions de risc i d\u2019atenci\u00f3 preco\u00e7 per als problemes relacionats amb la salut mental, la salut afectiva i sexual, el consum de drogues, alcohol i taba.<\/p>\n<p>Des del CAP, un equip multidisciplinari s&#8217;encarrega d&#8217;oferir a les escoles xerrades de diferents tem\u00e0tiques, segons necessitat detectada al centre, com alimentaci\u00f3, trastorns de conducta aliment\u00e0ria, ansietat i depressi\u00f3, relacions socioafectives, sexualitat o identitat sexual i de g\u00e8nere, entre d&#8217;altres.<\/p>\n<p>A m\u00e9s de les diferents xerrades, al Joanot Martorell comptem cada setmana amb la pres\u00e8ncia de l&#8217;Alba Rosell\u00f3, infermera del CAP de Can Vidalet, qui ens acompanya en el suport al nostre alumnat de forma individual, sempre que aquest ho requereixi, essent un referent per a molts d&#8217;ells\/es.<\/p>\n<p>Enlla\u00e7os d\u2019inter\u00e8s:<\/p>\n<p><a href=\"https:\/\/sexejoves.gencat.cat\/ca\/inici\" target=\"_blank\" rel=\"noopener\">https:\/\/sexejoves.gencat.cat\/ca\/inici<\/a><br \/>\n<a href=\"https:\/\/jovecat.gencat.cat\/ca\/inici\" target=\"_blank\" rel=\"noopener\">https:\/\/jovecat.gencat.cat\/ca\/inici<\/a><\/p>\n<p>Aqu\u00ed trobareu <a href=\"https:\/\/www.fersalut.cat\/2022\/12\/03\/programa-salut-i-escola-2\/\" target=\"_blank\" rel=\"noopener\">m\u00e9s informaci\u00f3<\/a> sobre el programa.<\/p>\n<p>&nbsp;<\/p>\n","protected":false},"excerpt":{"rendered":"<p>Aqu\u00ed trobareu tots els articles amb l&#8217;etiqueta Salut i Escola. El Programa Salut i Escola (PSiE) \u00e9s una col\u00b7laboraci\u00f3 entre les escoles del barri i els serveis de salut comunit\u00e0ria, com el CAP de refer\u00e8ncia, amb l&#8217;objectiu de refor\u00e7ar coneixements i fer prevenci\u00f3 de la salut en els adolescents. L\u2019objectiu \u00e9s millorar la salut dels [&hellip;]<\/p>\n","protected":false},"author":1,"featured_media":0,"parent":427,"menu_order":48,"comment_status":"closed","ping_status":"closed","template":"","meta":{"_bbp_topic_count":0,"_bbp_reply_count":0,"_bbp_total_topic_count":0,"_bbp_total_reply_count":0,"_bbp_voice_count":0,"_bbp_anonymous_reply_count":0,"_bbp_topic_count_hidden":0,"_bbp_reply_count_hidden":0,"_bbp_forum_subforum_count":0,"site-sidebar-layout":"default","site-content-layout":"","ast-site-content-layout":"","site-content-style":"default","site-sidebar-style":"default","ast-global-header-display":"","ast-banner-title-visibility":"","ast-main-header-display":"","ast-hfb-above-header-display":"","ast-hfb-below-header-display":"","ast-hfb-mobile-header-display":"","site-post-title":"","ast-breadcrumbs-content":"","ast-featured-img":"","footer-sml-layout":"","theme-transparent-header-meta":"","adv-header-id-meta":"","stick-header-meta":"","header-above-stick-meta":"","header-main-stick-meta":"","header-below-stick-meta":"","astra-migrate-meta-layouts":"default","ast-page-background-enabled":"default","ast-page-background-meta":{"desktop":{"background-color":"var(--ast-global-color-4)","background-image":"","background-repeat":"repeat","background-position":"center center","background-size":"auto","background-attachment":"scroll","background-type":"","background-media":"","overlay-type":"","overlay-color":"","overlay-opacity":"","overlay-gradient":""},"tablet":{"background-color":"","background-image":"","background-repeat":"repeat","background-position":"center center","background-size":"auto","background-attachment":"scroll","background-type":"","background-media":"","overlay-type":"","overlay-color":"","overlay-opacity":"","overlay-gradient":""},"mobile":{"background-color":"","background-image":"","background-repeat":"repeat","background-position":"center center","background-size":"auto","background-attachment":"scroll","background-type":"","background-media":"","overlay-type":"","overlay-color":"","overlay-opacity":"","overlay-gradient":""}},"ast-content-background-meta":{"desktop":{"background-color":"var(--ast-global-color-5)","background-image":"","background-repeat":"repeat","background-position":"center center","background-size":"auto","background-attachment":"scroll","background-type":"","background-media":"","overlay-type":"","overlay-color":"","overlay-opacity":"","overlay-gradient":""},"tablet":{"background-color":"var(--ast-global-color-5)","background-image":"","background-repeat":"repeat","background-position":"center center","background-size":"auto","background-attachment":"scroll","background-type":"","background-media":"","overlay-type":"","overlay-color":"","overlay-opacity":"","overlay-gradient":""},"mobile":{"background-color":"var(--ast-global-color-5)","background-image":"","background-repeat":"repeat","background-position":"center center","background-size":"auto","background-attachment":"scroll","background-type":"","background-media":"","overlay-type":"","overlay-color":"","overlay-opacity":"","overlay-gradient":""}},"footnotes":""},"class_list":["post-5300","page","type-page","status-publish","hentry"],"post_mailing_queue_ids":[],"_links":{"self":[{"href":"https:\/\/agora.xtec.cat\/iesjoanot\/wp-json\/wp\/v2\/pages\/5300","targetHints":{"allow":["GET"]}}],"collection":[{"href":"https:\/\/agora.xtec.cat\/iesjoanot\/wp-json\/wp\/v2\/pages"}],"about":[{"href":"https:\/\/agora.xtec.cat\/iesjoanot\/wp-json\/wp\/v2\/types\/page"}],"author":[{"embeddable":true,"href":"https:\/\/agora.xtec.cat\/iesjoanot\/wp-json\/wp\/v2\/users\/1"}],"replies":[{"embeddable":true,"href":"https:\/\/agora.xtec.cat\/iesjoanot\/wp-json\/wp\/v2\/comments?post=5300"}],"version-history":[{"count":2,"href":"https:\/\/agora.xtec.cat\/iesjoanot\/wp-json\/wp\/v2\/pages\/5300\/revisions"}],"predecessor-version":[{"id":5431,"href":"https:\/\/agora.xtec.cat\/iesjoanot\/wp-json\/wp\/v2\/pages\/5300\/revisions\/5431"}],"up":[{"embeddable":true,"href":"https:\/\/agora.xtec.cat\/iesjoanot\/wp-json\/wp\/v2\/pages\/427"}],"wp:attachment":[{"href":"https:\/\/agora.xtec.cat\/iesjoanot\/wp-json\/wp\/v2\/media?parent=5300"}],"curies":[{"name":"wp","href":"https:\/\/api.w.org\/{rel}","templated":true}]}}