{"id":5219,"date":"2023-01-16T16:37:19","date_gmt":"2023-01-16T15:37:19","guid":{"rendered":"https:\/\/agora.xtec.cat\/iesjoanot\/?page_id=5219"},"modified":"2025-07-13T14:57:48","modified_gmt":"2025-07-13T12:57:48","slug":"missio-visio-i-valors-de-lins-joanot-martorell","status":"publish","type":"page","link":"https:\/\/agora.xtec.cat\/iesjoanot\/linstitut\/missio-visio-i-valors-de-lins-joanot-martorell\/","title":{"rendered":"Missi\u00f3, Visi\u00f3 i Valors"},"content":{"rendered":"\n<h5 class=\"wp-block-heading\">Missi\u00f3<\/h5>\n\n\n\n<p>Centre obert, plural, democr\u00e0tic i catal\u00e0, integrat al territori que treballa per objectius, coneixements, habilitats, actituds i valors per donar-los eines mitjan\u00e7ant aprenentatges personalitzats per aconseguir la formaci\u00f3 integral de la persona al llarg de la vida.<\/p>\n\n\n\n<h5 class=\"wp-block-heading\">Visi\u00f3<\/h5>\n\n\n\n<p>L\u2019INS Joanot Martorell volem ser:<\/p>\n\n\n\n<ul class=\"wp-block-list\">\n<li>Un centre educatiu de car\u00e0cter inclusiu fortament arrelat al territori.<\/li>\n\n\n\n<li>Un centre de refer\u00e8ncia educativa d\u2019acord amb els principis d\u2019excel\u00b7l\u00e8ncia i equitat<\/li>\n\n\n\n<li>Un institut que satisfaci les expectatives de les fam\u00edlies envers els seus fills i filles capa\u00e7 de treure el millor de cadascun del nostre alumnat.<\/li>\n\n\n\n<li>Institut centrat en el Ser i el Saber de les persones.<\/li>\n\n\n\n<li>Formador d\u2019alumnat amb capacitat cr\u00edtica.<\/li>\n<\/ul>\n\n\n\n<h5 class=\"wp-block-heading\">Valors<\/h5>\n\n\n\n<p><span dir=\"ltr\" role=\"presentation\">L\u2019INS Joanot Martorell es defineix com laic, integrador, democr\u00e0tic, respectu\u00f3s amb totes les <\/span><span dir=\"ltr\" role=\"presentation\">cultures i ideologies<\/span> <span dir=\"ltr\" role=\"presentation\">(pensaments)<\/span><span dir=\"ltr\" role=\"presentation\">, coeducador, socialment responsable i obert al canvi i al <\/span><span dir=\"ltr\" role=\"presentation\">progr\u00e9s. El di\u00e0leg, la toler\u00e0ncia,<\/span> <span dir=\"ltr\" role=\"presentation\">la solidaritat<\/span><span dir=\"ltr\" role=\"presentation\">, la inclusi\u00f3, la perspectiva de g\u00e8nere, els drets <\/span><span dir=\"ltr\" role=\"presentation\">humans i el respecte pel medi ambient s\u00f3n claus.<\/span><\/p>\n\n\n\n<p><span dir=\"ltr\" role=\"presentation\">Tot aix\u00f2 es treballa<\/span> <span dir=\"ltr\" role=\"presentation\">de manera transversal<\/span> <span dir=\"ltr\" role=\"presentation\">des dels diferents \u00e0mbits: tutoria, curr\u00edculum, servei <\/span><span dir=\"ltr\" role=\"presentation\">comunitari, comissi\u00f3 de conviv\u00e8ncia, TEI, AA, SIEI, <\/span><span dir=\"ltr\" role=\"presentation\">d\u2019entre d\u2019altres.<\/span><\/p>\n\n\n\n<p>&nbsp;<\/p>\n","protected":false},"excerpt":{"rendered":"<p>Missi\u00f3 Centre obert, plural, democr\u00e0tic i catal\u00e0, integrat al territori que treballa per objectius, coneixements, habilitats, actituds i valors per donar-los eines mitjan\u00e7ant aprenentatges personalitzats per aconseguir la formaci\u00f3 integral de la persona al llarg de la vida. Visi\u00f3 L\u2019INS Joanot Martorell volem ser: Valors L\u2019INS Joanot Martorell es defineix com laic, integrador, democr\u00e0tic, respectu\u00f3s [&hellip;]<\/p>\n","protected":false},"author":1,"featured_media":0,"parent":19,"menu_order":15,"comment_status":"closed","ping_status":"closed","template":"","meta":{"_bbp_topic_count":0,"_bbp_reply_count":0,"_bbp_total_topic_count":0,"_bbp_total_reply_count":0,"_bbp_voice_count":0,"_bbp_anonymous_reply_count":0,"_bbp_topic_count_hidden":0,"_bbp_reply_count_hidden":0,"_bbp_forum_subforum_count":0,"site-sidebar-layout":"default","site-content-layout":"","ast-site-content-layout":"default","site-content-style":"default","site-sidebar-style":"default","ast-global-header-display":"","ast-banner-title-visibility":"","ast-main-header-display":"","ast-hfb-above-header-display":"","ast-hfb-below-header-display":"","ast-hfb-mobile-header-display":"","site-post-title":"","ast-breadcrumbs-content":"","ast-featured-img":"","footer-sml-layout":"","theme-transparent-header-meta":"","adv-header-id-meta":"","stick-header-meta":"","header-above-stick-meta":"","header-main-stick-meta":"","header-below-stick-meta":"","astra-migrate-meta-layouts":"set","ast-page-background-enabled":"default","ast-page-background-meta":{"desktop":{"background-color":"var(--ast-global-color-4)","background-image":"","background-repeat":"repeat","background-position":"center center","background-size":"auto","background-attachment":"scroll","background-type":"","background-media":"","overlay-type":"","overlay-color":"","overlay-opacity":"","overlay-gradient":""},"tablet":{"background-color":"","background-image":"","background-repeat":"repeat","background-position":"center center","background-size":"auto","background-attachment":"scroll","background-type":"","background-media":"","overlay-type":"","overlay-color":"","overlay-opacity":"","overlay-gradient":""},"mobile":{"background-color":"","background-image":"","background-repeat":"repeat","background-position":"center center","background-size":"auto","background-attachment":"scroll","background-type":"","background-media":"","overlay-type":"","overlay-color":"","overlay-opacity":"","overlay-gradient":""}},"ast-content-background-meta":{"desktop":{"background-color":"var(--ast-global-color-5)","background-image":"","background-repeat":"repeat","background-position":"center center","background-size":"auto","background-attachment":"scroll","background-type":"","background-media":"","overlay-type":"","overlay-color":"","overlay-opacity":"","overlay-gradient":""},"tablet":{"background-color":"var(--ast-global-color-5)","background-image":"","background-repeat":"repeat","background-position":"center center","background-size":"auto","background-attachment":"scroll","background-type":"","background-media":"","overlay-type":"","overlay-color":"","overlay-opacity":"","overlay-gradient":""},"mobile":{"background-color":"var(--ast-global-color-5)","background-image":"","background-repeat":"repeat","background-position":"center center","background-size":"auto","background-attachment":"scroll","background-type":"","background-media":"","overlay-type":"","overlay-color":"","overlay-opacity":"","overlay-gradient":""}},"footnotes":""},"class_list":["post-5219","page","type-page","status-publish","hentry"],"post_mailing_queue_ids":[],"_links":{"self":[{"href":"https:\/\/agora.xtec.cat\/iesjoanot\/wp-json\/wp\/v2\/pages\/5219","targetHints":{"allow":["GET"]}}],"collection":[{"href":"https:\/\/agora.xtec.cat\/iesjoanot\/wp-json\/wp\/v2\/pages"}],"about":[{"href":"https:\/\/agora.xtec.cat\/iesjoanot\/wp-json\/wp\/v2\/types\/page"}],"author":[{"embeddable":true,"href":"https:\/\/agora.xtec.cat\/iesjoanot\/wp-json\/wp\/v2\/users\/1"}],"replies":[{"embeddable":true,"href":"https:\/\/agora.xtec.cat\/iesjoanot\/wp-json\/wp\/v2\/comments?post=5219"}],"version-history":[{"count":4,"href":"https:\/\/agora.xtec.cat\/iesjoanot\/wp-json\/wp\/v2\/pages\/5219\/revisions"}],"predecessor-version":[{"id":7109,"href":"https:\/\/agora.xtec.cat\/iesjoanot\/wp-json\/wp\/v2\/pages\/5219\/revisions\/7109"}],"up":[{"embeddable":true,"href":"https:\/\/agora.xtec.cat\/iesjoanot\/wp-json\/wp\/v2\/pages\/19"}],"wp:attachment":[{"href":"https:\/\/agora.xtec.cat\/iesjoanot\/wp-json\/wp\/v2\/media?parent=5219"}],"curies":[{"name":"wp","href":"https:\/\/api.w.org\/{rel}","templated":true}]}}