{"id":46,"date":"2014-09-17T16:53:45","date_gmt":"2014-09-17T14:53:45","guid":{"rendered":"http:\/\/agora.xtec.cat\/iesjoanot\/?page_id=46"},"modified":"2026-01-30T14:27:10","modified_gmt":"2026-01-30T13:27:10","slug":"organigrama","status":"publish","type":"page","link":"https:\/\/agora.xtec.cat\/iesjoanot\/linstitut\/organigrama\/","title":{"rendered":"Organigrama 25-26"},"content":{"rendered":"<p><strong>Equip directiu:<\/strong><\/p>\n<ul>\n<li>Teresa Sauch Garcia &#8211; Directora<\/li>\n<li>Zael Gonz\u00e1lez Sanjuan &#8211; Cap d&#8217;estudis<\/li>\n<li>Meritxell Junyent &#8211; Coordinadora Pedag\u00f2gica<\/li>\n<li>Juli\u00e0 Garc\u00eda Revilla &#8211; Secretari<\/li>\n<\/ul>\n<p><strong>Caps de Departament i Seminari:<\/strong><\/p>\n<ul>\n<li>Helena Gallardo &#8211; Departament de Ci\u00e8ncies Naturals<\/li>\n<li>Pilar Mart\u00ednez &#8211; Departament de F\u00edsica i Qu\u00edmica<\/li>\n<li><span data-sheets-root=\"1\">Roman Pons<\/span> &#8211; Departament de M\u00fasica<\/li>\n<li>N\u00faria Bori &#8211; Departament de Llengua Catalana i Literatura<\/li>\n<li>Montserrat Gil &#8211; Departament de Ci\u00e8ncies Socials<\/li>\n<li>Amanda Gomez &#8211; Departament de Visual i Pl\u00e0stica<\/li>\n<li>Susanna\u00a0 Ball\u00fas- Departament d&#8217;Angl\u00e8s<\/li>\n<li>Sonia Mart\u00ednez &#8211; Departament de Llengua Castellana i Literatura<\/li>\n<li>Jose Antonio Jim\u00e9nez &#8211; Departament de Matem\u00e0tiques<\/li>\n<li>Jaume Romero &#8211; Departament d&#8217;Educaci\u00f3 F\u00edsica<\/li>\n<li>Elsa Mercader &#8211; Departament de Franc\u00e8s<\/li>\n<li>Mart\u00ed Duran &#8211; Departament de Cl\u00e0ssiques<\/li>\n<li>Miquel Gonz\u00e1lez &#8211; Departament de Tecnologia<\/li>\n<li>Anna Bendicho &#8211; Departament d&#8217;Orientaci\u00f3<\/li>\n<\/ul>\n<p><strong>Coordinacions:<\/strong><\/p>\n<ul>\n<li>Miquel Gonzalez &#8211; Prevenci\u00f3 de Riscos Laborals<\/li>\n<li>Amanda G\u00f3mez &#8211; Activitats i Serveis<\/li>\n<li>Maria Jes\u00fas Raja &#8211; Coordinaci\u00f3 Ling\u00fc\u00edstica<\/li>\n<li>Irene Gonz\u00e1lez &#8211; Coordinaci\u00f3 Digital<\/li>\n<li>Ruth Monfort &#8211; Coordinaci\u00f3 Igualtat de g\u00e8nere i Coeducaci\u00f3 (COCOBE)<\/li>\n<li>Enric Fern\u00e1ndez &#8211; Coordinaci\u00f3 Projecte \u00c8XIT<\/li>\n<li>Mart\u00ed Duran &#8211; Coordinaci\u00f3 MUFPS<\/li>\n<li>Meritxell Junyent &#8211; Global \/ GEP intern<\/li>\n<li>Susanna Ball\u00fas &#8211; Coordinacio Sharing to Learn<\/li>\n<li>Eva Lafaja &#8211; Coordinaci\u00f3 Aprenentatge i Servei \/ PEE 0 &#8211; 20<\/li>\n<\/ul>\n<p><strong>Coordinacions de nivell:<\/strong><\/p>\n<ul>\n<li>Rom\u00e1n Pons &#8211; Coordinador 1r ESO<\/li>\n<li>Margarita Flores &#8211; Coordinadora 2n ESO<\/li>\n<li>Ruth Monfort &#8211; Coordinadora 3r ESO<\/li>\n<li>Nat\u00e0lia Bullich &#8211; Coordinadora 4t ESO<\/li>\n<li>\u00c1ngeles Cano &#8211; Coordinadora Batxillerat<\/li>\n<\/ul>\n<p><strong>Tutories:\u00a0<\/strong><\/p>\n<ul>\n<li>1r ESO A &#8211; Roman Pons<\/li>\n<li>1r ESO B &#8211; Elena N\u00e1jar<\/li>\n<li>1r ESO C &#8211; David Silverio<\/li>\n<li>1r ESO D &#8211; Laura Pons<\/li>\n<li>2n ESO A &#8211; Margarita Flores<\/li>\n<li>2n ESO B &#8211; Beatriz Ruiz<\/li>\n<li>2n ESO C &#8211; Laura Roca<\/li>\n<li>2n ESO D &#8211; \u00c0lex Kowerdowicx<\/li>\n<li><span style=\"font-family: inherit; font-size: 1em;\">3r ESO A &#8211; Ruth Monfort<\/span><\/li>\n<li>3r ESO B &#8211; Gl\u00f2ria Brau<\/li>\n<li>3r ESO C &#8211; Jes\u00fas Corral<\/li>\n<li>4t ESO A &#8211; Nat\u00e0lia Bullich<\/li>\n<li>4t ESO B &#8211; Sara Morales<\/li>\n<li>4t ESO C &#8211; L\u00edvia Garc\u00eda<\/li>\n<li>1r BATX A &#8211; Jordi Soriguera<\/li>\n<li>1r BATX B &#8211; Carmen Izquierdo<\/li>\n<li>1r BATX ESP &#8211; Adri\u00e0 Font<\/li>\n<li>2n BATX A &#8211; Susanna Ball\u00fas<\/li>\n<li>2n BATX B &#8211; Jordi Babia<\/li>\n<li>2n BATX ESP &#8211; Marc Curto<\/li>\n<li>3r BATX ESP &#8211; Francis Band\u00edn<\/li>\n<\/ul>\n<p><strong>Aula d&#8217;Acollida &#8211; <\/strong><span style=\"color: #000000;\">Laura Carrasco<\/span><\/p>\n<p><strong>Departament d&#8217;Orientaci\u00f3:<\/strong><\/p>\n<ul>\n<li>SIEI &#8211; \u00c1ngeles Mart\u00ednez<\/li>\n<li>Educaci\u00f3 Especial &#8211; M\u00f3nica Fraile<\/li>\n<li>T\u00e8cniques d&#8217;Integraci\u00f3 Social (TIS) &#8211; Eva Lafaja<\/li>\n<li>Orientadors\/es: Anna Bendicho, Enric Fern\u00e1ndez<\/li>\n<\/ul>\n<p><strong>Professionals d&#8217;Atenci\u00f3 Educativa i suport a la doc\u00e8ncia (PAE) :<\/strong><\/p>\n<ul>\n<li>Eva Lafaja<\/li>\n<li>M\u00f3nica Fraile<\/li>\n<\/ul>\n<p><strong>Comissions:<\/strong><\/p>\n<ul>\n<li>Comissi\u00f3 de conviv\u00e8ncia: Meritxell Junyent, Eva Lafaja, Ruth Monfort, Zael Gonz\u00e1lez<\/li>\n<li>Comissi\u00f3 digital: Irene Gonz\u00e1lez, Margarita Flores, Candela Ferreyra, Miquel Gonz\u00e1lez<\/li>\n<li>CAEI: \u00c1ngeles Mart\u00ednez, Margarita Dom\u00e8nech (EAP)<span style=\"color: #808080;\">, <\/span>Emili Oliveras, Zael Gonz\u00e1lez, Meritxell Junyent, Ana Bendicho, Eva Lafaja, M\u00f3nica Fraile<span style=\"color: #808080;\">, <\/span>Susanna Guinart (EAP)<\/li>\n<li>Comissi\u00f3 Social: \u00c1ngeles Mart\u00ednez, Margarita Dom\u00e8nech (EAP)<span style=\"color: #808080;\">, <\/span>Emili Oliveras, Zael Gonz\u00e1lez, Meritxell Junyent, Ana Bendicho, Eva Lafaja, Susanna Guinart (EAP), Lorena Porcel (Serveis Socials)<\/li>\n<li>Comissi\u00f3 M\u00e0ster d&#8217;Innovaci\u00f3: Mart\u00ed Duran, Adri\u00e0 Font, Susanna Ball\u00fas, Carmen Izquierdo<\/li>\n<li>Comissi\u00f3 del PEE 0 &#8211; 20: Eva Lafaja, Teresa Sauch<\/li>\n<\/ul>\n<p><strong>Personal d&#8217;Administraci\u00f3 i Serveis (PAS):<\/strong><\/p>\n<ul>\n<li>Isabel Mart\u00edn<\/li>\n<li>Montserrat P\u00e9rez Jim\u00e9nez<\/li>\n<li>Ana Vidal Mir<\/li>\n<li>Josep de Lamoga Bafalluy<\/li>\n<\/ul>\n","protected":false},"excerpt":{"rendered":"<p>Equip directiu: Teresa Sauch Garcia &#8211; Directora Zael Gonz\u00e1lez Sanjuan &#8211; Cap d&#8217;estudis Meritxell Junyent &#8211; Coordinadora Pedag\u00f2gica Juli\u00e0 Garc\u00eda Revilla &#8211; Secretari Caps de Departament i Seminari: Helena Gallardo &#8211; Departament de Ci\u00e8ncies Naturals Pilar Mart\u00ednez &#8211; Departament de F\u00edsica i Qu\u00edmica Roman Pons &#8211; Departament de M\u00fasica N\u00faria Bori &#8211; Departament de Llengua [&hellip;]<\/p>\n","protected":false},"author":1,"featured_media":0,"parent":19,"menu_order":50,"comment_status":"closed","ping_status":"closed","template":"","meta":{"_bbp_topic_count":0,"_bbp_reply_count":0,"_bbp_total_topic_count":0,"_bbp_total_reply_count":0,"_bbp_voice_count":0,"_bbp_anonymous_reply_count":0,"_bbp_topic_count_hidden":0,"_bbp_reply_count_hidden":0,"_bbp_forum_subforum_count":0,"site-sidebar-layout":"default","site-content-layout":"","ast-site-content-layout":"default","site-content-style":"default","site-sidebar-style":"default","ast-global-header-display":"","ast-banner-title-visibility":"","ast-main-header-display":"","ast-hfb-above-header-display":"","ast-hfb-below-header-display":"","ast-hfb-mobile-header-display":"","site-post-title":"","ast-breadcrumbs-content":"","ast-featured-img":"","footer-sml-layout":"","theme-transparent-header-meta":"","adv-header-id-meta":"","stick-header-meta":"","header-above-stick-meta":"","header-main-stick-meta":"","header-below-stick-meta":"","astra-migrate-meta-layouts":"set","ast-page-background-enabled":"default","ast-page-background-meta":{"desktop":{"background-color":"var(--ast-global-color-4)","background-image":"","background-repeat":"repeat","background-position":"center center","background-size":"auto","background-attachment":"scroll","background-type":"","background-media":"","overlay-type":"","overlay-color":"","overlay-opacity":"","overlay-gradient":""},"tablet":{"background-color":"","background-image":"","background-repeat":"repeat","background-position":"center center","background-size":"auto","background-attachment":"scroll","background-type":"","background-media":"","overlay-type":"","overlay-color":"","overlay-opacity":"","overlay-gradient":""},"mobile":{"background-color":"","background-image":"","background-repeat":"repeat","background-position":"center center","background-size":"auto","background-attachment":"scroll","background-type":"","background-media":"","overlay-type":"","overlay-color":"","overlay-opacity":"","overlay-gradient":""}},"ast-content-background-meta":{"desktop":{"background-color":"var(--ast-global-color-5)","background-image":"","background-repeat":"repeat","background-position":"center center","background-size":"auto","background-attachment":"scroll","background-type":"","background-media":"","overlay-type":"","overlay-color":"","overlay-opacity":"","overlay-gradient":""},"tablet":{"background-color":"var(--ast-global-color-5)","background-image":"","background-repeat":"repeat","background-position":"center center","background-size":"auto","background-attachment":"scroll","background-type":"","background-media":"","overlay-type":"","overlay-color":"","overlay-opacity":"","overlay-gradient":""},"mobile":{"background-color":"var(--ast-global-color-5)","background-image":"","background-repeat":"repeat","background-position":"center center","background-size":"auto","background-attachment":"scroll","background-type":"","background-media":"","overlay-type":"","overlay-color":"","overlay-opacity":"","overlay-gradient":""}},"footnotes":""},"class_list":["post-46","page","type-page","status-publish","hentry"],"post_mailing_queue_ids":[],"_links":{"self":[{"href":"https:\/\/agora.xtec.cat\/iesjoanot\/wp-json\/wp\/v2\/pages\/46","targetHints":{"allow":["GET"]}}],"collection":[{"href":"https:\/\/agora.xtec.cat\/iesjoanot\/wp-json\/wp\/v2\/pages"}],"about":[{"href":"https:\/\/agora.xtec.cat\/iesjoanot\/wp-json\/wp\/v2\/types\/page"}],"author":[{"embeddable":true,"href":"https:\/\/agora.xtec.cat\/iesjoanot\/wp-json\/wp\/v2\/users\/1"}],"replies":[{"embeddable":true,"href":"https:\/\/agora.xtec.cat\/iesjoanot\/wp-json\/wp\/v2\/comments?post=46"}],"version-history":[{"count":6,"href":"https:\/\/agora.xtec.cat\/iesjoanot\/wp-json\/wp\/v2\/pages\/46\/revisions"}],"predecessor-version":[{"id":7393,"href":"https:\/\/agora.xtec.cat\/iesjoanot\/wp-json\/wp\/v2\/pages\/46\/revisions\/7393"}],"up":[{"embeddable":true,"href":"https:\/\/agora.xtec.cat\/iesjoanot\/wp-json\/wp\/v2\/pages\/19"}],"wp:attachment":[{"href":"https:\/\/agora.xtec.cat\/iesjoanot\/wp-json\/wp\/v2\/media?parent=46"}],"curies":[{"name":"wp","href":"https:\/\/api.w.org\/{rel}","templated":true}]}}