{"id":3944,"date":"2021-02-18T12:25:31","date_gmt":"2021-02-18T11:25:31","guid":{"rendered":"http:\/\/agora.xtec.cat\/iesjoanot\/?page_id=3944"},"modified":"2025-07-14T07:51:51","modified_gmt":"2025-07-14T05:51:51","slug":"whats-up-com-vas-de-salut-mental-wup","status":"publish","type":"page","link":"https:\/\/agora.xtec.cat\/iesjoanot\/projectes-de-centre-2015-16\/whats-up-com-vas-de-salut-mental-wup\/","title":{"rendered":"What\u2019s up: com vas de salut mental? (WUP)"},"content":{"rendered":"<p>Aqu\u00ed trobareu tots els articles amb l&#8217;etiqueta <a href=\"https:\/\/agora.xtec.cat\/iesjoanot\/tag\/wup\/\" target=\"_blank\" rel=\"noopener\">WUP<\/a>.<\/p>\n<div class=\"ast-oembed-container \" style=\"height: 100%;\"><iframe loading=\"lazy\" title=\"What&#039;s Up\" width=\"500\" height=\"281\" src=\"https:\/\/www.youtube.com\/embed\/TBF5w3Jmxaw?feature=oembed\" frameborder=\"0\" allow=\"accelerometer; autoplay; clipboard-write; encrypted-media; gyroscope; picture-in-picture; web-share\" referrerpolicy=\"strict-origin-when-cross-origin\" allowfullscreen><\/iframe><\/div>\n<p>El projecte <strong>What\u2019s up: com vas de salut mental? (WUP)<\/strong> \u00e9s un programa innovador que aposta per la millora de la cultura educativa en relaci\u00f3 a la salut mental i que obre un proc\u00e9s de normalitzaci\u00f3 i apoderament dels i les joves, clau en la lluita contra l\u2019estigma. El desconeixement o la por sobre qu\u00e8 \u00e9s una problem\u00e0tica de salut mental s\u00f3n les barreres que es troben tant als centres educatius , com a les fam\u00edlies i entre els professionals del espais educatius no formals.<\/p>\n<p>El WUP vol transformar la manera com es viu en relaci\u00f3 a la salut mental. Un valor afegit que est\u00e0 relacionat amb el car\u00e0cter i sistema de valors de tota la comunitat educativa, tant a dins com a fora de l\u2019institut.<\/p>\n<p>Es treballa amb materials que parteixen del coneixement sobre salut mental en la seva idea m\u00e9s general i estan relacionats amb les diverses \u00e0rees d\u2019aprenentatge a nivell curricular. Tamb\u00e9 amb din\u00e0miques a l\u2019aula que preveuen obrir espais de debat i reflexi\u00f3 entre els joves i a partir dels casos particulars d\u2019activistes que compateixen el seu testimoni.<\/p>\n<p>Aquest curs 2022-23 l&#8217;alumnat de 3r d&#8217;ESO treballar\u00e0 la salut mental a partir de diferents activitats facilitades pel projecte, implementades des de Tutoria, la mat\u00e8ria de Cultura i Valors o des de l&#8217;assignatura de llengua catalana, entre d&#8217;altres.<\/p>\n<p><img loading=\"lazy\" decoding=\"async\" class=\"size-full wp-image-3945 aligncenter\" src=\"https:\/\/agora.xtec.cat\/iesjoanot\/wp-content\/uploads\/usu589\/2021\/02\/Sense-t\u00edtol-2.png\" alt=\"\" width=\"1416\" height=\"860\" srcset=\"https:\/\/agora.xtec.cat\/iesjoanot\/wp-content\/uploads\/usu589\/2021\/02\/Sense-t\u00edtol-2.png 1416w, https:\/\/agora.xtec.cat\/iesjoanot\/wp-content\/uploads\/usu589\/2021\/02\/Sense-t\u00edtol-2-300x182.png 300w, https:\/\/agora.xtec.cat\/iesjoanot\/wp-content\/uploads\/usu589\/2021\/02\/Sense-t\u00edtol-2-768x466.png 768w, https:\/\/agora.xtec.cat\/iesjoanot\/wp-content\/uploads\/usu589\/2021\/02\/Sense-t\u00edtol-2-1024x622.png 1024w\" sizes=\"auto, (max-width: 1416px) 100vw, 1416px\" \/><\/p>\n","protected":false},"excerpt":{"rendered":"<p>Aqu\u00ed trobareu tots els articles amb l&#8217;etiqueta WUP. El projecte What\u2019s up: com vas de salut mental? (WUP) \u00e9s un programa innovador que aposta per la millora de la cultura educativa en relaci\u00f3 a la salut mental i que obre un proc\u00e9s de normalitzaci\u00f3 i apoderament dels i les joves, clau en la lluita contra [&hellip;]<\/p>\n","protected":false},"author":1,"featured_media":0,"parent":427,"menu_order":28,"comment_status":"closed","ping_status":"closed","template":"","meta":{"_bbp_topic_count":0,"_bbp_reply_count":0,"_bbp_total_topic_count":0,"_bbp_total_reply_count":0,"_bbp_voice_count":0,"_bbp_anonymous_reply_count":0,"_bbp_topic_count_hidden":0,"_bbp_reply_count_hidden":0,"_bbp_forum_subforum_count":0,"site-sidebar-layout":"default","site-content-layout":"","ast-site-content-layout":"","site-content-style":"default","site-sidebar-style":"default","ast-global-header-display":"","ast-banner-title-visibility":"","ast-main-header-display":"","ast-hfb-above-header-display":"","ast-hfb-below-header-display":"","ast-hfb-mobile-header-display":"","site-post-title":"","ast-breadcrumbs-content":"","ast-featured-img":"","footer-sml-layout":"","theme-transparent-header-meta":"","adv-header-id-meta":"","stick-header-meta":"","header-above-stick-meta":"","header-main-stick-meta":"","header-below-stick-meta":"","astra-migrate-meta-layouts":"default","ast-page-background-enabled":"default","ast-page-background-meta":{"desktop":{"background-color":"var(--ast-global-color-4)","background-image":"","background-repeat":"repeat","background-position":"center center","background-size":"auto","background-attachment":"scroll","background-type":"","background-media":"","overlay-type":"","overlay-color":"","overlay-opacity":"","overlay-gradient":""},"tablet":{"background-color":"","background-image":"","background-repeat":"repeat","background-position":"center center","background-size":"auto","background-attachment":"scroll","background-type":"","background-media":"","overlay-type":"","overlay-color":"","overlay-opacity":"","overlay-gradient":""},"mobile":{"background-color":"","background-image":"","background-repeat":"repeat","background-position":"center center","background-size":"auto","background-attachment":"scroll","background-type":"","background-media":"","overlay-type":"","overlay-color":"","overlay-opacity":"","overlay-gradient":""}},"ast-content-background-meta":{"desktop":{"background-color":"var(--ast-global-color-5)","background-image":"","background-repeat":"repeat","background-position":"center center","background-size":"auto","background-attachment":"scroll","background-type":"","background-media":"","overlay-type":"","overlay-color":"","overlay-opacity":"","overlay-gradient":""},"tablet":{"background-color":"var(--ast-global-color-5)","background-image":"","background-repeat":"repeat","background-position":"center center","background-size":"auto","background-attachment":"scroll","background-type":"","background-media":"","overlay-type":"","overlay-color":"","overlay-opacity":"","overlay-gradient":""},"mobile":{"background-color":"var(--ast-global-color-5)","background-image":"","background-repeat":"repeat","background-position":"center center","background-size":"auto","background-attachment":"scroll","background-type":"","background-media":"","overlay-type":"","overlay-color":"","overlay-opacity":"","overlay-gradient":""}},"footnotes":""},"class_list":["post-3944","page","type-page","status-publish","hentry"],"post_mailing_queue_ids":[],"_links":{"self":[{"href":"https:\/\/agora.xtec.cat\/iesjoanot\/wp-json\/wp\/v2\/pages\/3944","targetHints":{"allow":["GET"]}}],"collection":[{"href":"https:\/\/agora.xtec.cat\/iesjoanot\/wp-json\/wp\/v2\/pages"}],"about":[{"href":"https:\/\/agora.xtec.cat\/iesjoanot\/wp-json\/wp\/v2\/types\/page"}],"author":[{"embeddable":true,"href":"https:\/\/agora.xtec.cat\/iesjoanot\/wp-json\/wp\/v2\/users\/1"}],"replies":[{"embeddable":true,"href":"https:\/\/agora.xtec.cat\/iesjoanot\/wp-json\/wp\/v2\/comments?post=3944"}],"version-history":[{"count":3,"href":"https:\/\/agora.xtec.cat\/iesjoanot\/wp-json\/wp\/v2\/pages\/3944\/revisions"}],"predecessor-version":[{"id":5433,"href":"https:\/\/agora.xtec.cat\/iesjoanot\/wp-json\/wp\/v2\/pages\/3944\/revisions\/5433"}],"up":[{"embeddable":true,"href":"https:\/\/agora.xtec.cat\/iesjoanot\/wp-json\/wp\/v2\/pages\/427"}],"wp:attachment":[{"href":"https:\/\/agora.xtec.cat\/iesjoanot\/wp-json\/wp\/v2\/media?parent=3944"}],"curies":[{"name":"wp","href":"https:\/\/api.w.org\/{rel}","templated":true}]}}