{"id":27,"date":"2014-09-17T16:24:03","date_gmt":"2014-09-17T16:24:03","guid":{"rendered":"http:\/\/agora.xtec.cat\/iesjoanot\/?page_id=27"},"modified":"2025-07-13T15:02:55","modified_gmt":"2025-07-13T13:02:55","slug":"historia","status":"publish","type":"page","link":"https:\/\/agora.xtec.cat\/iesjoanot\/linstitut\/historia\/","title":{"rendered":"Una mica d&#8217;hist\u00f2ria&#8230;"},"content":{"rendered":"<div class=\"ast-oembed-container \" style=\"height: 100%;\"><iframe loading=\"lazy\" title=\"50 Anys Joanot - TR Mar\u00eda Caja\" width=\"500\" height=\"281\" src=\"https:\/\/www.youtube.com\/embed\/vZm_fBAxvUA?feature=oembed\" frameborder=\"0\" allow=\"accelerometer; autoplay; clipboard-write; encrypted-media; gyroscope; picture-in-picture; web-share\" referrerpolicy=\"strict-origin-when-cross-origin\" allowfullscreen><\/iframe><\/div>\n\n\n\n<div style=\"height:69px\" aria-hidden=\"true\" class=\"wp-block-spacer\"><\/div>\n\n\n\n<p>Durant l&#8217;any 1970 era director de l&#8217;Institut de Ci\u00e8ncies de l&#8217;Educaci\u00f3 de la Universitat Aut\u00f2noma de Barcelona en Francesc Noy. Tothom que en parla diu que ell va ser l&#8217;\u00e0nima de la creaci\u00f3 d&#8217;un &#8220;Instituto Piloto&#8221;, un centre p\u00fablic que havia d&#8217;experimentar el COU.<\/p>\n\n\n\n<p>Aix\u00ed va n\u00e9ixer, a Esplugues de Llobregat, el Joanot Martorell.<\/p>\n\n\n\n<figure class=\"wp-block-image aligncenter\"><a href=\"http:\/\/agora.xtec.cat\/iesjoanot\/wp-content\/uploads\/usu589\/2014\/09\/Entrada-Insti.jpg\"><img loading=\"lazy\" decoding=\"async\" width=\"300\" height=\"201\" src=\"http:\/\/agora.xtec.cat\/iesjoanot\/wp-content\/uploads\/usu589\/2014\/09\/Entrada-Insti-300x201.jpg\" alt=\"Entrada Insti\" class=\"wp-image-630\"\/><\/a><\/figure>\n\n\n\n<blockquote class=\"wp-block-quote is-layout-flow wp-block-quote-is-layout-flow\">\n<p><em>&#8220;El d\u00eda veintis\u00e9is de setiembre de mil novecientos setenta, en la Biblioteca del Instituto de Ciencias de la Educaci\u00f3n de la Universidad de Barcelona, se re\u00fanen las personas rese\u00f1adas al margen, que han de constituir el cuadro de profesores del Insituto Experimental Piloto &#8220;Joanot Martorell&#8221; creador por Decreto de 23 de setiembre&nbsp;<\/em><em>[&#8230;].<\/em><\/p>\n\n\n\n<p><em>El Sr. Director, D. Jos\u00e9 Garc\u00eda L\u00f3pez resume las gestiones que han venido realiz\u00e1ndose para la creaci\u00f3n del Instituto Experimental desde los principios del curso anterior, pero muy en especial durante la primavera y el verano \u00faltimo as\u00ed como de las l\u00edneas generales del proyecto a que se ajustar\u00e1 el funcionamiento de aqu\u00e9l y hace entrega a los profesores que a\u00fan no lo ten\u00edan, por haberse incorporado m\u00e1s tarde al grupo organizador, de sendos ejemplares del &#8220;Proyecto&#8221; redactado y hecho p\u00fablico por el ICE de la U. Aut\u00f3noma insistiendo en las principales recomendaciones que contiene. Finalmente se establecen grupos de trabajo para la preparaci\u00f3n m\u00e1s circunstaciada de los aspectos pedag\u00f3gicos del curso, de tan excepcional importancia al tratarse de un Instituto Experimental Piloto.<\/em><\/p>\n\n\n\n<p><em>Y no habiendo m\u00e1s asuntos que tratar, se levanta la sesi\u00f3n&#8221;.<\/em><\/p>\n\n\n\n<p><em>&#8220;14 &#8211; X &#8211; 1970. El Sr. Director da cuenta de que el local ha quedado falto de desag\u00fce y de los retrasos en la llegada de mobiliario y la absoluta ausencia de todo material docente o de trabajo. Informa de la colaboraci\u00f3n entusiasta y eficaz de profesores y personal subalterno y se procede a una distribuci\u00f3n de funciones para la mejor puesta a punto de lo m\u00e1s imprescindible para la iniciaci\u00f3n de las tareas escolares, inclu\u00edda la adqusici\u00f3n, por medios de momento particulares, del material m\u00ednimo para las clases, como paquetes de tiza.&#8221;<\/em><\/p>\n<\/blockquote>\n\n\n\n<p>Al llarg de 50 anys d&#8217;hist\u00f2ria, el Joanot va passar de ser un <em>Instituto Piloto<\/em> en el que nom\u00e9s s&#8217;impartia el COU, un <em>Instituto Nacional de Bachillerato<\/em> a partir del 1977, Institut de Batxillerat al 1980 fins a un Institut d&#8217;Ensenyament Secundari a partir de 1996.<\/p>\n\n\n\n<figure class=\"wp-block-image aligncenter size-full is-resized\"><a href=\"https:\/\/agora.xtec.cat\/iesjoanot\/wp-content\/uploads\/usu589\/2022\/09\/Logo-50-Anys-Vincent.jpg\"><img loading=\"lazy\" decoding=\"async\" width=\"2363\" height=\"2363\" src=\"https:\/\/agora.xtec.cat\/iesjoanot\/wp-content\/uploads\/usu589\/2022\/09\/Logo-50-Anys-Vincent.jpg\" alt=\"\" class=\"wp-image-4941\" style=\"object-fit:cover;width:400px;height:400px\" srcset=\"https:\/\/agora.xtec.cat\/iesjoanot\/wp-content\/uploads\/usu589\/2022\/09\/Logo-50-Anys-Vincent.jpg 2363w, https:\/\/agora.xtec.cat\/iesjoanot\/wp-content\/uploads\/usu589\/2022\/09\/Logo-50-Anys-Vincent-300x300.jpg 300w, https:\/\/agora.xtec.cat\/iesjoanot\/wp-content\/uploads\/usu589\/2022\/09\/Logo-50-Anys-Vincent-1024x1024.jpg 1024w, https:\/\/agora.xtec.cat\/iesjoanot\/wp-content\/uploads\/usu589\/2022\/09\/Logo-50-Anys-Vincent-150x150.jpg 150w, https:\/\/agora.xtec.cat\/iesjoanot\/wp-content\/uploads\/usu589\/2022\/09\/Logo-50-Anys-Vincent-768x768.jpg 768w, https:\/\/agora.xtec.cat\/iesjoanot\/wp-content\/uploads\/usu589\/2022\/09\/Logo-50-Anys-Vincent-1536x1536.jpg 1536w, https:\/\/agora.xtec.cat\/iesjoanot\/wp-content\/uploads\/usu589\/2022\/09\/Logo-50-Anys-Vincent-2048x2048.jpg 2048w\" sizes=\"auto, (max-width: 2363px) 100vw, 2363px\" \/><\/a><\/figure>\n\n\n\n<p><\/p>\n","protected":false},"excerpt":{"rendered":"<p>Durant l&#8217;any 1970 era director de l&#8217;Institut de Ci\u00e8ncies de l&#8217;Educaci\u00f3 de la Universitat Aut\u00f2noma de Barcelona en Francesc Noy. Tothom que en parla diu que ell va ser l&#8217;\u00e0nima de la creaci\u00f3 d&#8217;un &#8220;Instituto Piloto&#8221;, un centre p\u00fablic que havia d&#8217;experimentar el COU. Aix\u00ed va n\u00e9ixer, a Esplugues de Llobregat, el Joanot Martorell. &#8220;El [&hellip;]<\/p>\n","protected":false},"author":1,"featured_media":0,"parent":19,"menu_order":20,"comment_status":"closed","ping_status":"closed","template":"","meta":{"_bbp_topic_count":0,"_bbp_reply_count":0,"_bbp_total_topic_count":0,"_bbp_total_reply_count":0,"_bbp_voice_count":0,"_bbp_anonymous_reply_count":0,"_bbp_topic_count_hidden":0,"_bbp_reply_count_hidden":0,"_bbp_forum_subforum_count":0,"site-sidebar-layout":"default","site-content-layout":"","ast-site-content-layout":"default","site-content-style":"default","site-sidebar-style":"default","ast-global-header-display":"","ast-banner-title-visibility":"","ast-main-header-display":"","ast-hfb-above-header-display":"","ast-hfb-below-header-display":"","ast-hfb-mobile-header-display":"","site-post-title":"","ast-breadcrumbs-content":"","ast-featured-img":"","footer-sml-layout":"","theme-transparent-header-meta":"","adv-header-id-meta":"","stick-header-meta":"","header-above-stick-meta":"","header-main-stick-meta":"","header-below-stick-meta":"","astra-migrate-meta-layouts":"set","ast-page-background-enabled":"default","ast-page-background-meta":{"desktop":{"background-color":"var(--ast-global-color-4)","background-image":"","background-repeat":"repeat","background-position":"center center","background-size":"auto","background-attachment":"scroll","background-type":"","background-media":"","overlay-type":"","overlay-color":"","overlay-opacity":"","overlay-gradient":""},"tablet":{"background-color":"","background-image":"","background-repeat":"repeat","background-position":"center center","background-size":"auto","background-attachment":"scroll","background-type":"","background-media":"","overlay-type":"","overlay-color":"","overlay-opacity":"","overlay-gradient":""},"mobile":{"background-color":"","background-image":"","background-repeat":"repeat","background-position":"center center","background-size":"auto","background-attachment":"scroll","background-type":"","background-media":"","overlay-type":"","overlay-color":"","overlay-opacity":"","overlay-gradient":""}},"ast-content-background-meta":{"desktop":{"background-color":"var(--ast-global-color-5)","background-image":"","background-repeat":"repeat","background-position":"center center","background-size":"auto","background-attachment":"scroll","background-type":"","background-media":"","overlay-type":"","overlay-color":"","overlay-opacity":"","overlay-gradient":""},"tablet":{"background-color":"var(--ast-global-color-5)","background-image":"","background-repeat":"repeat","background-position":"center center","background-size":"auto","background-attachment":"scroll","background-type":"","background-media":"","overlay-type":"","overlay-color":"","overlay-opacity":"","overlay-gradient":""},"mobile":{"background-color":"var(--ast-global-color-5)","background-image":"","background-repeat":"repeat","background-position":"center center","background-size":"auto","background-attachment":"scroll","background-type":"","background-media":"","overlay-type":"","overlay-color":"","overlay-opacity":"","overlay-gradient":""}},"footnotes":""},"class_list":["post-27","page","type-page","status-publish","hentry"],"post_mailing_queue_ids":[],"_links":{"self":[{"href":"https:\/\/agora.xtec.cat\/iesjoanot\/wp-json\/wp\/v2\/pages\/27","targetHints":{"allow":["GET"]}}],"collection":[{"href":"https:\/\/agora.xtec.cat\/iesjoanot\/wp-json\/wp\/v2\/pages"}],"about":[{"href":"https:\/\/agora.xtec.cat\/iesjoanot\/wp-json\/wp\/v2\/types\/page"}],"author":[{"embeddable":true,"href":"https:\/\/agora.xtec.cat\/iesjoanot\/wp-json\/wp\/v2\/users\/1"}],"replies":[{"embeddable":true,"href":"https:\/\/agora.xtec.cat\/iesjoanot\/wp-json\/wp\/v2\/comments?post=27"}],"version-history":[{"count":6,"href":"https:\/\/agora.xtec.cat\/iesjoanot\/wp-json\/wp\/v2\/pages\/27\/revisions"}],"predecessor-version":[{"id":7112,"href":"https:\/\/agora.xtec.cat\/iesjoanot\/wp-json\/wp\/v2\/pages\/27\/revisions\/7112"}],"up":[{"embeddable":true,"href":"https:\/\/agora.xtec.cat\/iesjoanot\/wp-json\/wp\/v2\/pages\/19"}],"wp:attachment":[{"href":"https:\/\/agora.xtec.cat\/iesjoanot\/wp-json\/wp\/v2\/media?parent=27"}],"curies":[{"name":"wp","href":"https:\/\/api.w.org\/{rel}","templated":true}]}}