{"id":1401,"date":"2016-10-08T16:14:08","date_gmt":"2016-10-08T15:14:08","guid":{"rendered":"http:\/\/agora.xtec.cat\/iesjoanot\/?page_id=1401"},"modified":"2025-07-14T07:54:23","modified_gmt":"2025-07-14T05:54:23","slug":"tutoria-entre-iguals-tei","status":"publish","type":"page","link":"https:\/\/agora.xtec.cat\/iesjoanot\/projectes-de-centre-2015-16\/tutoria-entre-iguals-tei\/","title":{"rendered":"Tutoria Entre Iguals (TEI)"},"content":{"rendered":"<p>Aqu\u00ed trobareu tots els articles amb l&#8217;etiqueta <a href=\"https:\/\/agora.xtec.cat\/iesjoanot\/tag\/tei\/\" target=\"_blank\" rel=\"noopener\">TEI<\/a>.<\/p>\n<p><img loading=\"lazy\" decoding=\"async\" class=\"aligncenter size-full wp-image-1413\" src=\"http:\/\/agora.xtec.cat\/iesjoanot\/wp-content\/uploads\/usu589\/2016\/09\/Tr\u00edptic-TEI-1.jpg\" alt=\"triptic-tei-1\" width=\"826\" height=\"583\" srcset=\"https:\/\/agora.xtec.cat\/iesjoanot\/wp-content\/uploads\/usu589\/2016\/09\/Tr\u00edptic-TEI-1.jpg 826w, https:\/\/agora.xtec.cat\/iesjoanot\/wp-content\/uploads\/usu589\/2016\/09\/Tr\u00edptic-TEI-1-300x212.jpg 300w, https:\/\/agora.xtec.cat\/iesjoanot\/wp-content\/uploads\/usu589\/2016\/09\/Tr\u00edptic-TEI-1-768x542.jpg 768w\" sizes=\"auto, (max-width: 826px) 100vw, 826px\" \/><\/p>\n<p><img loading=\"lazy\" decoding=\"async\" class=\"aligncenter size-full wp-image-1414\" src=\"http:\/\/agora.xtec.cat\/iesjoanot\/wp-content\/uploads\/usu589\/2016\/09\/Tr\u00edptic-TEI-2.jpg\" alt=\"triptic-tei-2\" width=\"827\" height=\"584\" srcset=\"https:\/\/agora.xtec.cat\/iesjoanot\/wp-content\/uploads\/usu589\/2016\/09\/Tr\u00edptic-TEI-2.jpg 827w, https:\/\/agora.xtec.cat\/iesjoanot\/wp-content\/uploads\/usu589\/2016\/09\/Tr\u00edptic-TEI-2-300x212.jpg 300w, https:\/\/agora.xtec.cat\/iesjoanot\/wp-content\/uploads\/usu589\/2016\/09\/Tr\u00edptic-TEI-2-768x542.jpg 768w\" sizes=\"auto, (max-width: 827px) 100vw, 827px\" \/><\/p>\n<p>Aquest c<img loading=\"lazy\" decoding=\"async\" class=\"size-full wp-image-1387 alignleft\" src=\"http:\/\/agora.xtec.cat\/iesjoanot\/wp-content\/uploads\/usu589\/2016\/09\/logo-TEI-e1475226205865.jpg\" alt=\"logo-tei\" width=\"100\" height=\"121\" \/>urs s\u2019ha iniciat al Joanot el programa \u201cTutoria entre iguals (TEI)\u201d, un programa de conviv\u00e8ncia per a la prevenci\u00f3 dels conflictes. \u00c9s institucional i implica a tota la comunitat educativa.<\/p>\n<p>T\u00e9 com a objectiu b\u00e0sic millorar la integraci\u00f3 escolar i treballar per una escola inclusiva, fomentant que les relacions entre iguals siguin m\u00e9s satisfact\u00f2ries, orientades a la millora del clima i la cultura del centre respecte a la conviv\u00e8ncia (f\u00edsica, emocional o psicol\u00f2gica).<\/p>\n<p>Considera la participaci\u00f3 activa dels iguals com a elements b\u00e0sics, aix\u00ed els alumnes de 3r d\u2019ESO fan de tutors emocionals i de conviv\u00e8ncia dels alumnes de 1r d\u2019ESO, que acaben d\u2019arribar al centre.<\/p>\n<p>Professora responsable: Cristina Gonzalez.<\/p>\n","protected":false},"excerpt":{"rendered":"<p>Aqu\u00ed trobareu tots els articles amb l&#8217;etiqueta TEI. Aquest curs s\u2019ha iniciat al Joanot el programa \u201cTutoria entre iguals (TEI)\u201d, un programa de conviv\u00e8ncia per a la prevenci\u00f3 dels conflictes. \u00c9s institucional i implica a tota la comunitat educativa. T\u00e9 com a objectiu b\u00e0sic millorar la integraci\u00f3 escolar i treballar per una escola inclusiva, fomentant [&hellip;]<\/p>\n","protected":false},"author":1,"featured_media":0,"parent":427,"menu_order":52,"comment_status":"closed","ping_status":"closed","template":"","meta":{"_bbp_topic_count":0,"_bbp_reply_count":0,"_bbp_total_topic_count":0,"_bbp_total_reply_count":0,"_bbp_voice_count":0,"_bbp_anonymous_reply_count":0,"_bbp_topic_count_hidden":0,"_bbp_reply_count_hidden":0,"_bbp_forum_subforum_count":0,"site-sidebar-layout":"default","site-content-layout":"","ast-site-content-layout":"","site-content-style":"default","site-sidebar-style":"default","ast-global-header-display":"","ast-banner-title-visibility":"","ast-main-header-display":"","ast-hfb-above-header-display":"","ast-hfb-below-header-display":"","ast-hfb-mobile-header-display":"","site-post-title":"","ast-breadcrumbs-content":"","ast-featured-img":"","footer-sml-layout":"","theme-transparent-header-meta":"","adv-header-id-meta":"","stick-header-meta":"","header-above-stick-meta":"","header-main-stick-meta":"","header-below-stick-meta":"","astra-migrate-meta-layouts":"default","ast-page-background-enabled":"default","ast-page-background-meta":{"desktop":{"background-color":"var(--ast-global-color-4)","background-image":"","background-repeat":"repeat","background-position":"center center","background-size":"auto","background-attachment":"scroll","background-type":"","background-media":"","overlay-type":"","overlay-color":"","overlay-opacity":"","overlay-gradient":""},"tablet":{"background-color":"","background-image":"","background-repeat":"repeat","background-position":"center center","background-size":"auto","background-attachment":"scroll","background-type":"","background-media":"","overlay-type":"","overlay-color":"","overlay-opacity":"","overlay-gradient":""},"mobile":{"background-color":"","background-image":"","background-repeat":"repeat","background-position":"center center","background-size":"auto","background-attachment":"scroll","background-type":"","background-media":"","overlay-type":"","overlay-color":"","overlay-opacity":"","overlay-gradient":""}},"ast-content-background-meta":{"desktop":{"background-color":"var(--ast-global-color-5)","background-image":"","background-repeat":"repeat","background-position":"center center","background-size":"auto","background-attachment":"scroll","background-type":"","background-media":"","overlay-type":"","overlay-color":"","overlay-opacity":"","overlay-gradient":""},"tablet":{"background-color":"var(--ast-global-color-5)","background-image":"","background-repeat":"repeat","background-position":"center center","background-size":"auto","background-attachment":"scroll","background-type":"","background-media":"","overlay-type":"","overlay-color":"","overlay-opacity":"","overlay-gradient":""},"mobile":{"background-color":"var(--ast-global-color-5)","background-image":"","background-repeat":"repeat","background-position":"center center","background-size":"auto","background-attachment":"scroll","background-type":"","background-media":"","overlay-type":"","overlay-color":"","overlay-opacity":"","overlay-gradient":""}},"footnotes":""},"class_list":["post-1401","page","type-page","status-publish","hentry"],"post_mailing_queue_ids":[],"_links":{"self":[{"href":"https:\/\/agora.xtec.cat\/iesjoanot\/wp-json\/wp\/v2\/pages\/1401","targetHints":{"allow":["GET"]}}],"collection":[{"href":"https:\/\/agora.xtec.cat\/iesjoanot\/wp-json\/wp\/v2\/pages"}],"about":[{"href":"https:\/\/agora.xtec.cat\/iesjoanot\/wp-json\/wp\/v2\/types\/page"}],"author":[{"embeddable":true,"href":"https:\/\/agora.xtec.cat\/iesjoanot\/wp-json\/wp\/v2\/users\/1"}],"replies":[{"embeddable":true,"href":"https:\/\/agora.xtec.cat\/iesjoanot\/wp-json\/wp\/v2\/comments?post=1401"}],"version-history":[{"count":4,"href":"https:\/\/agora.xtec.cat\/iesjoanot\/wp-json\/wp\/v2\/pages\/1401\/revisions"}],"predecessor-version":[{"id":6402,"href":"https:\/\/agora.xtec.cat\/iesjoanot\/wp-json\/wp\/v2\/pages\/1401\/revisions\/6402"}],"up":[{"embeddable":true,"href":"https:\/\/agora.xtec.cat\/iesjoanot\/wp-json\/wp\/v2\/pages\/427"}],"wp:attachment":[{"href":"https:\/\/agora.xtec.cat\/iesjoanot\/wp-json\/wp\/v2\/media?parent=1401"}],"curies":[{"name":"wp","href":"https:\/\/api.w.org\/{rel}","templated":true}]}}