{"id":8748,"date":"2023-10-03T07:48:09","date_gmt":"2023-10-03T05:48:09","guid":{"rendered":"https:\/\/agora.xtec.cat\/iesjoanbrudieu\/?page_id=8748"},"modified":"2024-04-19T19:29:08","modified_gmt":"2024-04-19T17:29:08","slug":"videos-curs-2022-2023","status":"publish","type":"page","link":"https:\/\/agora.xtec.cat\/iesjoanbrudieu\/videos-de-linstitut\/videos-curs-2022-2023\/","title":{"rendered":"V\u00eddeos: curs 2022-2023"},"content":{"rendered":"<h2 class=\"titolh2\">CURS 2022-2023<\/h2>\n<div class=\"blocimg\"><a href=\"https:\/\/youtu.be\/oRsMXIXSMF8\" target=\"_blank\" rel=\"noopener noreferrer\"><img decoding=\"async\" class=\"size-thumbnail wp-image-1717 aligncenter img150x150\" src=\"https:\/\/institutjoanbrudieu.cat\/public\/web_centre\/html\/documents\/fotos_videos_web\/230615_Colonies_S3.jpg\" alt=\"230615_Colonies_S3\" \/>230615 Col\u00f2nies (3r ESO)<\/a><\/div>\n<div class=\"blocimg\"><a href=\"https:\/\/youtu.be\/_hrvpzU2Xsw\" target=\"_blank\" rel=\"noopener noreferrer\"><img decoding=\"async\" class=\"size-thumbnail wp-image-1717 aligncenter img150x150\" src=\"https:\/\/institutjoanbrudieu.cat\/public\/web_centre\/html\/documents\/fotos_videos_web\/230614_Graduacio_S4.jpg\" alt=\"230614_Graduacio_S4\" \/>230614 Festa de Graduaci\u00f3 (4t ESO)<\/a><\/div>\n<div class=\"blocimg\"><a href=\"https:\/\/youtu.be\/pX7y7e-emtw\" target=\"_blank\" rel=\"noopener noreferrer\"><img decoding=\"async\" class=\"size-thumbnail wp-image-1717 aligncenter img150x150\" src=\"https:\/\/institutjoanbrudieu.cat\/public\/web_centre\/html\/documents\/fotos_videos_web\/230613_Colonies_S1_S2.jpg\" alt=\"230613_Colonies_S1_S2\" \/>230613 Col\u00f2nies (1r i 2n d&#8217;ESO)<\/a><\/div>\n<div class=\"blocimg\"><a href=\"https:\/\/youtu.be\/hBYWfqC3AbI\" target=\"_blank\" rel=\"noopener noreferrer\"><img decoding=\"async\" class=\"size-thumbnail wp-image-1717 aligncenter img150x150\" src=\"https:\/\/institutjoanbrudieu.cat\/public\/web_centre\/html\/documents\/fotos_videos_web\/230613_PFI_Cloenda_curs.jpg\" alt=\"230613_PFI_Cloenda_curs\" \/>230613 Cloenda curs PFI-PTT<\/a><\/div>\n<div class=\"blocimg\"><a href=\"https:\/\/youtu.be\/55Ul-ONL2gs\" target=\"_blank\" rel=\"noopener noreferrer\"><img decoding=\"async\" class=\"size-thumbnail wp-image-1717 aligncenter img150x150\" src=\"https:\/\/institutjoanbrudieu.cat\/public\/web_centre\/html\/documents\/fotos_videos_web\/230602_Graduacio_BTX_CFM_CFS.jpg\" alt=\"230602_Graduacio_BTX_CFM_CFS\" \/>230602 Festa de Graduaci\u00f3 (BTX-CFM-CFS)<\/a><\/div>\n<div class=\"blocimg\"><a href=\"https:\/\/youtu.be\/Hl3gP7cAusY\" target=\"_blank\" rel=\"noopener noreferrer\"><img decoding=\"async\" class=\"size-thumbnail wp-image-1717 aligncenter img150x150\" src=\"https:\/\/institutjoanbrudieu.cat\/public\/web_centre\/html\/documents\/fotos_videos_web\/230519_Concert_Pl_del_Rei.jpg\" alt=\"230519_Concert_Pl_del_Rei\" \/>230519 Concert a la Pla\u00e7a del Rei (Barcelona)<\/a><\/div>\n<div class=\"blocimg\"><a href=\"https:\/\/youtu.be\/uPeFviaj-wY\" target=\"_blank\" rel=\"noopener noreferrer\"><img decoding=\"async\" class=\"size-thumbnail wp-image-1717 aligncenter img150x150\" src=\"https:\/\/institutjoanbrudieu.cat\/public\/web_centre\/html\/documents\/fotos_videos_web\/230512_Gimcana_matematica.jpg\" alt=\"230512_Gimcana_matematica\" \/>230512 Gimcana matem\u00e0tica<\/a><\/div>\n<div class=\"blocimg\"><a href=\"https:\/\/youtu.be\/9SuwjxO0Z-0\" target=\"_blank\" rel=\"noopener noreferrer\"><img decoding=\"async\" class=\"size-thumbnail wp-image-1717 aligncenter img150x150\" src=\"https:\/\/institutjoanbrudieu.cat\/public\/web_centre\/html\/documents\/fotos_videos_web\/230423_Picalletres_Sant_Jordi.jpg\" alt=\"230423_Picalletres_Sant_Jordi\" \/>230423 Concurs Picalletres (Sant Jordi)<\/a><\/div>\n<div class=\"blocimg\"><a href=\"https:\/\/youtu.be\/g46989k5JFc\" target=\"_blank\" rel=\"noopener noreferrer\"><img decoding=\"async\" class=\"size-thumbnail wp-image-1717 aligncenter img150x150\" src=\"https:\/\/institutjoanbrudieu.cat\/public\/web_centre\/html\/documents\/fotos_videos_web\/230420_Lectura_en_veu_alta_Mollerussa.jpg\" alt=\"230420_Lectura_en_veu_alta_Mollerussai\" \/>230420 Concurs de lectura en veu alta (Final de Lleida a Mollerussa)<\/a><\/div>\n<div class=\"blocimg\"><a href=\"https:\/\/youtu.be\/Yn7o2XF907A\" target=\"_blank\" rel=\"noopener noreferrer\"><img decoding=\"async\" class=\"size-thumbnail wp-image-1717 aligncenter img150x150\" src=\"https:\/\/institutjoanbrudieu.cat\/public\/web_centre\/html\/documents\/fotos_videos_web\/230413_taller_additius_alimentaris.jpg\" alt=\"230413_taller_additius_alimentaris\" \/>230413 Taller additius alimentaris<\/a><\/div>\n<div class=\"blocimg\"><a href=\"https:\/\/youtu.be\/s_phWp5Lguo\" target=\"_blank\" rel=\"noopener noreferrer\"><img decoding=\"async\" class=\"size-thumbnail wp-image-1717 aligncenter img150x150\" src=\"https:\/\/institutjoanbrudieu.cat\/public\/web_centre\/html\/documents\/fotos_videos_web\/230331_Taller_expressio_oral_B1.jpg\" alt=\"230331_Taller_expressio_oral_B1\" \/>230331 Taller d&#8217;expressi\u00f3 oral (Alumnat B1)<\/a><\/div>\n<div class=\"blocimg\"><a href=\"https:\/\/youtu.be\/E1FZAYF-TBk\" target=\"_blank\" rel=\"noopener noreferrer\"><img decoding=\"async\" class=\"size-thumbnail wp-image-1717 aligncenter img150x150\" src=\"https:\/\/institutjoanbrudieu.cat\/public\/web_centre\/html\/documents\/fotos_videos_web\/230330_Jamsession_TdR_2.jpg\" alt=\"230330_Jamsession_TdR_2\" \/>230330 JAMsession TdR 2a sessi\u00f3<\/a><\/div>\n<div class=\"blocimg\"><a href=\"https:\/\/youtu.be\/Sg3roHx5OIc\" target=\"_blank\" rel=\"noopener noreferrer\"><img decoding=\"async\" class=\"size-thumbnail wp-image-1717 aligncenter img150x150\" src=\"https:\/\/institutjoanbrudieu.cat\/public\/web_centre\/html\/documents\/fotos_videos_web\/230330_Concurs_Jocs_de_Taula_Allau_2023.jpg\" alt=\"230330_Concurs_Jocs_de_Taula_Allau_2023\" \/>230330 Lliurament premis Creaci\u00f3 Jocs de taula ALLAU 2023<\/a><\/div>\n<div class=\"blocimg\"><a href=\"https:\/\/www.youtube.com\/watch?v=16DscQeN4qQ\" target=\"_blank\" rel=\"noopener noreferrer\"><img decoding=\"async\" class=\"size-thumbnail wp-image-1717 aligncenter img150x150\" src=\"https:\/\/institutjoanbrudieu.cat\/public\/web_centre\/html\/documents\/fotos_videos_web\/230329_Presentacio_TdR_Festa_del_Joc.jpg\" alt=\"230329_Presentacio_TdR_Festa_del_Joc\" \/>230329 Presentaci\u00f3 TdR a l&#8217;Espai Ermengol: Arnau Balasch i Berta Homs<\/a><\/div>\n<div class=\"blocimg\"><a href=\"https:\/\/youtu.be\/BR2p3zB4ags\" target=\"_blank\" rel=\"noopener noreferrer\"><img decoding=\"async\" class=\"size-thumbnail wp-image-1717 aligncenter img150x150\" src=\"https:\/\/institutjoanbrudieu.cat\/public\/web_centre\/html\/documents\/fotos_videos_web\/230323_JAMsessionTdR.jpg\" alt=\"230323_JAMsessionTdR\" \/>230323 JAMsession TdR<\/a><\/div>\n<div class=\"blocimg\"><a href=\"https:\/\/www.youtube.com\/watch?v=LEMY1MqkKr0&amp;t=1s\" target=\"_blank\" rel=\"noopener noreferrer\"><img decoding=\"async\" class=\"size-thumbnail wp-image-1717 aligncenter img150x150\" src=\"https:\/\/institutjoanbrudieu.cat\/public\/web_centre\/html\/documents\/fotos_videos_web\/230323_TdR_Espai_Ermengol.jpg\" alt=\"230323_TdR_Espai_Ermengol\" \/>230323 Presentaci\u00f3 TdR a l&#8217;Espai Ermengol: Pau Regada<\/a><\/div>\n<div class=\"blocimg\"><a href=\"https:\/\/youtu.be\/D573oBNeIfg\" target=\"_blank\" rel=\"noopener noreferrer\"><img decoding=\"async\" class=\"size-thumbnail wp-image-1717 aligncenter img150x150\" src=\"https:\/\/institutjoanbrudieu.cat\/public\/web_centre\/html\/documents\/fotos_videos_web\/230307_Esquiada_S1_i_S2.jpg\" alt=\"230307_Esquiada_S1_i_S2\" \/>230307 Esquiada (S1 i S2)<\/a><\/div>\n<div class=\"blocimg\"><a href=\"https:\/\/youtu.be\/RtFiG0ZEIWw\" target=\"_blank\" rel=\"noopener noreferrer\"><img decoding=\"async\" class=\"size-thumbnail wp-image-1717 aligncenter img150x150\" src=\"https:\/\/institutjoanbrudieu.cat\/public\/web_centre\/html\/documents\/fotos_videos_web\/230208_Esquiada.jpg\" alt=\"230208_Esquiada\" \/>230208 Esquiada<\/a><\/div>\n<div class=\"blocimg\"><a href=\"https:\/\/youtu.be\/Z6hPS5jW4HI\" target=\"_blank\" rel=\"noopener noreferrer\"><img decoding=\"async\" class=\"size-thumbnail wp-image-1717 aligncenter img150x150\" src=\"https:\/\/institutjoanbrudieu.cat\/public\/web_centre\/html\/documents\/fotos_videos_web\/230208_Presentation_lycee_Brudieu.jpg\" alt=\"230208_Presentation_lycee_Brudieu\" \/>230208 Pr\u00e9sentation lyc\u00e9e Brudieu<\/a><\/div>\n<div class=\"blocimg\"><a href=\"https:\/\/youtu.be\/JhmEHGTf5nc\" target=\"_blank\" rel=\"noopener noreferrer\"><img decoding=\"async\" class=\"size-thumbnail wp-image-1717 aligncenter img150x150\" src=\"https:\/\/institutjoanbrudieu.cat\/public\/web_centre\/html\/documents\/fotos_videos_web\/Portes_Obertes.jpg\" alt=\"Portes_Obertes\" \/>Jornades de Portes Obertes per a alumnat de Prim\u00e0ria (25 de gener i 1 de febrer)<\/a><\/div>\n<div class=\"blocimg\"><a href=\"https:\/\/youtu.be\/LarM7B_8ub0\" target=\"_blank\" rel=\"noopener noreferrer\"><img decoding=\"async\" class=\"size-thumbnail wp-image-1717 aligncenter img150x150\" src=\"https:\/\/institutjoanbrudieu.cat\/public\/web_centre\/html\/documents\/fotos_videos_web\/230112_Treball_de_Recerca_B2.jpg\" alt=\"230112_Treball_de_Recerca_B2\" \/>230112 Treball de Recerca B2 (Presentacions)<\/a><\/div>\n<div class=\"blocimg\"><a href=\"https:\/\/youtu.be\/oLSzwjZ8xzc\" target=\"_blank\" rel=\"noopener noreferrer\"><img decoding=\"async\" class=\"size-thumbnail wp-image-1717 aligncenter img150x150\" src=\"https:\/\/institutjoanbrudieu.cat\/public\/web_centre\/html\/documents\/fotos_videos_web\/logo_tio_nadal.jpg\" alt=\"221221 Felicitaci\u00f3 de Nadal (SIEI)\" \/>221221 Felicitaci\u00f3 de Nadal (SIEI)<\/a><\/div>\n<div class=\"blocimg\"><a href=\"https:\/\/youtu.be\/uPMS0EmIHwU\" target=\"_blank\" rel=\"noopener noreferrer\"><img decoding=\"async\" class=\"size-thumbnail wp-image-1717 aligncenter img150x150\" src=\"https:\/\/institutjoanbrudieu.cat\/public\/web_centre\/html\/documents\/fotos_videos_web\/221118_IFE_a_la_radio.jpg\" alt=\"221118_IFE_a_la_radio\" \/>221118 l&#8217;IFE a R\u00e0dioSeu<\/a><\/div>\n<div class=\"blocimg\"><a href=\"https:\/\/youtu.be\/MdQY09bRm4Q\" target=\"_blank\" rel=\"noopener noreferrer\"><img decoding=\"async\" class=\"size-thumbnail wp-image-1717 aligncenter img150x150\" src=\"https:\/\/institutjoanbrudieu.cat\/public\/web_centre\/html\/documents\/fotos_videos_web\/221025_Sortida_Calbinya.jpg\" alt=\"221025_Sortida_Calbinya\" \/>221025 Sortida a Calbiny\u00e0 (Alumnat 1r ESO)<\/a><\/div>\n<div class=\"blocimg\"><a href=\"https:\/\/youtu.be\/Kx_68SWLhvA\" target=\"_blank\" rel=\"noopener noreferrer\"><img decoding=\"async\" class=\"size-thumbnail wp-image-1717 aligncenter img150x150\" src=\"https:\/\/institutjoanbrudieu.cat\/public\/web_centre\/html\/documents\/fotos_videos_web\/221017_Tarasco_Foix.jpg\" alt=\"221017_Tarasco_Foix\" \/>221017 Sortida a Tarasc\u00f3 i Foix (Alumnat 1r ESO)<\/a><\/div>\n<div class=\"blocimg\"><a href=\"https:\/\/www.youtube.com\/watch?v=01jtvNxnMm0\" target=\"_blank\" rel=\"noopener noreferrer\"><img decoding=\"async\" class=\"size-thumbnail wp-image-1717 aligncenter img150x150\" src=\"https:\/\/institutjoanbrudieu.cat\/public\/web_centre\/html\/documents\/fotos_videos_web\/221014_Activitats_tutoria_FP.jpg\" alt=\"221014_Activitats_tutoria_FP\" \/>221014 Activitats de tutoria (Alumnat FP)<\/a><\/div>\n<div class=\"blocimg\"><a href=\"https:\/\/youtu.be\/JNyC0aLR76Y\" target=\"_blank\" rel=\"noopener noreferrer\"><img decoding=\"async\" class=\"size-thumbnail wp-image-1717 aligncenter img150x150\" src=\"https:\/\/institutjoanbrudieu.cat\/public\/web_centre\/html\/documents\/fotos_videos_web\/2223_nuvol_noms_alumnat.jpg\" alt=\"2223_nuvol_noms_alumnat\" \/>220923 N\u00favol de paraules amb els noms i cognoms de l&#8217;alumnat <\/a><\/div>\n<div class=\"blocimg\"><a href=\"https:\/\/youtu.be\/R7O48gpBlx0\" target=\"_blank\" rel=\"noopener noreferrer\"><img decoding=\"async\" class=\"size-thumbnail wp-image-1717 aligncenter img150x150\" src=\"https:\/\/institutjoanbrudieu.cat\/public\/web_centre\/html\/documents\/fotos_videos_web\/220914_Sortida_Tutoria_S3_S4.jpg\" alt=\"220914_Sortida_Tutoria_S3_S4\" \/>220914 Activitats de tutoria (cohesi\u00f3 de grup): Sortida a peu &#8211; 3r i 4t ESO <\/a><\/div>\n<div class=\"blocimg\"><a href=\"https:\/\/youtu.be\/2K3XUbzLHQY\" target=\"_blank\" rel=\"noopener noreferrer\"><img decoding=\"async\" class=\"size-thumbnail wp-image-1717 aligncenter img150x150\" src=\"https:\/\/institutjoanbrudieu.cat\/public\/web_centre\/html\/documents\/fotos_videos_web\/220912_Sortida_Tutoria_B1.jpg\" alt=\"220912_Sortida_Tutoria_B1\" \/>220912 Activitats de tutoria (cohesi\u00f3 de grup): Sortida a peu &#8211; 1r BTX <\/a><\/div>\n<div class=\"blocimg\"><a href=\"https:\/\/youtu.be\/uSU2cNBWosY\" target=\"_blank\" rel=\"noopener noreferrer\"><img decoding=\"async\" class=\"size-thumbnail wp-image-1717 aligncenter img150x150\" src=\"https:\/\/institutjoanbrudieu.cat\/public\/web_centre\/html\/documents\/fotos_videos_web\/220908_Activitats_tutoria_FP_IFE.jpg\" alt=\"220908_Activitats_tutoria_FP_IFE\" \/>220908 Activitats de tutoria: cohesi\u00f3 de grup &#8211; CFM SMX2 i CFS ASIX-DAM<\/a><\/div>\n<div class=\"blocimg\"><a href=\"https:\/\/youtu.be\/g0jR47wNZVE\" target=\"_blank\" rel=\"noopener noreferrer\"><img decoding=\"async\" class=\"size-thumbnail wp-image-1717 aligncenter img150x150\" src=\"https:\/\/institutjoanbrudieu.cat\/public\/web_centre\/html\/documents\/fotos_videos_web\/220908_Activitats_tutoria_FP_IFE.jpg\" alt=\"220908_Activitats_tutoria_FP_IFE\" \/>220908 Activitats de tutoria: cohesi\u00f3 de grup &#8211; CFM SMX1<\/a><\/div>\n<div class=\"blocimg\"><a href=\"https:\/\/youtu.be\/i09eKpTsT3Y\" target=\"_blank\" rel=\"noopener noreferrer\"><img decoding=\"async\" class=\"size-thumbnail wp-image-1717 aligncenter img150x150\" src=\"https:\/\/institutjoanbrudieu.cat\/public\/web_centre\/html\/documents\/fotos_videos_web\/220908_Activitats_tutoria_FP_IFE.jpg\" alt=\"220908_Activitats_tutoria_FP_IFE\" \/>220908 Activitats de tutoria: cohesi\u00f3 de grup &#8211; CFM GAD2<\/a><\/div>\n<div class=\"blocimg\"><a href=\"https:\/\/youtu.be\/t3VSK5uIvRM\" target=\"_blank\" rel=\"noopener noreferrer\"><img decoding=\"async\" class=\"size-thumbnail wp-image-1717 aligncenter img150x150\" src=\"https:\/\/institutjoanbrudieu.cat\/public\/web_centre\/html\/documents\/fotos_videos_web\/220908_Activitats_tutoria_FP_IFE.jpg\" alt=\"220908_Activitats_tutoria_FP_IFE\" \/>220908 Activitats de tutoria: cohesi\u00f3 de grup &#8211; CFM GAD1<\/a><\/div>\n","protected":false},"excerpt":{"rendered":"<p>CURS 2022-2023 230615 Col\u00f2nies (3r ESO) 230614 Festa de Graduaci\u00f3 (4t ESO) 230613 Col\u00f2nies (1r i 2n d&#8217;ESO) 230613 Cloenda curs PFI-PTT 230602 Festa de Graduaci\u00f3 (BTX-CFM-CFS) 230519 Concert a la Pla\u00e7a del Rei (Barcelona) 230512 Gimcana matem\u00e0tica 230423 Concurs Picalletres (Sant Jordi) 230420 Concurs de lectura en veu alta (Final de Lleida a Mollerussa) [&hellip;]<\/p>\n","protected":false},"author":1,"featured_media":0,"parent":2043,"menu_order":16,"comment_status":"closed","ping_status":"closed","template":"page-templates\/side-menu.php","meta":{"_bbp_topic_count":0,"_bbp_reply_count":0,"_bbp_total_topic_count":0,"_bbp_total_reply_count":0,"_bbp_voice_count":0,"_bbp_anonymous_reply_count":0,"_bbp_topic_count_hidden":0,"_bbp_reply_count_hidden":0,"_bbp_forum_subforum_count":0,"site-sidebar-layout":"default","site-content-layout":"","ast-site-content-layout":"","site-content-style":"default","site-sidebar-style":"default","ast-global-header-display":"","ast-banner-title-visibility":"","ast-main-header-display":"","ast-hfb-above-header-display":"","ast-hfb-below-header-display":"","ast-hfb-mobile-header-display":"","site-post-title":"","ast-breadcrumbs-content":"","ast-featured-img":"","footer-sml-layout":"","theme-transparent-header-meta":"","adv-header-id-meta":"","stick-header-meta":"","header-above-stick-meta":"","header-main-stick-meta":"","header-below-stick-meta":"","astra-migrate-meta-layouts":"default","ast-page-background-enabled":"default","ast-page-background-meta":{"desktop":{"background-color":"var(--ast-global-color-4)","background-image":"","background-repeat":"repeat","background-position":"center center","background-size":"auto","background-attachment":"scroll","background-type":"","background-media":"","overlay-type":"","overlay-color":"","overlay-opacity":"","overlay-gradient":""},"tablet":{"background-color":"","background-image":"","background-repeat":"repeat","background-position":"center center","background-size":"auto","background-attachment":"scroll","background-type":"","background-media":"","overlay-type":"","overlay-color":"","overlay-opacity":"","overlay-gradient":""},"mobile":{"background-color":"","background-image":"","background-repeat":"repeat","background-position":"center center","background-size":"auto","background-attachment":"scroll","background-type":"","background-media":"","overlay-type":"","overlay-color":"","overlay-opacity":"","overlay-gradient":""}},"ast-content-background-meta":{"desktop":{"background-color":"var(--ast-global-color-5)","background-image":"","background-repeat":"repeat","background-position":"center center","background-size":"auto","background-attachment":"scroll","background-type":"","background-media":"","overlay-type":"","overlay-color":"","overlay-opacity":"","overlay-gradient":""},"tablet":{"background-color":"var(--ast-global-color-5)","background-image":"","background-repeat":"repeat","background-position":"center center","background-size":"auto","background-attachment":"scroll","background-type":"","background-media":"","overlay-type":"","overlay-color":"","overlay-opacity":"","overlay-gradient":""},"mobile":{"background-color":"var(--ast-global-color-5)","background-image":"","background-repeat":"repeat","background-position":"center center","background-size":"auto","background-attachment":"scroll","background-type":"","background-media":"","overlay-type":"","overlay-color":"","overlay-opacity":"","overlay-gradient":""}},"footnotes":""},"class_list":["post-8748","page","type-page","status-publish","hentry"],"post_mailing_queue_ids":[],"_links":{"self":[{"href":"https:\/\/agora.xtec.cat\/iesjoanbrudieu\/wp-json\/wp\/v2\/pages\/8748","targetHints":{"allow":["GET"]}}],"collection":[{"href":"https:\/\/agora.xtec.cat\/iesjoanbrudieu\/wp-json\/wp\/v2\/pages"}],"about":[{"href":"https:\/\/agora.xtec.cat\/iesjoanbrudieu\/wp-json\/wp\/v2\/types\/page"}],"author":[{"embeddable":true,"href":"https:\/\/agora.xtec.cat\/iesjoanbrudieu\/wp-json\/wp\/v2\/users\/1"}],"replies":[{"embeddable":true,"href":"https:\/\/agora.xtec.cat\/iesjoanbrudieu\/wp-json\/wp\/v2\/comments?post=8748"}],"version-history":[{"count":2,"href":"https:\/\/agora.xtec.cat\/iesjoanbrudieu\/wp-json\/wp\/v2\/pages\/8748\/revisions"}],"predecessor-version":[{"id":9306,"href":"https:\/\/agora.xtec.cat\/iesjoanbrudieu\/wp-json\/wp\/v2\/pages\/8748\/revisions\/9306"}],"up":[{"embeddable":true,"href":"https:\/\/agora.xtec.cat\/iesjoanbrudieu\/wp-json\/wp\/v2\/pages\/2043"}],"wp:attachment":[{"href":"https:\/\/agora.xtec.cat\/iesjoanbrudieu\/wp-json\/wp\/v2\/media?parent=8748"}],"curies":[{"name":"wp","href":"https:\/\/api.w.org\/{rel}","templated":true}]}}